000
CDUS43 KDMX 210632 RRB
CLIMCW

CLIMATE REPORT
NATIONAL WEATHER SERVICE DES MOINES IA
130 AM CDT MON OCT 21 2019

...................................

...THE MASON CITY IA CLIMATE SUMMARY FOR OCTOBER 20 2019...

CLIMATE NORMAL PERIOD 1981 TO 2010
CLIMATE RECORD PERIOD 1893 TO 2019


WEATHER ITEM   OBSERVED TIME   RECORD YEAR NORMAL DEPARTURE LAST
                VALUE   (LST)  VALUE       VALUE  FROM      YEAR
                                                  NORMAL
..................................................................
TEMPERATURE (F)
 YESTERDAY
  MAXIMUM         64   1251 PM  88    1947  58      6       44
  MINIMUM         31    644 AM  15    1960  35     -4       23
  AVERAGE         48                        47      1       34

PRECIPITATION (IN)
  YESTERDAY        0.01          1.30 1916   0.08  -0.07     0.00
  MONTH TO DATE    4.67                      1.69   2.98     3.99
  SINCE SEP 1     11.38                      4.96   6.42    12.02
  SINCE JAN 1     33.78                     31.32   2.46    46.98

SNOWFALL (IN)
  YESTERDAY        0.0          13.0  1916   0.0    0.0      0.0
  MONTH TO DATE    T                         0.1   -0.1      0.9
  SINCE SEP 1      T                         0.1   -0.1      0.9
  SINCE JUL 1      T                         0.1   -0.1      0.9
  SNOW DEPTH       0

DEGREE DAYS
 HEATING
  YESTERDAY       17                        18     -1       31
  MONTH TO DATE  320                       296     24      367
  SINCE SEP 1    376                       473    -97      519
  SINCE JUL 1    396                       509   -113      535

 COOLING
  YESTERDAY        0                         0      0        0
  MONTH TO DATE    0                         2     -2        0
  SINCE SEP 1    115                        56     59      106
  SINCE JAN 1    610                       612     -2      848
..................................................................


WIND (MPH)
  HIGHEST WIND SPEED    22   HIGHEST WIND DIRECTION    SE (130)
  HIGHEST GUST SPEED    34   HIGHEST GUST DIRECTION    SE (150)
  AVERAGE WIND SPEED     7.8


SKY COVER
  POSSIBLE SUNSHINE  MM
  AVERAGE SKY COVER 0.1


WEATHER CONDITIONS
 THE FOLLOWING WEATHER WAS RECORDED YESTERDAY.
  LIGHT RAIN


RELATIVE HUMIDITY (PERCENT)
 HIGHEST    96           200 AM
 LOWEST     39           100 PM
 AVERAGE    68

..........................................................


THE MASON CITY IA CLIMATE NORMALS FOR TODAY
                         NORMAL    RECORD    YEAR
 MAXIMUM TEMPERATURE (F)   58        90      1947
 MINIMUM TEMPERATURE (F)   35        13      1930


SUNRISE AND SUNSET
OCTOBER 21 2019.......SUNRISE   734 AM CDT   SUNSET   621 PM CDT
OCTOBER 22 2019.......SUNRISE   735 AM CDT   SUNSET   620 PM CDT


-  INDICATES NEGATIVE NUMBERS.
R  INDICATES RECORD WAS SET OR TIED.
MM INDICATES DATA IS MISSING.
T  INDICATES TRACE AMOUNT.




$$
