000
CDUS43 KDMX 280628 RRA
CLIMCW

CLIMATE REPORT
NATIONAL WEATHER SERVICE DES MOINES IA
126 AM CDT WED OCT 28 2020

...................................

...THE MASON CITY IA CLIMATE SUMMARY FOR OCTOBER 27 2020...

CLIMATE NORMAL PERIOD 1981 TO 2010
CLIMATE RECORD PERIOD 1893 TO 2020


WEATHER ITEM   OBSERVED TIME   RECORD YEAR NORMAL DEPARTURE LAST
                VALUE   (LST)  VALUE       VALUE  FROM      YEAR
                                                  NORMAL
..................................................................
TEMPERATURE (F)
 YESTERDAY
  MAXIMUM         34    305 PM  82    1966  55    -21       46
  MINIMUM         13R   731 AM  13    1997  33    -20       26
  AVERAGE         24                        44    -20       36

PRECIPITATION (IN)
  YESTERDAY        0.00          1.95 1918   0.06  -0.06     0.00
  MONTH TO DATE    0.69                      2.17  -1.48     6.11
  SINCE SEP 1      3.72                      5.44  -1.72    12.82
  SINCE JAN 1     26.04                     31.80  -5.76    35.22

SNOWFALL (IN)
  YESTERDAY        0.0           3.0  1925   0.0    0.0      0.0
  MONTH TO DATE    0.9                       0.2    0.7       T
  SINCE SEP 1      0.9                       0.2    0.7       T
  SINCE JUL 1      0.9                       0.2    0.7       T
  SNOW DEPTH       T

DEGREE DAYS
 HEATING
  YESTERDAY       41                        21     20       29
  MONTH TO DATE  576                       435    141      499
  SINCE SEP 1    745                       612    133      555
  SINCE JUL 1    776                       648    128      575

 COOLING
  YESTERDAY        0                         0      0        0
  MONTH TO DATE    5                         2      3        0
  SINCE SEP 1     37                        56    -19      115
  SINCE JAN 1    748                       612    136      610
..................................................................


WIND (MPH)
  HIGHEST WIND SPEED    20   HIGHEST WIND DIRECTION    SW (220)
  HIGHEST GUST SPEED    27   HIGHEST GUST DIRECTION    SW (220)
  AVERAGE WIND SPEED     9.9


SKY COVER
  POSSIBLE SUNSHINE  MM
  AVERAGE SKY COVER 0.0


WEATHER CONDITIONS
 THE FOLLOWING WEATHER WAS RECORDED YESTERDAY.
  NO SIGNIFICANT WEATHER WAS OBSERVED.


RELATIVE HUMIDITY (PERCENT)
 HIGHEST    92           700 AM
 LOWEST     51           300 PM
 AVERAGE    72

..........................................................


THE MASON CITY IA CLIMATE NORMALS FOR TODAY
                         NORMAL    RECORD    YEAR
 MAXIMUM TEMPERATURE (F)   54        77      1945
 MINIMUM TEMPERATURE (F)   33         5      1925


SUNRISE AND SUNSET
OCTOBER 28 2020.......SUNRISE   744 AM CDT   SUNSET   610 PM CDT
OCTOBER 29 2020.......SUNRISE   745 AM CDT   SUNSET   608 PM CDT


-  INDICATES NEGATIVE NUMBERS.
R  INDICATES RECORD WAS SET OR TIED.
MM INDICATES DATA IS MISSING.
T  INDICATES TRACE AMOUNT.




$$
