000
NZUS99 KPAH 242229
CLIMDH


CLIMATE REPORT
NATIONAL WEATHER SERVICE PADUCAH KY
428 PM CST FRI JAN 24 2020


...................................

...THE CARBONDALE IL CLIMATE SUMMARY FOR JANUARY 24 2020...
VALID TODAY AS OF 0400 PM LOCAL TIME.

CLIMATE NORMAL PERIOD 1981 TO 2010
CLIMATE RECORD PERIOD 1898 TO 2020


WEATHER ITEM   OBSERVED TIME   RECORD YEAR NORMAL DEPARTURE LAST
                VALUE   (LST)  VALUE       VALUE  FROM      YEAR
                                                  NORMAL
..................................................................
TEMPERATURE (F)
 TODAY
  MAXIMUM         40    226 PM  76    1943  42     -2       34
  MINIMUM         36    621 AM -11    1963  24     12       20
  AVERAGE         38                        33      5       27

PRECIPITATION (IN)
  TODAY            0.12          2.17 1929   0.09   0.03     0.00
  MONTH TO DATE    5.90                      2.19   3.71     3.85
  SINCE DEC 1      7.63                      5.82   1.81     9.03
  SINCE JAN 1      5.90                      2.19   3.71     3.85

..................................................................


WIND (MPH)
  HIGHEST WIND SPEED    14   HIGHEST WIND DIRECTION     W (260)
  HIGHEST GUST SPEED    18   HIGHEST GUST DIRECTION     W (260)




RELATIVE HUMIDITY (PERCENT)
 HIGHEST   100
 LOWEST     85
 AVERAGE    93

..........................................................




SUNRISE AND SUNSET
JANUARY 24 2020.......SUNRISE   707 AM CST   SUNSET   511 PM CST
JANUARY 25 2020.......SUNRISE   707 AM CST   SUNSET   512 PM CST


-  INDICATES NEGATIVE NUMBERS.
R  INDICATES RECORD WAS SET OR TIED.
MM INDICATES DATA IS MISSING.
T  INDICATES TRACE AMOUNT.




$$
