000
CDUS43 KPAH 280631
CLIMDH

CLIMATE REPORT
NATIONAL WEATHER SERVICE PADUCAH
131 AM CDT WED OCT 28 2020

...................................

...THE CARBONDALE IL CLIMATE SUMMARY FOR OCTOBER 27 2020...

CLIMATE NORMAL PERIOD 1981 TO 2010
CLIMATE RECORD PERIOD 1898 TO 2020


WEATHER ITEM   OBSERVED TIME   RECORD YEAR NORMAL DEPARTURE LAST
                VALUE   (LST)  VALUE       VALUE  FROM      YEAR
                                                  NORMAL
...................................................................
TEMPERATURE (F)
 YESTERDAY
  MAXIMUM         45   1159 PM  90    1927  66    -21       69
  MINIMUM         41    656 AM  24    1982  43     -2       43
  AVERAGE         43                        54    -11       56

PRECIPITATION (IN)
  YESTERDAY        0.29          2.48 2006   0.12   0.17     0.00
  MONTH TO DATE    2.88                      3.44  -0.56     6.57
  SINCE SEP 1      5.87                      6.86  -0.99     6.98
  SINCE JAN 1     40.71                     36.26   4.45    48.06

DEGREE DAYS
 HEATING
  YESTERDAY       22                        11     11        9
  MONTH TO DATE  232                       212     20      213
  SINCE SEP 1    276                       261     15      213
  SINCE JUL 1    276                       262     14      213

 COOLING
  YESTERDAY        0                         0      0        0
  MONTH TO DATE   23                        30     -7       42
  SINCE SEP 1    180                       173      7      367
  SINCE JAN 1   1449                      1370     79     1594
...................................................................


WIND (MPH)
  HIGHEST WIND SPEED    13   HIGHEST WIND DIRECTION    NW (330)
  HIGHEST GUST SPEED    18   HIGHEST GUST DIRECTION     N (340)
  AVERAGE WIND SPEED     6.4


SKY COVER
  AVERAGE SKY COVER 1.0


WEATHER CONDITIONS
THE FOLLOWING WEATHER WAS RECORDED YESTERDAY.
  LIGHT RAIN
  FOG


RELATIVE HUMIDITY (PERCENT)
 HIGHEST    93          1100 PM
 LOWEST     89           200 AM
 AVERAGE    91

..........................................................


THE CARBONDALE IL CLIMATE NORMALS FOR TODAY
                         NORMAL    RECORD    YEAR
 MAXIMUM TEMPERATURE (F)   66        92      1927
 MINIMUM TEMPERATURE (F)   42        20      1976


SUNRISE AND SUNSET
OCTOBER 28 2020.......SUNRISE   719 AM CDT   SUNSET   602 PM CDT
OCTOBER 29 2020.......SUNRISE   720 AM CDT   SUNSET   601 PM CDT


-  INDICATES NEGATIVE NUMBERS.
R  INDICATES RECORD WAS SET OR TIED.
MM INDICATES DATA IS MISSING.
T  INDICATES TRACE AMOUNT.




$$
