000
NZUS99 KPAH 210628
CLIMDH


CLIMATE REPORT
NATIONAL WEATHER SERVICE PADUCAH KY
128 AM CDT MON OCT 21 2019


...................................

...THE CARBONDALE IL CLIMATE SUMMARY FOR OCTOBER 20 2019...

CLIMATE NORMAL PERIOD 1981 TO 2010
CLIMATE RECORD PERIOD 1898 TO 2019


WEATHER ITEM   OBSERVED TIME   RECORD YEAR NORMAL DEPARTURE LAST
                VALUE   (LST)  VALUE       VALUE  FROM      YEAR
                                                  NORMAL
..................................................................
TEMPERATURE (F)
 YESTERDAY
  MAXIMUM         75    237 PM  91    1963  69      6       66
  MINIMUM         45    252 AM  26    1991  44      1       36
  AVERAGE         60                        56      4       51

PRECIPITATION (IN)
  YESTERDAY        0.00          0.95 1926   0.15  -0.15     0.00
  MONTH TO DATE    1.43                      2.51  -1.08     0.85
  SINCE SEP 1      1.84                      5.93  -4.09     6.59
  SINCE JAN 1     42.92                     35.33   7.59    36.83

DEGREE DAYS
 HEATING
  YESTERDAY        5                         9     -4       14
  MONTH TO DATE  138                       140     -2      167
  SINCE SEP 1    138                       189    -51      186
  SINCE JUL 1    138                       190    -52      186

 COOLING
  YESTERDAY        0                         1     -1        0
  MONTH TO DATE   42                        26     16       99
  SINCE SEP 1    367                       169    198      334
  SINCE JAN 1   1594                      1366    228     1755
..................................................................


WIND (MPH)
  HIGHEST WIND SPEED     9   HIGHEST WIND DIRECTION    SE (150)
  HIGHEST GUST SPEED    14   HIGHEST GUST DIRECTION    SE (150)
  AVERAGE WIND SPEED     2.5


SKY COVER
  AVERAGE SKY COVER 0.6


WEATHER CONDITIONS
 THE FOLLOWING WEATHER WAS RECORDED YESTERDAY.
  FOG
  FOG W/VISIBILITY <= 1/4 MILE
  HAZE


RELATIVE HUMIDITY (PERCENT)
 HIGHEST   100           300 AM
 LOWEST     53           200 PM
 AVERAGE    77

..........................................................


THE CARBONDALE IL CLIMATE NORMALS FOR TODAY
                         NORMAL    RECORD    YEAR
 MAXIMUM TEMPERATURE (F)   68        89      1963
 MINIMUM TEMPERATURE (F)   44        18      1952


SUNRISE AND SUNSET
OCTOBER 21 2019.......SUNRISE   711 AM CDT   SUNSET   612 PM CDT
OCTOBER 22 2019.......SUNRISE   712 AM CDT   SUNSET   610 PM CDT


-  INDICATES NEGATIVE NUMBERS.
R  INDICATES RECORD WAS SET OR TIED.
MM INDICATES DATA IS MISSING.
T  INDICATES TRACE AMOUNT.




$$
