000
CDUS43 KLOT 230647
CLIMDW


CLIMATE REPORT
NATIONAL WEATHER SERVICE CHICAGO IL
1242 AM CST WED JAN 23 2019


...................................

...THE CHICAGO-MIDWAY CLIMATE SUMMARY FOR JANUARY 22 2019...

CLIMATE NORMAL PERIOD 1981 TO 2010
CLIMATE RECORD PERIOD 1928 TO 2019


WEATHER ITEM   OBSERVED TIME   RECORD YEAR NORMAL DEPARTURE LAST
                VALUE   (LST)  VALUE       VALUE  FROM      YEAR
                                                  NORMAL
..................................................................
TEMPERATURE (F)
 YESTERDAY
  MAXIMUM         36   1136 PM  58    1964  31      5       55
  MINIMUM         13   1234 AM -17    1936  18     -5       37
                                      1883
  AVERAGE         25                        25      0       46

PRECIPITATION (IN)
  YESTERDAY        0.11          1.33 1965   0.06   0.05     0.63
  MONTH TO DATE    0.60                      1.55  -0.95     0.85
  SINCE DEC 1      3.11                      4.12  -1.01     1.02
  SINCE JAN 1      0.60                      1.55  -0.95     0.85

DEGREE DAYS
 HEATING
  YESTERDAY       40                        40      0       19
  MONTH TO DATE  775                       879   -104      943
  SINCE DEC 1   1720                      1995   -275     2070
  SINCE JUL 1   3043                      3130    -87     3053

 COOLING
  YESTERDAY        0                         0      0        0
  MONTH TO DATE    0                         0      0        0
  SINCE DEC 1      0                         0      0        0
  SINCE JAN 1      0                         0      0        0
..................................................................


WIND (MPH)
  RESULTANT WIND SPEED  11   RESULTANT WIND DIRECTION   S (170)
  HIGHEST WIND SPEED    20   HIGHEST WIND DIRECTION     S (170)
  HIGHEST GUST SPEED    30   HIGHEST GUST DIRECTION     S (170)
  AVERAGE WIND SPEED    10.3



WEATHER CONDITIONS
 THE FOLLOWING WEATHER WAS RECORDED YESTERDAY.
  LIGHT RAIN
  LT FREEZING RAIN
  SNOW
  LIGHT SNOW
  SLEET
  FOG


..........................................................


THE CHICAGO-MIDWAY CLIMATE NORMALS FOR TODAY
                         NORMAL    RECORD    YEAR
 MAXIMUM TEMPERATURE (F)   31        59      1967
 MINIMUM TEMPERATURE (F)   18       -19      1936


SUNRISE AND SUNSET
JANUARY 23 2019.......SUNRISE   711 AM CST   SUNSET   455 PM CST
JANUARY 24 2019.......SUNRISE   711 AM CST   SUNSET   456 PM CST


-  INDICATES NEGATIVE NUMBERS.
R  INDICATES RECORD WAS SET OR TIED.
MM INDICATES DATA IS MISSING.
T  INDICATES TRACE AMOUNT.




$$
