000
CDUS43 KLOT 220638
CLIMDW


CLIMATE REPORT
NATIONAL WEATHER SERVICE CHICAGO IL
136 AM CDT TUE OCT 22 2019


...................................

...THE CHICAGO-MIDWAY CLIMATE SUMMARY FOR OCTOBER 21 2019...

CLIMATE NORMAL PERIOD 1981 TO 2010
CLIMATE RECORD PERIOD 1928 TO 2019


WEATHER ITEM   OBSERVED TIME   RECORD YEAR NORMAL DEPARTURE LAST
                VALUE   (LST)  VALUE       VALUE  FROM      YEAR
                                                  NORMAL
..................................................................
TEMPERATURE (F)
 YESTERDAY
  MAXIMUM         68    332 PM  87    1953  61      7       50
  MINIMUM         52   1159 PM  26    1952  44      8       28
  AVERAGE         60                        53      7       39

PRECIPITATION (IN)
  YESTERDAY        0.08          2.24 1933   0.11  -0.03     0.00
  MONTH TO DATE    1.52                      2.13  -0.61     5.30
  SINCE SEP 1      9.43                      5.44   3.99     7.62
  SINCE JAN 1     39.34                     31.99   7.35    33.42

DEGREE DAYS
 HEATING
  YESTERDAY        5                        13     -8       26
  MONTH TO DATE  189                       202    -13      236
  SINCE SEP 1    190                       279    -89      283
  SINCE JUL 1    190                       284    -94      283

 COOLING
  YESTERDAY        0                         0      0        0
  MONTH TO DATE   21                        13      8       38
  SINCE SEP 1    213                       132     81      243
  SINCE JAN 1   1131                      1042     89     1408
..................................................................


WIND (MPH)
  RESULTANT WIND SPEED  10   RESULTANT WIND DIRECTION   S (190)
  HIGHEST WIND SPEED    30   HIGHEST WIND DIRECTION     S (160)
  HIGHEST GUST SPEED    47   HIGHEST GUST DIRECTION     S (170)
  AVERAGE WIND SPEED    16.4



WEATHER CONDITIONS
 THE FOLLOWING WEATHER WAS RECORDED YESTERDAY.
  LIGHT RAIN
  FOG


..........................................................


THE CHICAGO-MIDWAY CLIMATE NORMALS FOR TODAY
                         NORMAL    RECORD    YEAR
 MAXIMUM TEMPERATURE (F)   60        87      1953
 MINIMUM TEMPERATURE (F)   44        24      1930


SUNRISE AND SUNSET
OCTOBER 22 2019.......SUNRISE   711 AM CDT   SUNSET   559 PM CDT
OCTOBER 23 2019.......SUNRISE   712 AM CDT   SUNSET   558 PM CDT


-  INDICATES NEGATIVE NUMBERS.
R  INDICATES RECORD WAS SET OR TIED.
MM INDICATES DATA IS MISSING.
T  INDICATES TRACE AMOUNT.




$$
