000
CDUS43 KLOT 150654
CLIMDW

CLIMATE REPORT
NATIONAL WEATHER SERVICE CHICAGO IL
154 AM CDT TUE JUN 15 2021

...................................

...THE CHICAGO-MIDWAY CLIMATE SUMMARY FOR JUNE 14 2021...

CLIMATE NORMAL PERIOD: 1991 TO 2020
CLIMATE RECORD PERIOD: 1928 TO 2021


WEATHER ITEM   OBSERVED TIME   RECORD YEAR NORMAL DEPARTURE LAST
                VALUE   (LST)  VALUE       VALUE  FROM      YEAR
                                                  NORMAL
...................................................................
TEMPERATURE (F)
 YESTERDAY
  MAXIMUM         82  12:47 PM  99    1987  81      1       70
  MINIMUM         67  11:51 PM  40    1933  62      5       57
  AVERAGE         75                        71      4       64

PRECIPITATION (IN)
  YESTERDAY        0.00          2.58 1949   0.14  -0.14     0.00
  MONTH TO DATE    0.83                      1.99  -1.16     0.57
  SINCE JUN 1      0.83                      1.99  -1.16     0.57
  SINCE JAN 1      7.36                     14.47  -7.11    19.22

DEGREE DAYS
 HEATING
  YESTERDAY        0                         1     -1        1
  MONTH TO DATE    1                        20    -19        5
  SINCE JUN 1      1                        20    -19        5
  SINCE JUL 1   5503                      5748   -245     5614

 COOLING
  YESTERDAY       10                         7      3        0
  MONTH TO DATE  167                        80     87      114
  SINCE JUN 1    167                        80     87      114
  SINCE JAN 1    276                       162    114      193
...................................................................


WIND (MPH)
  RESULTANT WIND SPEED   6   RESULTANT WIND DIRECTION   N (20)
  HIGHEST WIND SPEED    22   HIGHEST WIND DIRECTION     N (340)
  HIGHEST GUST SPEED    29   HIGHEST GUST DIRECTION     N (350)
  AVERAGE WIND SPEED    11.2


WEATHER CONDITIONS
THE FOLLOWING WEATHER WAS RECORDED YESTERDAY.
  NO SIGNIFICANT WEATHER WAS OBSERVED.

..........................................................


THE CHICAGO-MIDWAY CLIMATE NORMALS FOR TODAY
                         NORMAL    RECORD    YEAR
 MAXIMUM TEMPERATURE (F)   81        95      1952
                                             1954
                                             1994
 MINIMUM TEMPERATURE (F)   62        45      1933


SUNRISE AND SUNSET
JUNE 15 2021..........SUNRISE   5:16 AM CDT   SUNSET   8:28 PM CDT
JUNE 16 2021..........SUNRISE   5:16 AM CDT   SUNSET   8:28 PM CDT


-  INDICATES NEGATIVE NUMBERS.
R  INDICATES RECORD WAS SET OR TIED.
MM INDICATES DATA IS MISSING.
T  INDICATES TRACE AMOUNT.




$$
