000
CDUS43 KLOT 152136
CLIMDW


CLIMATE REPORT
NATIONAL WEATHER SERVICE CHICAGO IL
434 PM CDT MON OCT 15 2018


...................................

...THE CHICAGO-MIDWAY CLIMATE SUMMARY FOR OCTOBER 15 2018...
VALID TODAY AS OF 0400 PM LOCAL TIME.

CLIMATE NORMAL PERIOD 1981 TO 2010
CLIMATE RECORD PERIOD 1928 TO 2018


WEATHER ITEM   OBSERVED TIME   RECORD YEAR NORMAL DEPARTURE
                VALUE   (LST)  VALUE       VALUE  FROM
                                                  NORMAL
...............................................................
TEMPERATURE (F)
 TODAY
  MAXIMUM         48    259 PM  88    1947  63    -15
  MINIMUM         38    738 AM  29    1937  46     -8
  AVERAGE         43                        55    -12

PRECIPITATION (IN)
  TODAY            0.08          1.66 1967   0.10  -0.02
  MONTH TO DATE    5.24                      1.51   3.73
  SINCE SEP 1      7.56                      4.82   2.74
  SINCE JAN 1     33.36                     31.37   1.99

DEGREE DAYS
 HEATING
  TODAY           22                        11     11
  MONTH TO DATE  115                       131    -16
  SINCE SEP 1    162                       208    -46
  SINCE JUL 1    162                       213    -51

 COOLING
  TODAY            0                         0      0
  MONTH TO DATE   38                        13     25
  SINCE SEP 1    243                       132    111
  SINCE JAN 1   1408                      1042    366
...............................................................


WIND (MPH)
  RESULTANT WIND SPEED  13   RESULTANT WIND DIRECTION   W (290)
  HIGHEST WIND SPEED    20   HIGHEST WIND DIRECTION     W (280)
  HIGHEST GUST SPEED    37   HIGHEST GUST DIRECTION     W (270)
  AVERAGE WIND SPEED    14.2


SKY COVER
  POSSIBLE SUNSHINE  MM
  AVERAGE SKY COVER 0.6


WEATHER CONDITIONS
 THE FOLLOWING WEATHER WAS RECORDED TODAY.
  LIGHT RAIN
  FOG


..........................................................


THE CHICAGO-MIDWAY CLIMATE NORMALS FOR TOMORROW
                         NORMAL    RECORD    YEAR
 MAXIMUM TEMPERATURE (F)   63        87      1963
 MINIMUM TEMPERATURE (F)   46        30      1944


SUNRISE AND SUNSET
OCTOBER 15 2018.......SUNRISE   703 AM CDT   SUNSET   610 PM CDT
OCTOBER 16 2018.......SUNRISE   704 AM CDT   SUNSET   608 PM CDT


-  INDICATES NEGATIVE NUMBERS.
R  INDICATES RECORD WAS SET OR TIED.
MM INDICATES DATA IS MISSING.
T  INDICATES TRACE AMOUNT.




$$
