000
CDUS43 KLOT 150637
CLIMDW


CLIMATE REPORT
NATIONAL WEATHER SERVICE CHICAGO IL
137 AM CDT SUN JUL 15 2018


...................................

...THE CHICAGO-MIDWAY CLIMATE SUMMARY FOR JULY 14 2018...

CLIMATE NORMAL PERIOD 1981 TO 2010
CLIMATE RECORD PERIOD 1928 TO 2018


WEATHER ITEM   OBSERVED TIME   RECORD YEAR NORMAL DEPARTURE LAST
                VALUE   (LST)  VALUE       VALUE  FROM      YEAR
                                                  NORMAL
..................................................................
TEMPERATURE (F)
 YESTERDAY
  MAXIMUM         80    449 PM 104    1936  85     -5       75
  MINIMUM         73    816 AM  52    1930  68      5       64
  AVERAGE         77                        76      1       70

PRECIPITATION (IN)
  YESTERDAY        0.23          1.52 2006   0.13   0.10     0.00
  MONTH TO DATE    0.91                      1.70  -0.79     1.15
  SINCE JUN 1      8.51                      5.76   2.75     3.75
  SINCE JAN 1     20.77                     20.25   0.52    23.07

DEGREE DAYS
 HEATING
  YESTERDAY        0                         0      0        0
  MONTH TO DATE    0                         0      0        0
  SINCE JUN 1      3                        31    -28        0
  SINCE JUL 1      0                         0      0        0

 COOLING
  YESTERDAY       12                        11      1        5
  MONTH TO DATE  200                       152     48      157
  SINCE JUN 1    435                       362     73      426
  SINCE JAN 1    599                       436    163      481
..................................................................


WIND (MPH)
  RESULTANT WIND SPEED   3   RESULTANT WIND DIRECTION  SE (120)
  HIGHEST WIND SPEED    16   HIGHEST WIND DIRECTION     W (270)
  HIGHEST GUST SPEED    22   HIGHEST GUST DIRECTION     W (280)
  AVERAGE WIND SPEED     5.7



WEATHER CONDITIONS
 THE FOLLOWING WEATHER WAS RECORDED YESTERDAY.
  LIGHT RAIN
  FOG


..........................................................


THE CHICAGO-MIDWAY CLIMATE NORMALS FOR TODAY
                         NORMAL    RECORD    YEAR
 MAXIMUM TEMPERATURE (F)   85       103      1988
 MINIMUM TEMPERATURE (F)   68        49      1930


SUNRISE AND SUNSET
JULY 15 2018..........SUNRISE   529 AM CDT   SUNSET   824 PM CDT
JULY 16 2018..........SUNRISE   530 AM CDT   SUNSET   823 PM CDT


-  INDICATES NEGATIVE NUMBERS.
R  INDICATES RECORD WAS SET OR TIED.
MM INDICATES DATA IS MISSING.
T  INDICATES TRACE AMOUNT.




$$
