000
CDUS44 KMEG 240640
CLIMEG


CLIMATE REPORT
NATIONAL WEATHER SERVICE MEMPHIS TN
139 AM CDT MON SEP 24 2018


...................................

...THE MEMPHIS/GERMANTOWN WFO CLIMATE SUMMARY FOR SEPTEMBER 23 2018...

CLIMATE NORMAL PERIOD 1981 TO 2010
CLIMATE RECORD PERIOD 1988 TO 2018


WEATHER ITEM   OBSERVED TIME   RECORD YEAR NORMAL DEPARTURE LAST
                VALUE   (LST)  VALUE       VALUE  FROM      YEAR
                                                  NORMAL
..................................................................
TEMPERATURE (F)
 YESTERDAY
  MAXIMUM         76    300 PM  97    2016  82     -6       92
  MINIMUM         66    600 AM  44    1999  58      8       68
  AVERAGE         71                        70      1       80

PRECIPITATION (IN)
  YESTERDAY        0.38          1.44 2000   0.10   0.28     0.00
  MONTH TO DATE    5.63                      2.42   3.21     1.37
  SINCE SEP 1      5.63                      2.42   3.21     1.37
  SINCE JAN 1     54.55                     38.43  16.12    40.56

SNOWFALL (IN)
  YESTERDAY        0.0          MM      MM                   0.0
  MONTH TO DATE    0.0                                       0.0
  SINCE SEP 1      0.0                                       0.0
  SINCE JUL 1      T                                         0.0
  SNOW DEPTH       0

DEGREE DAYS
 HEATING
  YESTERDAY        0                         1     -1        0
  MONTH TO DATE    0                         6     -6        4
  SINCE SEP 1      0                         6     -6        4
  SINCE JUL 1      0                         6     -6        4

 COOLING
  YESTERDAY        6                         6      0       15
  MONTH TO DATE  310                       222     88      208
  SINCE SEP 1    310                       222     88      208
  SINCE JAN 1   2170                      1817    353     1900
..................................................................







THE MEMPHIS/GERMANTOWN WFO CLIMATE NORMALS FOR TODAY
                         NORMAL    RECORD    YEAR
 MAXIMUM TEMPERATURE (F)   82        97      2016
 MINIMUM TEMPERATURE (F)   58        43      1990


SUNRISE AND SUNSET
SEPTEMBER 24 2018.....SUNRISE   649 AM CDT   SUNSET   653 PM CDT
SEPTEMBER 25 2018.....SUNRISE   649 AM CDT   SUNSET   652 PM CDT


-  INDICATES NEGATIVE NUMBERS.
R  INDICATES RECORD WAS SET OR TIED.
MM INDICATES DATA IS MISSING.
T  INDICATES TRACE AMOUNT.




$$
