000
CDUS44 KMEG 200641
CLIMEG


CLIMATE REPORT
NATIONAL WEATHER SERVICE MEMPHIS TN
141 AM CDT TUE OCT 20 2020


...................................

...THE MEMPHIS/GERMANTOWN WFO CLIMATE SUMMARY FOR OCTOBER 19 2020...

CLIMATE NORMAL PERIOD 1981 TO 2010
CLIMATE RECORD PERIOD 1988 TO 2020


WEATHER ITEM   OBSERVED TIME   RECORD YEAR NORMAL DEPARTURE LAST
                VALUE   (LST)  VALUE       VALUE  FROM      YEAR
                                                  NORMAL
..................................................................
TEMPERATURE (F)
 YESTERDAY
  MAXIMUM         83    209 PM  89    2005  73     10       79
  MINIMUM         64    424 AM  36    1996  48     16       43
  AVERAGE         74                        61     13       61

PRECIPITATION (IN)
  YESTERDAY        0.00          0.90 1988   0.16  -0.16     0.00
  MONTH TO DATE    2.11                      2.58  -0.47     5.56
  SINCE SEP 1      4.40                      5.86  -1.46     5.97
  SINCE JAN 1     46.38                     41.87   4.51    55.82

SNOWFALL (IN)
  YESTERDAY        0.0          MM      MM                   0.0
  MONTH TO DATE    0.0                                       0.0
  SINCE SEP 1      0.0                                       0.0
  SINCE JUL 1      0.0                                       0.0
  SNOW DEPTH       0

DEGREE DAYS
 HEATING
  YESTERDAY        0                         6     -6        4
  MONTH TO DATE   67                        76     -9       70
  SINCE SEP 1     81                        94    -13       70
  SINCE JUL 1     81                        94    -13       70

 COOLING
  YESTERDAY        9                         1      8        0
  MONTH TO DATE   30                        51    -21       99
  SINCE SEP 1    307                       308     -1      615
  SINCE JAN 1   1951                      1903     48     2340
..................................................................







THE MEMPHIS/GERMANTOWN WFO CLIMATE NORMALS FOR TODAY
                         NORMAL    RECORD    YEAR
 MAXIMUM TEMPERATURE (F)   73        84      2003
 MINIMUM TEMPERATURE (F)   48        33      1989


SUNRISE AND SUNSET
OCTOBER 20 2020.......SUNRISE   710 AM CDT   SUNSET   617 PM CDT
OCTOBER 21 2020.......SUNRISE   711 AM CDT   SUNSET   616 PM CDT


-  INDICATES NEGATIVE NUMBERS.
R  INDICATES RECORD WAS SET OR TIED.
MM INDICATES DATA IS MISSING.
T  INDICATES TRACE AMOUNT.




$$
