000
CDUS44 KMEG 180643
CLIMEG


CLIMATE REPORT
NATIONAL WEATHER SERVICE MEMPHIS TN
143 AM CDT FRI OCT 18 2019


...................................

...THE MEMPHIS/GERMANTOWN WFO CLIMATE SUMMARY FOR OCTOBER 17 2019...

CLIMATE NORMAL PERIOD 1981 TO 2010
CLIMATE RECORD PERIOD 1988 TO 2019


WEATHER ITEM   OBSERVED TIME   RECORD YEAR NORMAL DEPARTURE LAST
                VALUE   (LST)  VALUE       VALUE  FROM      YEAR
                                                  NORMAL
..................................................................
TEMPERATURE (F)
 YESTERDAY
  MAXIMUM         66    234 PM  87    2016  74     -8       70
                                      2011
  MINIMUM         41    605 AM  35    2001  49     -8       43
  AVERAGE         54                        61     -7       57

PRECIPITATION (IN)
  YESTERDAY        0.00          2.95 1989   0.14  -0.14     0.00
  MONTH TO DATE    5.56                      2.28   3.28     1.93
  SINCE SEP 1      5.97                      5.56   0.41    11.24
  SINCE JAN 1     55.82                     41.57  14.25    60.16

SNOWFALL (IN)
  YESTERDAY        0.0          MM      MM                   0.0
  MONTH TO DATE    0.0                                       0.0
  SINCE SEP 1      0.0                                       0.0
  SINCE JUL 1      0.0                                        T
  SNOW DEPTH       0

DEGREE DAYS
 HEATING
  YESTERDAY       11                         5      6        8
  MONTH TO DATE   58                        64     -6       57
  SINCE SEP 1     58                        82    -24       60
  SINCE JUL 1     58                        82    -24       60

 COOLING
  YESTERDAY        0                         2     -2        0
  MONTH TO DATE   99                        48     51      138
  SINCE SEP 1    615                       305    310      492
  SINCE JAN 1   2340                      1900    440     2352
..................................................................







THE MEMPHIS/GERMANTOWN WFO CLIMATE NORMALS FOR TODAY
                         NORMAL    RECORD    YEAR
 MAXIMUM TEMPERATURE (F)   73        89      2006
 MINIMUM TEMPERATURE (F)   49        34      2009


SUNRISE AND SUNSET
OCTOBER 18 2019.......SUNRISE   708 AM CDT   SUNSET   621 PM CDT
OCTOBER 19 2019.......SUNRISE   708 AM CDT   SUNSET   619 PM CDT


-  INDICATES NEGATIVE NUMBERS.
R  INDICATES RECORD WAS SET OR TIED.
MM INDICATES DATA IS MISSING.
T  INDICATES TRACE AMOUNT.




$$
