000
CDUS44 KMEG 180737
CLIMEG


CLIMATE REPORT
NATIONAL WEATHER SERVICE MEMPHIS TN
136 AM CST TUE DEC 18 2018


...................................

...THE MEMPHIS/GERMANTOWN WFO CLIMATE SUMMARY FOR DECEMBER 17 2018...

CLIMATE NORMAL PERIOD 1981 TO 2010
CLIMATE RECORD PERIOD 1988 TO 2018


WEATHER ITEM   OBSERVED TIME   RECORD YEAR NORMAL DEPARTURE LAST
                VALUE   (LST)  VALUE       VALUE  FROM      YEAR
                                                  NORMAL
..................................................................
TEMPERATURE (F)
 YESTERDAY
  MAXIMUM         61    245 PM  75    2016  51     10       49
  MINIMUM         33    519 AM   7    1989  31      2       40
  AVERAGE         47                        41      6       45

PRECIPITATION (IN)
  YESTERDAY        0.00          1.62 1996   0.20  -0.20     0.68
  MONTH TO DATE    3.81                      3.44   0.37     1.66
  SINCE DEC 1      3.81                      3.44   0.37     1.66
  SINCE JAN 1     69.73                     52.39  17.34    47.79

SNOWFALL (IN)
  YESTERDAY        0.0          MM      MM                   0.0
  MONTH TO DATE    T                                         0.0
  SINCE DEC 1      T                                         0.0
  SINCE JUL 1      0.3                                       0.0
  SNOW DEPTH       0

DEGREE DAYS
 HEATING
  YESTERDAY       18                        24     -6       20
  MONTH TO DATE  373                       372      1      349
  SINCE DEC 1    373                       372      1      349
  SINCE JUL 1   1107                       971    136      854

 COOLING
  YESTERDAY        0                         0      0        0
  MONTH TO DATE    3                         0      3        0
  SINCE DEC 1      3                         0      3        0
  SINCE JAN 1   2362                      1926    436     2124
..................................................................



THE MEMPHIS/GERMANTOWN WFO CLIMATE NORMALS FOR TODAY
                         NORMAL    RECORD    YEAR
 MAXIMUM TEMPERATURE (F)   50        70      1990
 MINIMUM TEMPERATURE (F)   31        16      1989


SUNRISE AND SUNSET
DECEMBER 18 2018......SUNRISE   702 AM CST   SUNSET   450 PM CST
DECEMBER 19 2018......SUNRISE   703 AM CST   SUNSET   450 PM CST


-  INDICATES NEGATIVE NUMBERS.
R  INDICATES RECORD WAS SET OR TIED.
MM INDICATES DATA IS MISSING.
T  INDICATES TRACE AMOUNT.


$$
