000
CDUS44 KMEG 200639
CLIMEG


CLIMATE REPORT
NATIONAL WEATHER SERVICE MEMPHIS TN
138 AM CDT WED JUN 20 2018


...................................

...THE MEMPHIS/GERMANTOWN WFO CLIMATE SUMMARY FOR JUNE 19 2018...

CLIMATE NORMAL PERIOD 1981 TO 2010
CLIMATE RECORD PERIOD 1988 TO 2018


WEATHER ITEM   OBSERVED TIME   RECORD YEAR NORMAL DEPARTURE LAST
                VALUE   (LST)  VALUE       VALUE  FROM      YEAR
                                                  NORMAL
..................................................................
TEMPERATURE (F)
 YESTERDAY
  MAXIMUM         90        MM  97    2010  89      1       87
                                      2009
  MINIMUM         72        MM  59    2008  68      4       69
  AVERAGE         81                        79      2       78

PRECIPITATION (IN)
  YESTERDAY        T             0.76 2013   0.13  -0.13     0.00
  MONTH TO DATE    0.83                      2.30  -1.47     1.50
  SINCE JUN 1      0.83                      2.30  -1.47     1.50
  SINCE JAN 1     37.87                     26.79  11.08    22.41

SNOWFALL (IN)
  YESTERDAY        0.0          MM      MM                   0.0
  MONTH TO DATE    0.0                                       0.0
  SINCE JUN 1      0.0                                       0.0
  SINCE JUL 1      3.8                                       1.4
  SNOW DEPTH       0

DEGREE DAYS
 HEATING
  YESTERDAY        0                         0      0        0
  MONTH TO DATE    0                         0      0        0
  SINCE JUN 1      0                         0      0        0
  SINCE JUL 1   3213                      3412   -199     2240

 COOLING
  YESTERDAY       16                        14      2       13
  MONTH TO DATE  287                       220     67      243
  SINCE JUN 1    287                       220     67      243
  SINCE JAN 1    680                       471    209      588
..................................................................







THE MEMPHIS/GERMANTOWN WFO CLIMATE NORMALS FOR TODAY
                         NORMAL    RECORD    YEAR
 MAXIMUM TEMPERATURE (F)   89        98      2010
 MINIMUM TEMPERATURE (F)   69        62      1999


SUNRISE AND SUNSET
JUNE 20 2018..........SUNRISE   545 AM CDT   SUNSET   817 PM CDT
JUNE 21 2018..........SUNRISE   545 AM CDT   SUNSET   817 PM CDT


-  INDICATES NEGATIVE NUMBERS.
R  INDICATES RECORD WAS SET OR TIED.
MM INDICATES DATA IS MISSING.
T  INDICATES TRACE AMOUNT.




$$
