000
CDUS44 KMEG 050635
CLIMEG


CLIMATE REPORT
NATIONAL WEATHER SERVICE MEMPHIS TN
135 AM CDT FRI JUN 5 2020


...................................

...THE MEMPHIS/GERMANTOWN WFO CLIMATE SUMMARY FOR JUNE 4 2020...

CLIMATE NORMAL PERIOD 1981 TO 2010
CLIMATE RECORD PERIOD 1988 TO 2020


WEATHER ITEM   OBSERVED TIME   RECORD YEAR NORMAL DEPARTURE LAST
                VALUE   (LST)  VALUE       VALUE  FROM      YEAR
                                                  NORMAL
..................................................................
TEMPERATURE (F)
 YESTERDAY
  MAXIMUM         85    322 PM  98    2011  86     -1       91
  MINIMUM         71    513 AM  54    2003  65      6       68
  AVERAGE         78                        75      3       80

PRECIPITATION (IN)
  YESTERDAY        0.34          3.10 2012   0.12   0.22     0.24
  MONTH TO DATE    0.36                      0.50  -0.14     0.24
  SINCE JUN 1      0.36                      0.50  -0.14     0.24
  SINCE JAN 1     31.15                     24.99   6.16    31.77

SNOWFALL (IN)
  YESTERDAY        0.0          MM      MM                   0.0
  MONTH TO DATE    0.0                                       0.0
  SINCE JUN 1      0.0                                       0.0
  SINCE JUL 1      0.7                                       0.5
  SNOW DEPTH       0

DEGREE DAYS
 HEATING
  YESTERDAY        0                         0      0        0
  MONTH TO DATE    0                         0      0        0
  SINCE JUN 1      0                         0      0        0
  SINCE JUL 1   2940                      3412   -472     3230

 COOLING
  YESTERDAY       13                        10      3       15
  MONTH TO DATE   47                        39      8       53
  SINCE JUN 1     47                        39      8       53
  SINCE JAN 1    280                       290    -10      395
..................................................................







THE MEMPHIS/GERMANTOWN WFO CLIMATE NORMALS FOR TODAY
                         NORMAL    RECORD    YEAR
 MAXIMUM TEMPERATURE (F)   86        97      2011
 MINIMUM TEMPERATURE (F)   65        53      1990


SUNRISE AND SUNSET
JUNE  5 2020..........SUNRISE   545 AM CDT   SUNSET   811 PM CDT
JUNE  6 2020..........SUNRISE   545 AM CDT   SUNSET   811 PM CDT


-  INDICATES NEGATIVE NUMBERS.
R  INDICATES RECORD WAS SET OR TIED.
MM INDICATES DATA IS MISSING.
T  INDICATES TRACE AMOUNT.




$$
