000
CDUS44 KMEG 240737
CLIMEG


CLIMATE REPORT
NATIONAL WEATHER SERVICE MEMPHIS TN
136 AM CST SAT FEB 24 2018


...................................

...THE MEMPHIS/GERMANTOWN WFO CLIMATE SUMMARY FOR FEBRUARY 23 2018...

CLIMATE NORMAL PERIOD 1981 TO 2010
CLIMATE RECORD PERIOD 1988 TO 2018


WEATHER ITEM   OBSERVED TIME   RECORD YEAR NORMAL DEPARTURE LAST
                VALUE   (LST)  VALUE       VALUE  FROM      YEAR
                                                  NORMAL
..................................................................
TEMPERATURE (F)
 YESTERDAY
  MAXIMUM         MM        MM  79    2012  56     MM       78
  MINIMUM         MM        MM  17    1989  35     MM       54
  AVERAGE         MM                        45     MM       66

PRECIPITATION (IN)
  YESTERDAY       MM             1.91 1994   0.17  MM        0.00
  MONTH TO DATE    9.03                      3.80   5.23     1.27
  SINCE DEC 1     20.28                     13.70   6.58    12.24
  SINCE JAN 1     13.32                      7.76   5.56     4.93

SNOWFALL (IN)
  YESTERDAY       MM             T    2015                   0.0
                                      2008
  MONTH TO DATE    0.0                                       0.0
  SINCE DEC 1      3.8                                       1.0
  SINCE JUL 1      3.8                                       1.0
  SNOW DEPTH      MM

DEGREE DAYS
 HEATING
  YESTERDAY       MM                        20     MM        0
  MONTH TO DATE  395                       522   -127      258
  SINCE DEC 1   1988                      2052    -64     1465
  SINCE JUL 1   2493                      2651   -158     1787

 COOLING
  YESTERDAY       MM                         0     MM        1
  MONTH TO DATE   13                         0     13       13
  SINCE DEC 1     13                         1     12       18
  SINCE JAN 1     13                         0     13       13
..................................................................







THE MEMPHIS/GERMANTOWN WFO CLIMATE NORMALS FOR TODAY
                         NORMAL    RECORD    YEAR
 MAXIMUM TEMPERATURE (F)   56        77      2000
 MINIMUM TEMPERATURE (F)   35        16      1989


SUNRISE AND SUNSET
FEBRUARY 24 2018......SUNRISE   635 AM CST   SUNSET   550 PM CST
FEBRUARY 25 2018......SUNRISE   634 AM CST   SUNSET   551 PM CST


-  INDICATES NEGATIVE NUMBERS.
R  INDICATES RECORD WAS SET OR TIED.
MM INDICATES DATA IS MISSING.
T  INDICATES TRACE AMOUNT.




$$
