000
CDUS44 KJAN 250818
CLIMEI


CLIMATE REPORT
NATIONAL WEATHER SERVICE JACKSON MS
316 AM CDT TUE SEP 25 2018


...................................

...THE MERIDIAN CLIMATE SUMMARY FOR SEPTEMBER 24 2018...

CLIMATE NORMAL PERIOD 1981 TO 2010
CLIMATE RECORD PERIOD 1889 TO 2018


WEATHER ITEM   OBSERVED TIME   RECORD YEAR NORMAL DEPARTURE LAST
                VALUE   (LST)  VALUE       VALUE  FROM      YEAR
                                                  NORMAL
..................................................................
TEMPERATURE (F)
 YESTERDAY
  MAXIMUM         89   1136 AM 101    2016  84      5       90
  MINIMUM         75    554 AM  43    1990  60     15       66
  AVERAGE         82                        72     10       78

PRECIPITATION (IN)
  YESTERDAY        0.01          2.82 1991   0.12  -0.11     0.00
  MONTH TO DATE    4.96                      2.72   2.24     1.02
  SINCE SEP 1      4.96                      2.72   2.24     1.02
  SINCE JAN 1     49.47                     41.68   7.79    53.90

SNOWFALL (IN)
  YESTERDAY        0.0           0.0  2002   0.0    0.0      0.0
                                      2001
  MONTH TO DATE    0.0                       0.0    0.0      0.0
  SINCE SEP 1      0.0                       0.0    0.0      0.0
  SINCE JUL 1      0.0                       0.0    0.0      0.0

DEGREE DAYS
 HEATING
  YESTERDAY        0                         0      0        0
  MONTH TO DATE    0                         0      0        3
  SINCE SEP 1      0                         0      0        3
  SINCE JUL 1      0                         0      0        3

 COOLING
  YESTERDAY       17                         8      9       13
  MONTH TO DATE  418                       265    153      257
  SINCE SEP 1    418                       265    153      257
  SINCE JAN 1   2570                      1885    685     2221
..................................................................


WIND (MPH)
  HIGHEST WIND SPEED    16   HIGHEST WIND DIRECTION     S (170)
  HIGHEST GUST SPEED    22   HIGHEST GUST DIRECTION     S (170)
  AVERAGE WIND SPEED     5.4


SKY COVER
  POSSIBLE SUNSHINE  MM
  AVERAGE SKY COVER 0.4


WEATHER CONDITIONS
 THE FOLLOWING WEATHER WAS RECORDED YESTERDAY.
  THUNDERSTORM
  LIGHT RAIN


RELATIVE HUMIDITY (PERCENT)
 HIGHEST    88          1000 PM
 LOWEST     59          1200 PM
 AVERAGE    74

..........................................................


THE MERIDIAN CLIMATE NORMALS FOR TODAY
                         NORMAL    RECORD    YEAR
 MAXIMUM TEMPERATURE (F)   84        99      2016
 MINIMUM TEMPERATURE (F)   60        45      1990
                                             1965


SUNRISE AND SUNSET
SEPTEMBER 25 2018.....SUNRISE   645 AM CDT   SUNSET   648 PM CDT
SEPTEMBER 26 2018.....SUNRISE   646 AM CDT   SUNSET   646 PM CDT


-  INDICATES NEGATIVE NUMBERS.
R  INDICATES RECORD WAS SET OR TIED.
MM INDICATES DATA IS MISSING.
T  INDICATES TRACE AMOUNT.




$$
