152
CDUS44 KJAN 200705
CLIMEI


CLIMATE REPORT
NATIONAL WEATHER SERVICE JACKSON MS
201 AM CDT WED JUN 20 2018


...................................

...THE MERIDIAN CLIMATE SUMMARY FOR JUNE 19 2018...

CLIMATE NORMAL PERIOD 1981 TO 2010
CLIMATE RECORD PERIOD 1889 TO 2018


WEATHER ITEM   OBSERVED TIME   RECORD YEAR NORMAL DEPARTURE LAST
                VALUE   (LST)  VALUE       VALUE  FROM      YEAR
                                                  NORMAL
..................................................................
TEMPERATURE (F)
 YESTERDAY
  MAXIMUM         94   1252 PM 102    1953  90      4       92
  MINIMUM         71   1246 AM  54    1899  67      4       73
  AVERAGE         83                        78      5       83

PRECIPITATION (IN)
  YESTERDAY        0.00          2.40 1938   0.15  -0.15     1.09
  MONTH TO DATE    3.34                      2.71   0.63     5.99
  SINCE JUN 1      3.34                      2.71   0.63     5.99
  SINCE JAN 1     29.81                     28.14   1.67    34.63

SNOWFALL (IN)
  YESTERDAY        0.0           0.0    MM   0.0    0.0      0.0
  MONTH TO DATE    0.0                       0.0    0.0      0.0
  SINCE JUN 1      0.0                       0.0    0.0      0.0
  SINCE JUL 1      5.3                       0.6    4.7      0.8

DEGREE DAYS
 HEATING
  YESTERDAY        0                         0      0        0
  MONTH TO DATE    0                         0      0        0
  SINCE JUN 1      0                         0      0        0
  SINCE JUL 1   2104                      2553   -449     1362

 COOLING
  YESTERDAY       18                        13      5       18
  MONTH TO DATE  305                       223     82      250
  SINCE JUN 1    305                       223     82      250
  SINCE JAN 1    821                       506    315      743
..................................................................


WIND (MPH)
  HIGHEST WIND SPEED     8   HIGHEST WIND DIRECTION    SE (130)
  HIGHEST GUST SPEED    11   HIGHEST GUST DIRECTION     E (80)
  AVERAGE WIND SPEED     1.8


SKY COVER
  POSSIBLE SUNSHINE  MM
  AVERAGE SKY COVER 0.1


WEATHER CONDITIONS
 THE FOLLOWING WEATHER WAS RECORDED YESTERDAY.
  NO SIGNIFICANT WEATHER WAS OBSERVED.


RELATIVE HUMIDITY (PERCENT)
 HIGHEST    93          1200 AM
 LOWEST     47           200 PM
 AVERAGE    70

..........................................................


THE MERIDIAN CLIMATE NORMALS FOR TODAY
                         NORMAL    RECORD    YEAR
 MAXIMUM TEMPERATURE (F)   90       101      1953
                                             1936
 MINIMUM TEMPERATURE (F)   67        54      1965


SUNRISE AND SUNSET
JUNE 20 2018..........SUNRISE   548 AM CDT   SUNSET   805 PM CDT
JUNE 21 2018..........SUNRISE   549 AM CDT   SUNSET   805 PM CDT


-  INDICATES NEGATIVE NUMBERS.
R  INDICATES RECORD WAS SET OR TIED.
MM INDICATES DATA IS MISSING.
T  INDICATES TRACE AMOUNT.




$$
