610
CDUS44 KJAN 210715
CLIMEI


CLIMATE REPORT
NATIONAL WEATHER SERVICE JACKSON MS
211 AM CDT MON OCT 21 2019


...................................

...THE MERIDIAN CLIMATE SUMMARY FOR OCTOBER 20 2019...

CLIMATE NORMAL PERIOD 1981 TO 2010
CLIMATE RECORD PERIOD 1889 TO 2019


WEATHER ITEM   OBSERVED TIME   RECORD YEAR NORMAL DEPARTURE LAST
                VALUE   (LST)  VALUE       VALUE  FROM      YEAR
                                                  NORMAL
..................................................................
TEMPERATURE (F)
 YESTERDAY
  MAXIMUM         84    241 PM  89    2016  76      8       73
  MINIMUM         62    218 AM  30    1964  49     13       53
  AVERAGE         73                        63     10       63

PRECIPITATION (IN)
  YESTERDAY        0.00          2.39 1909   0.13  -0.13     0.05
  MONTH TO DATE    4.62                      2.35   2.27     0.65
  SINCE SEP 1      4.85                      5.78  -0.93     7.72
  SINCE JAN 1     47.80                     44.74   3.06    52.23

SNOWFALL (IN)
  YESTERDAY        0.0           0.0  2002   0.0    0.0      0.0
                                      2001
  MONTH TO DATE    0.0                       0.0    0.0      0.0
  SINCE SEP 1      0.0                       0.0    0.0      0.0
  SINCE JUL 1      0.0                       0.0    0.0      0.0

DEGREE DAYS
 HEATING
  YESTERDAY        0                         5     -5        2
  MONTH TO DATE   26                        52    -26        5
  SINCE SEP 1     26                        59    -33        5
  SINCE JUL 1     26                        59    -33        5

 COOLING
  YESTERDAY        8                         2      6        0
  MONTH TO DATE  197                        72    125      188
  SINCE SEP 1    746                       375    371      685
  SINCE JAN 1   2829                      1995    834     2837
..................................................................


WIND (MPH)
  HIGHEST WIND SPEED    13   HIGHEST WIND DIRECTION    SE (140)
  HIGHEST GUST SPEED    16   HIGHEST GUST DIRECTION    SE (140)
  AVERAGE WIND SPEED     4.0


SKY COVER
  POSSIBLE SUNSHINE  MM
  AVERAGE SKY COVER 0.6


WEATHER CONDITIONS
 THE FOLLOWING WEATHER WAS RECORDED YESTERDAY.
  FOG
  FOG W/VISIBILITY <= 1/4 MILE


RELATIVE HUMIDITY (PERCENT)
 HIGHEST    93           200 AM
 LOWEST     55           400 PM
 AVERAGE    74

..........................................................


THE MERIDIAN CLIMATE NORMALS FOR TODAY
                         NORMAL    RECORD    YEAR
 MAXIMUM TEMPERATURE (F)   76        88      2004
                                             1963
                                             1941
 MINIMUM TEMPERATURE (F)   49        29      1976


SUNRISE AND SUNSET
OCTOBER 21 2019.......SUNRISE   703 AM CDT   SUNSET   616 PM CDT
OCTOBER 22 2019.......SUNRISE   704 AM CDT   SUNSET   615 PM CDT


-  INDICATES NEGATIVE NUMBERS.
R  INDICATES RECORD WAS SET OR TIED.
MM INDICATES DATA IS MISSING.
T  INDICATES TRACE AMOUNT.




$$
