000
CDUS44 KJAN 122208
CLIMEI

CLIMATE REPORT
NATIONAL WEATHER SERVICE JACKSON MS
508 PM CDT WED MAY 12 2021

...................................

...THE MERIDIAN CLIMATE SUMMARY FOR MAY 12 2021...
VALID AS OF 0500 PM LOCAL TIME.

CLIMATE NORMAL PERIOD: 1991 TO 2020
CLIMATE RECORD PERIOD: 1889 TO 2021


WEATHER ITEM   OBSERVED TIME   RECORD YEAR NORMAL DEPARTURE LAST
                VALUE   (LST)  VALUE       VALUE  FROM      YEAR
                                                  NORMAL
...................................................................
TEMPERATURE (F)
 TODAY
  MAXIMUM         69   3:59 PM  94    1916  84    -15       82
                                      1962
                                      1963
  MINIMUM         61  10:23 AM  40    1989  60      1       49
  AVERAGE         65                        72     -7       66

PRECIPITATION (IN)
  TODAY            0.73          2.63 1971   0.12   0.61     0.00
  MONTH TO DATE    2.40                      1.70   0.70     0.24
  SINCE MAR 1     21.95                     12.92   9.03    14.18
  SINCE JAN 1     29.67                     23.88   5.79    33.37

SNOWFALL (IN)
  TODAY            0.0           0.0    MM   0.0    0.0      0.0
  MONTH TO DATE    0.0                       0.0    0.0      0.0
  SINCE MAR 1      0.0                       0.3   -0.3      0.0
  SINCE JUL 1      0.4                       0.6   -0.2       T

DEGREE DAYS
 HEATING
  TODAY            0                         0      0        0
  MONTH TO DATE    1                         7     -6       25
  SINCE MAR 1    301                       329    -28      171
  SINCE JUL 1   2178                      2113     65     1677

 COOLING
  TODAY            0                         8     -8        1
  MONTH TO DATE   55                        76    -21       29
  SINCE MAR 1    173                       210    -37      248
  SINCE JAN 1    201                       226    -25      263
...................................................................


WIND (MPH)
  HIGHEST WIND SPEED    15   HIGHEST WIND DIRECTION     N (10)
  HIGHEST GUST SPEED    21   HIGHEST GUST DIRECTION     N (10)
  AVERAGE WIND SPEED     8.7


SKY COVER
  POSSIBLE SUNSHINE  MM
  AVERAGE SKY COVER 1.0


WEATHER CONDITIONS
THE FOLLOWING WEATHER WAS RECORDED TODAY.
  HEAVY RAIN
  RAIN
  LIGHT RAIN
  FOG


RELATIVE HUMIDITY (PERCENT)
 HIGHEST    90          12:00 AM
 LOWEST     68           4:00 PM
 AVERAGE    79

..........................................................


THE MERIDIAN CLIMATE NORMALS FOR TOMORROW
                         NORMAL    RECORD    YEAR
 MAXIMUM TEMPERATURE (F)   85        96      1962
 MINIMUM TEMPERATURE (F)   60        38      1960


SUNRISE AND SUNSET
MAY 12 2021...........SUNRISE   5:59 AM CDT   SUNSET   7:44 PM CDT
MAY 13 2021...........SUNRISE   5:58 AM CDT   SUNSET   7:45 PM CDT


-  INDICATES NEGATIVE NUMBERS.
R  INDICATES RECORD WAS SET OR TIED.
MM INDICATES DATA IS MISSING.
T  INDICATES TRACE AMOUNT.




$$
