000
CDUS44 KJAN 040641
CLIMEI


CLIMATE REPORT
NATIONAL WEATHER SERVICE JACKSON MS
138 AM CDT THU JUN 4 2020


...................................

...THE MERIDIAN CLIMATE SUMMARY FOR JUNE 3 2020...

CLIMATE NORMAL PERIOD 1981 TO 2010
CLIMATE RECORD PERIOD 1889 TO 2020


WEATHER ITEM   OBSERVED TIME   RECORD YEAR NORMAL DEPARTURE LAST
                VALUE   (LST)  VALUE       VALUE  FROM      YEAR
                                                  NORMAL
..................................................................
TEMPERATURE (F)
 YESTERDAY
  MAXIMUM         88   1230 PM  99    2011  87      1       97
                                      1911
  MINIMUM         70   1159 PM  45    1956  64      6       67
  AVERAGE         79                        75      4       82

PRECIPITATION (IN)
  YESTERDAY        0.10          2.14 1909   0.14  -0.04     0.00
  MONTH TO DATE    0.10                      0.44  -0.34     0.00
  SINCE JUN 1      0.10                      0.44  -0.34     0.00
  SINCE JAN 1     37.33                     25.87  11.46    32.85

SNOWFALL (IN)
  YESTERDAY        0.0           0.0    MM   0.0    0.0      0.0
  MONTH TO DATE    0.0                       0.0    0.0      0.0
  SINCE JUN 1      0.0                       0.0    0.0      0.0
  SINCE JUL 1      T                         0.6   -0.6      0.1

DEGREE DAYS
 HEATING
  YESTERDAY        0                         0      0        0
  MONTH TO DATE    0                         0      0        0
  SINCE JUN 1      0                         0      0        0
  SINCE JUL 1   1677                      2553   -876     1922

 COOLING
  YESTERDAY       14                        10      4       17
  MONTH TO DATE   39                        30      9       48
  SINCE JUN 1     39                        30      9       48
  SINCE JAN 1    494                       313    181      544
..................................................................


WIND (MPH)
  HIGHEST WIND SPEED    15   HIGHEST WIND DIRECTION    SE (140)
  HIGHEST GUST SPEED    20   HIGHEST GUST DIRECTION    SE (120)
  AVERAGE WIND SPEED     4.1


SKY COVER
  POSSIBLE SUNSHINE  MM
  AVERAGE SKY COVER 0.5


WEATHER CONDITIONS
 THE FOLLOWING WEATHER WAS RECORDED YESTERDAY.
  THUNDERSTORM
  RAIN
  LIGHT RAIN
  FOG


RELATIVE HUMIDITY (PERCENT)
 HIGHEST    94           800 AM
 LOWEST     55          1200 PM
 AVERAGE    75

..........................................................


THE MERIDIAN CLIMATE NORMALS FOR TODAY
                         NORMAL    RECORD    YEAR
 MAXIMUM TEMPERATURE (F)   87        99      2011
                                             1985
 MINIMUM TEMPERATURE (F)   64        50      2001


SUNRISE AND SUNSET
JUNE  4 2020..........SUNRISE   548 AM CDT   SUNSET   759 PM CDT
JUNE  5 2020..........SUNRISE   548 AM CDT   SUNSET   759 PM CDT


-  INDICATES NEGATIVE NUMBERS.
R  INDICATES RECORD WAS SET OR TIED.
MM INDICATES DATA IS MISSING.
T  INDICATES TRACE AMOUNT.




$$
