000
CDUS44 KJAN 142219
CLIMEI


CLIMATE REPORT
NATIONAL WEATHER SERVICE JACKSON MS
418 PM CST FRI DEC 14 2018


...................................

...THE MERIDIAN CLIMATE SUMMARY FOR DECEMBER 14 2018...
VALID TODAY AS OF 0400 PM LOCAL TIME.

CLIMATE NORMAL PERIOD 1981 TO 2010
CLIMATE RECORD PERIOD 1889 TO 2018


WEATHER ITEM   OBSERVED TIME   RECORD YEAR NORMAL DEPARTURE LAST
                VALUE   (LST)  VALUE       VALUE  FROM      YEAR
                                                  NORMAL
..................................................................
TEMPERATURE (F)
 TODAY
  MAXIMUM         68   1246 PM  77    1922  59      9       56
  MINIMUM         57    628 AM  15    1898  36     21       33
  AVERAGE         63                        47     16       45

PRECIPITATION (IN)
  TODAY            0.37          2.35 1967   0.16   0.21     0.00
  MONTH TO DATE    3.42                      2.48   0.94     1.81
  SINCE DEC 1      3.42                      2.48   0.94     1.81
  SINCE JAN 1     63.75                     53.58  10.17    59.58

SNOWFALL (IN)
  TODAY            0.0           0.0  2001   0.0    0.0      0.0
  MONTH TO DATE    0.0                       0.0    0.0      5.0
  SINCE DEC 1      0.0                       0.0    0.0      5.0
  SINCE JUL 1      0.0                       0.0    0.0      5.0

DEGREE DAYS
 HEATING
  TODAY            2                        18    -16       20
  MONTH TO DATE  210                       231    -21      243
  SINCE DEC 1    210                       231    -21      243
  SINCE JUL 1    628                       681    -53      584

 COOLING
  TODAY            0                         0      0        0
  MONTH TO DATE    9                         0      9        0
  SINCE DEC 1      9                         0      9        0
  SINCE JAN 1   2867                      2029    838     2542
..................................................................


WIND (MPH)
  HIGHEST WIND SPEED    17   HIGHEST WIND DIRECTION    SW (210)
  HIGHEST GUST SPEED    23   HIGHEST GUST DIRECTION    SW (210)
  AVERAGE WIND SPEED     7.6


SKY COVER
  POSSIBLE SUNSHINE  MM
  AVERAGE SKY COVER 0.8


WEATHER CONDITIONS
 THE FOLLOWING WEATHER WAS RECORDED TODAY.
  HEAVY RAIN
  RAIN
  LIGHT RAIN
  FOG
  HAZE


RELATIVE HUMIDITY (PERCENT)
 HIGHEST    93           400 AM
 LOWEST     60           400 PM
 AVERAGE    77

..........................................................


THE MERIDIAN CLIMATE NORMALS FOR TOMORROW
                         NORMAL    RECORD    YEAR
 MAXIMUM TEMPERATURE (F)   59        80      1948
 MINIMUM TEMPERATURE (F)   36        11      1901


SUNRISE AND SUNSET
DECEMBER 14 2018......SUNRISE   648 AM CST   SUNSET   451 PM CST
DECEMBER 15 2018......SUNRISE   649 AM CST   SUNSET   452 PM CST


-  INDICATES NEGATIVE NUMBERS.
R  INDICATES RECORD WAS SET OR TIED.
MM INDICATES DATA IS MISSING.
T  INDICATES TRACE AMOUNT.




$$
