000
CDUS44 KJAN 220950
CLIMEI


CLIMATE REPORT
NATIONAL WEATHER SERVICE JACKSON MS
443 AM CDT THU OCT 22 2020


...................................

...THE MERIDIAN CLIMATE SUMMARY FOR OCTOBER 21 2020...

CLIMATE NORMAL PERIOD 1981 TO 2010
CLIMATE RECORD PERIOD 1889 TO 2020


WEATHER ITEM   OBSERVED TIME   RECORD YEAR NORMAL DEPARTURE LAST
                VALUE   (LST)  VALUE       VALUE  FROM      YEAR
                                                  NORMAL
..................................................................
TEMPERATURE (F)
 YESTERDAY
  MAXIMUM         87    148 PM  88    2004  76     11       75
                                      1963
                                      1941
  MINIMUM         63    604 AM  29    1976  49     14       66
  AVERAGE         75                        62     13       71

PRECIPITATION (IN)
  YESTERDAY        0.00          5.34 1984   0.13  -0.13     0.31
  MONTH TO DATE    1.41                      2.48  -1.07     4.93
  SINCE SEP 1      2.93                      5.91  -2.98     5.16
  SINCE JAN 1     56.74                     44.87  11.87    48.11

SNOWFALL (IN)
  YESTERDAY        0.0           0.0         0.0    0.0      0.0
  MONTH TO DATE    0.0                       0.0    0.0      0.0
  SINCE SEP 1      0.0                       0.0    0.0      0.0
  SINCE JUL 1      0.0                       0.0    0.0      0.0

DEGREE DAYS
 HEATING
  YESTERDAY        0                         5     -5        0
  MONTH TO DATE   21                        57    -36       26
  SINCE SEP 1     22                        64    -42       26
  SINCE JUL 1     22                        64    -42       26

 COOLING
  YESTERDAY       10                         2      8        6
  MONTH TO DATE  102                        74     28      203
  SINCE SEP 1    464                       377     87      752
  SINCE JAN 1   2447                      1997    450     2835
..................................................................


WIND (MPH)
  HIGHEST WIND SPEED    13   HIGHEST WIND DIRECTION     E (100)
  HIGHEST GUST SPEED    17   HIGHEST GUST DIRECTION     E (100)
  AVERAGE WIND SPEED     4.8


SKY COVER
  POSSIBLE SUNSHINE  MM
  AVERAGE SKY COVER 0.0


WEATHER CONDITIONS
 THE FOLLOWING WEATHER WAS RECORDED YESTERDAY.
  NO SIGNIFICANT WEATHER WAS OBSERVED.


RELATIVE HUMIDITY (PERCENT)
 HIGHEST    93          1200 AM
 LOWEST     48           300 PM
 AVERAGE    71

..........................................................


THE MERIDIAN CLIMATE NORMALS FOR TODAY
                         NORMAL    RECORD    YEAR
 MAXIMUM TEMPERATURE (F)   75        90      1963
                                             1941
                                             1939
 MINIMUM TEMPERATURE (F)   49        29      1987


SUNRISE AND SUNSET
OCTOBER 22 2020.......SUNRISE   704 AM CDT   SUNSET   614 PM CDT
OCTOBER 23 2020.......SUNRISE   705 AM CDT   SUNSET   613 PM CDT


-  INDICATES NEGATIVE NUMBERS.
R  INDICATES RECORD WAS SET OR TIED.
MM INDICATES DATA IS MISSING.
T  INDICATES TRACE AMOUNT.




$$
