000
CDUS44 KMEG 202156
CLIMEM


CLIMATE REPORT
NATIONAL WEATHER SERVICE MEMPHIS TN
456 PM CDT FRI JUL 20 2018


...................................

...THE MEMPHIS CLIMATE SUMMARY FOR JULY 20 2018...
VALID TODAY AS OF 0400 PM LOCAL TIME.

CLIMATE NORMAL PERIOD 1981 TO 2010
CLIMATE RECORD PERIOD 1872 TO 2018


WEATHER ITEM   OBSERVED TIME   RECORD YEAR NORMAL DEPARTURE LAST
                VALUE   (LST)  VALUE       VALUE  FROM      YEAR
                                                  NORMAL
..................................................................
TEMPERATURE (F)
 TODAY
  MAXIMUM         93    259 PM 104    1986  92      1       97
  MINIMUM         75    542 AM  58    1947  74      1       78
  AVERAGE         84                        83      1       88

PRECIPITATION (IN)
  TODAY            0.01          2.15 1935   0.14  -0.13     0.08
  MONTH TO DATE    3.71                      2.92   0.79     1.46
  SINCE JUN 1      5.77                      6.55  -0.78     6.07
  SINCE JAN 1     38.84                     30.83   8.01    24.92

SNOWFALL (IN)
  TODAY            0.0

DEGREE DAYS
 HEATING
  TODAY            0                         0      0        0
  MONTH TO DATE    0                         0      0        0
  SINCE JUN 1      0                         0      0        0
  SINCE JUL 1      0                         0      0        0

 COOLING
  TODAY           19                        18      1       23
  MONTH TO DATE  398                       356     42      361
  SINCE JUN 1    911                       794    117      771
  SINCE JAN 1   1331                      1115    216     1151
..................................................................


WIND (MPH)
  HIGHEST WIND SPEED    18   HIGHEST WIND DIRECTION     S (190)
  HIGHEST GUST SPEED    23   HIGHEST GUST DIRECTION     W (250)
  AVERAGE WIND SPEED     8.1


SKY COVER
  POSSIBLE SUNSHINE  MM
  AVERAGE SKY COVER 0.6


WEATHER CONDITIONS
 THE FOLLOWING WEATHER WAS RECORDED TODAY.
  LIGHT RAIN


RELATIVE HUMIDITY (PERCENT)
 HIGHEST    94          1100 AM
 LOWEST     56           300 PM
 AVERAGE    75

..........................................................


THE MEMPHIS CLIMATE NORMALS FOR TOMORROW
                         NORMAL    RECORD    YEAR
 MAXIMUM TEMPERATURE (F)   92       101      2006
 MINIMUM TEMPERATURE (F)   74        61      1944


SUNRISE AND SUNSET
JULY 20 2018..........SUNRISE   601 AM CDT   SUNSET   812 PM CDT
JULY 21 2018..........SUNRISE   601 AM CDT   SUNSET   811 PM CDT


-  INDICATES NEGATIVE NUMBERS.
R  INDICATES RECORD WAS SET OR TIED.
MM INDICATES DATA IS MISSING.
T  INDICATES TRACE AMOUNT.




$$
