000
CDUS44 KMEG 112150
CLIMEM


CLIMATE REPORT
NATIONAL WEATHER SERVICE MEMPHIS TN
450 PM CDT TUE AUG 11 2020


...................................

...THE MEMPHIS CLIMATE SUMMARY FOR AUGUST 11 2020...
VALID TODAY AS OF 0400 PM LOCAL TIME.

CLIMATE NORMAL PERIOD 1981 TO 2010
CLIMATE RECORD PERIOD 1872 TO 2020


WEATHER ITEM   OBSERVED TIME   RECORD YEAR NORMAL DEPARTURE LAST
                VALUE   (LST)  VALUE       VALUE  FROM      YEAR
                                                  NORMAL
..................................................................
TEMPERATURE (F)
 TODAY
  MAXIMUM         97    232 PM 102    2007  92      5       94
                                      1881
  MINIMUM         77    551 AM  61    1882  73      4       76
  AVERAGE         87                        82      5       85

PRECIPITATION (IN)
  TODAY            T             1.50 1914   0.10  -0.10     0.00
  MONTH TO DATE    0.10                      1.23  -1.13     1.81
  SINCE JUN 1      5.16                      9.45  -4.29    18.85
  SINCE JAN 1     34.92                     33.73   1.19    49.56

SNOWFALL (IN)
  TODAY            0.0

DEGREE DAYS
 HEATING
  TODAY            0                         0      0        0
  MONTH TO DATE    0                         0      0        0
  SINCE JUN 1      0                         0      0        0
  SINCE JUL 1      0                         0      0        0

 COOLING
  TODAY           22                        18      4       20
  MONTH TO DATE  177                       198    -21      186
  SINCE JUN 1   1203                      1185     18     1097
  SINCE JAN 1   1455                      1506    -51     1442
..................................................................


WIND (MPH)
  HIGHEST WIND SPEED    22   HIGHEST WIND DIRECTION    NW (330)
  HIGHEST GUST SPEED    29   HIGHEST GUST DIRECTION    NW (330)
  AVERAGE WIND SPEED     9.3


SKY COVER
  POSSIBLE SUNSHINE  MM
  AVERAGE SKY COVER 0.6


WEATHER CONDITIONS
 THE FOLLOWING WEATHER WAS RECORDED TODAY.
  THUNDERSTORM
  LIGHT RAIN


RELATIVE HUMIDITY (PERCENT)
 HIGHEST    74          1200 AM
 LOWEST     42           100 PM
 AVERAGE    58

..........................................................


THE MEMPHIS CLIMATE NORMALS FOR TOMORROW
                         NORMAL    RECORD    YEAR
 MAXIMUM TEMPERATURE (F)   92       103      2007
 MINIMUM TEMPERATURE (F)   73        58      1967


SUNRISE AND SUNSET
AUGUST 11 2020........SUNRISE   617 AM CDT   SUNSET   752 PM CDT
AUGUST 12 2020........SUNRISE   618 AM CDT   SUNSET   751 PM CDT


-  INDICATES NEGATIVE NUMBERS.
R  INDICATES RECORD WAS SET OR TIED.
MM INDICATES DATA IS MISSING.
T  INDICATES TRACE AMOUNT.




$$
