000
CDUS44 KMEG 230638
CLIMEM


CLIMATE REPORT
NATIONAL WEATHER SERVICE MEMPHIS TN
137 AM CDT TUE OCT 23 2018


...................................

...THE MEMPHIS CLIMATE SUMMARY FOR OCTOBER 22 2018...

CLIMATE NORMAL PERIOD 1981 TO 2010
CLIMATE RECORD PERIOD 1872 TO 2018


WEATHER ITEM   OBSERVED TIME   RECORD YEAR NORMAL DEPARTURE LAST
                VALUE   (LST)  VALUE       VALUE  FROM      YEAR
                                                  NORMAL
..................................................................
TEMPERATURE (F)
 YESTERDAY
  MAXIMUM         67    136 PM  88    1953  72     -5       73
                                      1941
  MINIMUM         39    117 AM  28    1952  52    -13       56
  AVERAGE         53                        62     -9       65

PRECIPITATION (IN)
  YESTERDAY        0.00          6.30 1935   0.14  -0.14     0.19
  MONTH TO DATE    2.12                      2.75  -0.63     2.74
  SINCE SEP 1      7.39                      5.84   1.55     4.35
  SINCE JAN 1     49.59                     41.22   8.37    41.01

SNOWFALL (IN)
  YESTERDAY        0.0           0.0  2002   0.0    0.0      0.0
                                      2001
  MONTH TO DATE    0.0                       0.0    0.0      0.0
  SINCE SEP 1      0.0                       0.0    0.0      0.0
  SINCE JUL 1      0.0                       0.0    0.0      0.0
  SNOW DEPTH       0

DEGREE DAYS
 HEATING
  YESTERDAY       12                         5      7        0
  MONTH TO DATE   88                        64     24       23
  SINCE SEP 1     89                        75     14       26
  SINCE JUL 1     89                        75     14       26

 COOLING
  YESTERDAY        0                         2     -2        0
  MONTH TO DATE  148                        77     71      143
  SINCE SEP 1    543                       393    150      464
  SINCE JAN 1   2557                      2228    329     2280
..................................................................


WIND (MPH)
  HIGHEST WIND SPEED     9   HIGHEST WIND DIRECTION    SW (230)
  HIGHEST GUST SPEED    14   HIGHEST GUST DIRECTION    SW (210)
  AVERAGE WIND SPEED     2.6


SKY COVER
  POSSIBLE SUNSHINE  MM
  AVERAGE SKY COVER 0.6


WEATHER CONDITIONS
 THE FOLLOWING WEATHER WAS RECORDED YESTERDAY.
  NO SIGNIFICANT WEATHER WAS OBSERVED.


RELATIVE HUMIDITY (PERCENT)
 HIGHEST    89          1200 AM
 LOWEST     37           100 PM
 AVERAGE    63

..........................................................


THE MEMPHIS CLIMATE NORMALS FOR TODAY
                         NORMAL    RECORD    YEAR
 MAXIMUM TEMPERATURE (F)   72        89      1939
 MINIMUM TEMPERATURE (F)   52        30      1952


SUNRISE AND SUNSET
OCTOBER 23 2018.......SUNRISE   713 AM CDT   SUNSET   615 PM CDT
OCTOBER 24 2018.......SUNRISE   714 AM CDT   SUNSET   614 PM CDT


-  INDICATES NEGATIVE NUMBERS.
R  INDICATES RECORD WAS SET OR TIED.
MM INDICATES DATA IS MISSING.
T  INDICATES TRACE AMOUNT.




$$
