000
CDUS44 KMEG 150635
CLIMEM

CLIMATE REPORT
NATIONAL WEATHER SERVICE MEMPHIS TN
135 AM CDT TUE JUN 15 2021

...................................

...THE MEMPHIS CLIMATE SUMMARY FOR JUNE 14 2021...

CLIMATE NORMAL PERIOD 1991 TO 2020
CLIMATE RECORD PERIOD 1872 TO 2021


WEATHER ITEM   OBSERVED TIME   RECORD YEAR NORMAL DEPARTURE LAST
                VALUE   (LST)  VALUE       VALUE  FROM      YEAR
                                                  NORMAL
...................................................................
TEMPERATURE (F)
 YESTERDAY
  MAXIMUM         93    432 PM  99    1952  89      4       92
                                      1953
  MINIMUM         75    403 AM  56    1985  70      5       70
  AVERAGE         84                        80      4       81

PRECIPITATION (IN)
  YESTERDAY        0.00          5.18 1900   0.13  -0.13     0.00
  MONTH TO DATE    4.17                      1.92   2.25     1.13
  SINCE JUN 1      4.17                      1.92   2.25     1.13
  SINCE JAN 1     31.15                     27.49   3.66    30.89

SNOWFALL (IN)
  YESTERDAY        0.0          MM      MM   0.0    0.0      0.0
  MONTH TO DATE    0.0                       0.0    0.0      0.0
  SINCE JUN 1      0.0                       0.0    0.0      0.0
  SINCE JUL 1     10.3                       2.7    7.6      0.6
  SNOW DEPTH       0

DEGREE DAYS
 HEATING
  YESTERDAY        0                         0      0        0
  MONTH TO DATE    0                         0      0        0
  SINCE JUN 1      0                         0      0        0
  SINCE JUL 1   2888                      2875     13     2729

 COOLING
  YESTERDAY       19                        15      4       16
  MONTH TO DATE  171                       188    -17      192
  SINCE JUN 1    171                       188    -17      192
  SINCE JAN 1    419                       525   -106      444
...................................................................


WIND (MPH)
  HIGHEST WIND SPEED    14   HIGHEST WIND DIRECTION     N (360)
  HIGHEST GUST SPEED    23   HIGHEST GUST DIRECTION    SE (140)
  AVERAGE WIND SPEED     5.9


SKY COVER
  POSSIBLE SUNSHINE  MM
  AVERAGE SKY COVER 0.1


WEATHER CONDITIONS
THE FOLLOWING WEATHER WAS RECORDED YESTERDAY.
  NO SIGNIFICANT WEATHER WAS OBSERVED.


RELATIVE HUMIDITY (PERCENT)
 HIGHEST    77           400 AM
 LOWEST     37           300 PM
 AVERAGE    57

..........................................................


THE MEMPHIS CLIMATE NORMALS FOR TODAY
                         NORMAL    RECORD    YEAR
 MAXIMUM TEMPERATURE (F)   90       100      1952
 MINIMUM TEMPERATURE (F)   71        56      1933
                                             1947


SUNRISE AND SUNSET
JUNE 15 2021..........SUNRISE   545 AM CDT   SUNSET   816 PM CDT
JUNE 16 2021..........SUNRISE   545 AM CDT   SUNSET   816 PM CDT


-  INDICATES NEGATIVE NUMBERS.
R  INDICATES RECORD WAS SET OR TIED.
MM INDICATES DATA IS MISSING.
T  INDICATES TRACE AMOUNT.


$$
