000
CDUS44 KMEG 190732
CLIMEM


CLIMATE REPORT
NATIONAL WEATHER SERVICE MEMPHIS TN
132 AM CST MON FEB 19 2018


...................................

...THE MEMPHIS CLIMATE SUMMARY FOR FEBRUARY 18 2018...

CLIMATE NORMAL PERIOD 1981 TO 2010
CLIMATE RECORD PERIOD 1872 TO 2018


WEATHER ITEM   OBSERVED TIME   RECORD YEAR NORMAL DEPARTURE LAST
                VALUE   (LST)  VALUE       VALUE  FROM      YEAR
                                                  NORMAL
..................................................................
TEMPERATURE (F)
 YESTERDAY
  MAXIMUM         60    145 PM  78    1986  56      4       66
  MINIMUM         36    704 AM   1    1936  37     -1       51
  AVERAGE         48                        46      2       59

PRECIPITATION (IN)
  YESTERDAY        T             3.91 1938   0.16  -0.16     0.04
  MONTH TO DATE    5.36                      2.77   2.59     1.00
  SINCE DEC 1     16.64                     12.49   4.15    12.59
  SINCE JAN 1      9.38                      6.75   2.63     5.26

SNOWFALL (IN)
  YESTERDAY        0.0           5.5  1921   0.1   -0.1      0.0
  MONTH TO DATE    0.0                       1.0   -1.0      0.0
  SINCE DEC 1      2.5                       3.1   -0.6      2.0
  SINCE JUL 1      2.5                       3.1   -0.6      2.0
  SNOW DEPTH       0

DEGREE DAYS
 HEATING
  YESTERDAY       17                        19     -2        6
  MONTH TO DATE  373                       376     -3      239
  SINCE DEC 1   1913                      1779    134     1372
  SINCE JUL 1   2359                      2278     81     1642

 COOLING
  YESTERDAY        0                         0      0        0
  MONTH TO DATE    5                         0      5       11
  SINCE DEC 1      5                         3      2       16
  SINCE JAN 1      5                         1      4       13
..................................................................


WIND (MPH)
  HIGHEST WIND SPEED    18   HIGHEST WIND DIRECTION     E (100)
  HIGHEST GUST SPEED    23   HIGHEST GUST DIRECTION     E (90)
  AVERAGE WIND SPEED     9.8


SKY COVER
  POSSIBLE SUNSHINE  MM
  AVERAGE SKY COVER 0.6


WEATHER CONDITIONS
 THE FOLLOWING WEATHER WAS RECORDED YESTERDAY.
  LIGHT RAIN
  FOG


RELATIVE HUMIDITY (PERCENT)
 HIGHEST   100           200 AM
 LOWEST     40           100 PM
 AVERAGE    70

..........................................................


THE MEMPHIS CLIMATE NORMALS FOR TODAY
                         NORMAL    RECORD    YEAR
 MAXIMUM TEMPERATURE (F)   56        77      2017
 MINIMUM TEMPERATURE (F)   37         9      1958


SUNRISE AND SUNSET
FEBRUARY 19 2018......SUNRISE   641 AM CST   SUNSET   546 PM CST
FEBRUARY 20 2018......SUNRISE   640 AM CST   SUNSET   547 PM CST


-  INDICATES NEGATIVE NUMBERS.
R  INDICATES RECORD WAS SET OR TIED.
MM INDICATES DATA IS MISSING.
T  INDICATES TRACE AMOUNT.




$$
