650
CDUS44 KMEG 162204
CLIMEM


CLIMATE REPORT
NATIONAL WEATHER SERVICE MEMPHIS TN
504 PM CDT WED OCT 16 2019


...................................

...THE MEMPHIS CLIMATE SUMMARY FOR OCTOBER 16 2019...
VALID TODAY AS OF 0500 PM LOCAL TIME.

CLIMATE NORMAL PERIOD 1981 TO 2010
CLIMATE RECORD PERIOD 1872 TO 2019


WEATHER ITEM   OBSERVED TIME   RECORD YEAR NORMAL DEPARTURE LAST
                VALUE   (LST)  VALUE       VALUE  FROM      YEAR
                                                  NORMAL
..................................................................
TEMPERATURE (F)
 TODAY
  MAXIMUM         68   1228 AM  87    1984  74     -6       50
                                      1953
                                      1950
  MINIMUM         51    631 AM  31    1876  54     -3       45
  AVERAGE         60                        64     -4       48

PRECIPITATION (IN)
  TODAY            0.09          2.20 1989   0.13  -0.04     0.13
  MONTH TO DATE    5.79                      1.92   3.87     1.70
  SINCE SEP 1      5.91                      5.01   0.90     6.97
  SINCE JAN 1     58.14                     40.39  17.75    49.17

SNOWFALL (IN)
  TODAY            0.0

DEGREE DAYS
 HEATING
  TODAY            5                         4      1       17
  MONTH TO DATE   39                        38      1       41
  SINCE SEP 1     39                        49    -10       42
  SINCE JUL 1     39                        49    -10       42

 COOLING
  TODAY            0                         3     -3        0
  MONTH TO DATE  116                        64     52      148
  SINCE SEP 1    680                       380    300      543
  SINCE JAN 1   2474                      2215    259     2557
..................................................................


WIND (MPH)
  HIGHEST WIND SPEED    22   HIGHEST WIND DIRECTION    NW (330)
  HIGHEST GUST SPEED    29   HIGHEST GUST DIRECTION     W (280)
  AVERAGE WIND SPEED    12.7


SKY COVER
  POSSIBLE SUNSHINE  MM
  AVERAGE SKY COVER 0.3


WEATHER CONDITIONS
 THE FOLLOWING WEATHER WAS RECORDED TODAY.
  LIGHT RAIN
  FOG


RELATIVE HUMIDITY (PERCENT)
 HIGHEST    90           200 AM
 LOWEST     46          1200 PM
 AVERAGE    68

..........................................................


THE MEMPHIS CLIMATE NORMALS FOR TOMORROW
                         NORMAL    RECORD    YEAR
 MAXIMUM TEMPERATURE (F)   74        88      1953
                                             1947
                                             1938
 MINIMUM TEMPERATURE (F)   53        30      1943


SUNRISE AND SUNSET
OCTOBER 16 2019.......SUNRISE   707 AM CDT   SUNSET   624 PM CDT
OCTOBER 17 2019.......SUNRISE   707 AM CDT   SUNSET   623 PM CDT


-  INDICATES NEGATIVE NUMBERS.
R  INDICATES RECORD WAS SET OR TIED.
MM INDICATES DATA IS MISSING.
T  INDICATES TRACE AMOUNT.




$$
