000
CDUS44 KMEG 180733
CLIMEM


CLIMATE REPORT
NATIONAL WEATHER SERVICE MEMPHIS TN
132 AM CST MON FEB 18 2019


...................................

...THE MEMPHIS CLIMATE SUMMARY FOR FEBRUARY 17 2019...

CLIMATE NORMAL PERIOD 1981 TO 2010
CLIMATE RECORD PERIOD 1872 TO 2019


WEATHER ITEM   OBSERVED TIME   RECORD YEAR NORMAL DEPARTURE LAST
                VALUE   (LST)  VALUE       VALUE  FROM      YEAR
                                                  NORMAL
..................................................................
TEMPERATURE (F)
 YESTERDAY
  MAXIMUM         45    103 PM  76    1976  55    -10       49
  MINIMUM         37   1159 PM   5    1900  37      0       40
  AVERAGE         41                        46     -5       45

PRECIPITATION (IN)
  YESTERDAY        0.16          1.64 1940   0.15   0.01     0.31
  MONTH TO DATE    3.74                      2.61   1.13     5.36
  SINCE DEC 1     17.33                     12.33   5.00    16.64
  SINCE JAN 1      8.49                      6.59   1.90     9.38

SNOWFALL (IN)
  YESTERDAY        0.0           2.3  1979   0.0    0.0      0.0
  MONTH TO DATE    0.0                       0.9   -0.9      0.0
  SINCE DEC 1      0.2                       3.0   -2.8      2.5
  SINCE JUL 1      0.8                       3.0   -2.2      2.5
  SNOW DEPTH       0

DEGREE DAYS
 HEATING
  YESTERDAY       24                        19      5       20
  MONTH TO DATE  261                       357    -96      356
  SINCE DEC 1   1567                      1760   -193     1896
  SINCE JUL 1   2215                      2259    -44     2342

 COOLING
  YESTERDAY        0                         0      0        0
  MONTH TO DATE    3                         0      3        5
  SINCE DEC 1      4                         3      1        5
  SINCE JAN 1      3                         1      2        5
..................................................................


WIND (MPH)
  HIGHEST WIND SPEED    15   HIGHEST WIND DIRECTION    NW (320)
  HIGHEST GUST SPEED    22   HIGHEST GUST DIRECTION    NW (320)
  AVERAGE WIND SPEED     7.8


SKY COVER
  POSSIBLE SUNSHINE  MM
  AVERAGE SKY COVER 0.9


WEATHER CONDITIONS
 THE FOLLOWING WEATHER WAS RECORDED YESTERDAY.
  THUNDERSTORM
  RAIN
  LIGHT RAIN
  FOG


RELATIVE HUMIDITY (PERCENT)
 HIGHEST    93           200 AM
 LOWEST     76           900 PM
 AVERAGE    85

..........................................................


THE MEMPHIS CLIMATE NORMALS FOR TODAY
                         NORMAL    RECORD    YEAR
 MAXIMUM TEMPERATURE (F)   56        78      1986
 MINIMUM TEMPERATURE (F)   37         1      1936


SUNRISE AND SUNSET
FEBRUARY 18 2019......SUNRISE   643 AM CST   SUNSET   545 PM CST
FEBRUARY 19 2019......SUNRISE   642 AM CST   SUNSET   546 PM CST


-  INDICATES NEGATIVE NUMBERS.
R  INDICATES RECORD WAS SET OR TIED.
MM INDICATES DATA IS MISSING.
T  INDICATES TRACE AMOUNT.




$$
