000
CDUS41 KCLE 230526
CLIMFD


CLIMATE REPORT
NATIONAL WEATHER SERVICE CLEVELAND OH
126 AM EDT WED OCT 23 2019


...................................

...THE MANSFIELD OH CLIMATE SUMMARY FOR OCTOBER 22 2019...

CLIMATE NORMAL PERIOD 1981 TO 2010
CLIMATE RECORD PERIOD 1916 TO 2019


WEATHER ITEM   OBSERVED TIME   RECORD YEAR NORMAL DEPARTURE LAST
                VALUE   (LST)  VALUE       VALUE  FROM      YEAR
                                                  NORMAL
..................................................................
TEMPERATURE (F)
 YESTERDAY
  MAXIMUM         64   1209 PM  79    1963  60      4       59
  MINIMUM         48   1025 PM  21    1930  40      8       31
  AVERAGE         56                        50      6       45

PRECIPITATION (IN)
  YESTERDAY        0.00                      0.09  -0.09     0.00
  MONTH TO DATE    0.98                      2.05  -1.07     2.80
  SINCE SEP 1      4.77                      5.37  -0.60     7.34
  SINCE JAN 1     41.15                     36.20   4.95    37.26

SNOWFALL (IN)
  YESTERDAY        0.0                       0.0    0.0      0.0
  MONTH TO DATE    0.0                       0.2   -0.2       T
  SINCE SEP 1      0.0                       0.2   -0.2       T
  SINCE JUL 1      0.0                       0.2   -0.2       T
  SNOW DEPTH       0

DEGREE DAYS
 HEATING
  YESTERDAY        9                        15     -6       20
  MONTH TO DATE  182                       267    -85      238
  SINCE SEP 1    189                       392   -203      295
  SINCE JUL 1    189                       417   -228      296

 COOLING
  YESTERDAY        0                         0      0        0
  MONTH TO DATE   35                         5     30       72
  SINCE SEP 1    201                        68    133      258
  SINCE JAN 1    979                       630    349     1126
..................................................................


WIND (MPH)
  HIGHEST WIND SPEED    29   HIGHEST WIND DIRECTION     S (200)
  HIGHEST GUST SPEED    37   HIGHEST GUST DIRECTION    SW (210)
  AVERAGE WIND SPEED    14.4


SKY COVER
  POSSIBLE SUNSHINE  MM
  AVERAGE SKY COVER 0.6


WEATHER CONDITIONS
 THE FOLLOWING WEATHER WAS RECORDED YESTERDAY.
  NO SIGNIFICANT WEATHER WAS OBSERVED.


RELATIVE HUMIDITY (PERCENT)
 HIGHEST    97           100 AM
 LOWEST     47           200 PM
 AVERAGE    72

..........................................................


THE MANSFIELD OH CLIMATE NORMALS FOR TODAY
                         NORMAL    RECORD    YEAR
 MAXIMUM TEMPERATURE (F)   59        78      1963
                                             1931
 MINIMUM TEMPERATURE (F)   40        21      1944


SUNRISE AND SUNSET
OCTOBER 23 2019.......SUNRISE   750 AM EDT   SUNSET   638 PM EDT
OCTOBER 24 2019.......SUNRISE   751 AM EDT   SUNSET   637 PM EDT


-  INDICATES NEGATIVE NUMBERS.
R  INDICATES RECORD WAS SET OR TIED.
MM INDICATES DATA IS MISSING.
T  INDICATES TRACE AMOUNT.




$$
