000
CDUS41 KCLE 202125
CLIMFD


CLIMATE REPORT
NATIONAL WEATHER SERVICE CLEVELAND OH
524 PM EDT WED JUN 20 2018


...................................

...THE MANSFIELD OH CLIMATE SUMMARY FOR JUNE 20 2018...
VALID TODAY AS OF 0500 PM LOCAL TIME.

CLIMATE NORMAL PERIOD 1981 TO 2010
CLIMATE RECORD PERIOD 1916 TO 2018


WEATHER ITEM   OBSERVED TIME   RECORD YEAR NORMAL DEPARTURE LAST
                VALUE   (LST)  VALUE       VALUE  FROM      YEAR
                                                  NORMAL
..................................................................
TEMPERATURE (F)
 TODAY
  MAXIMUM         79    338 PM  94    1988  80     -1       77
                                      1953
                                      1933
  MINIMUM         67    150 AM  41    1947  59      8       58
  AVERAGE         73                        69      4       68

PRECIPITATION (IN)
  TODAY            0.10                      0.16  -0.06      T
  MONTH TO DATE    2.95                      3.25  -0.30     4.43
  SINCE JUN 1      2.95                      3.25  -0.30     4.43
  SINCE JAN 1     21.47                     20.58   0.89    25.58

SNOWFALL (IN)
  TODAY            0.0                       0.0    0.0      0.0
  MONTH TO DATE    0.0                       0.0    0.0      0.0
  SINCE JUN 1      0.0                       0.0    0.0      0.0
  SINCE JUL 1     46.3                      48.3   -2.0     36.6
  SNOW DEPTH       0

DEGREE DAYS
 HEATING
  TODAY            0                         1     -1        0
  MONTH TO DATE   14                        45    -31       24
  SINCE JUN 1     14                        45    -31       24
  SINCE JUL 1   5973                      6262   -289     5020

 COOLING
  TODAY            8                         5      3        3
  MONTH TO DATE  123                        76     47      129
  SINCE JUN 1    123                        76     47      129
  SINCE JAN 1    246                       122    124      186
..................................................................


WIND (MPH)
  HIGHEST WIND SPEED    15   HIGHEST WIND DIRECTION    NW (320)
  HIGHEST GUST SPEED    18   HIGHEST GUST DIRECTION    NW (320)


SKY COVER
  POSSIBLE SUNSHINE  MM
  AVERAGE SKY COVER 0.8


WEATHER CONDITIONS
 THE FOLLOWING WEATHER WAS RECORDED TODAY.
  HEAVY RAIN
  LIGHT RAIN
  FOG


RELATIVE HUMIDITY (PERCENT)
 HIGHEST    97           600 AM
 LOWEST     82          1200 PM
 AVERAGE    90

..........................................................


THE MANSFIELD OH CLIMATE NORMALS FOR TOMORROW
                         NORMAL    RECORD    YEAR
 MAXIMUM TEMPERATURE (F)   80        96      1988
                                             1933
 MINIMUM TEMPERATURE (F)   59        40      1940


SUNRISE AND SUNSET
JUNE 20 2018..........SUNRISE   558 AM EDT   SUNSET   905 PM EDT
JUNE 21 2018..........SUNRISE   559 AM EDT   SUNSET   905 PM EDT


-  INDICATES NEGATIVE NUMBERS.
R  INDICATES RECORD WAS SET OR TIED.
MM INDICATES DATA IS MISSING.
T  INDICATES TRACE AMOUNT.




$$
