000
CDUS41 KCLE 220527
CLIMFD

CLIMATE REPORT
NATIONAL WEATHER SERVICE CLEVELAND, OH
127 AM EDT THU OCT 22 2020

...................................

...THE MANSFIELD OH CLIMATE SUMMARY FOR OCTOBER 21 2020...

CLIMATE NORMAL PERIOD 1981 TO 2010
CLIMATE RECORD PERIOD 1916 TO 2020


WEATHER ITEM   OBSERVED TIME   RECORD YEAR NORMAL DEPARTURE LAST
                VALUE   (LST)  VALUE       VALUE  FROM      YEAR
                                                  NORMAL
...................................................................
TEMPERATURE (F)
 YESTERDAY
  MAXIMUM         65    953 AM  80    2007  60      5       71
  MINIMUM         57    955 PM  21    1952  40     17       49
  AVERAGE         61                        50     11       60

PRECIPITATION (IN)
  YESTERDAY        0.17                      0.09   0.08     0.14
  MONTH TO DATE    2.23                      1.96   0.27     0.98
  SINCE SEP 1      7.93                      5.28   2.65     4.77
  SINCE JAN 1     33.35                     36.11  -2.76    41.15

SNOWFALL (IN)
  YESTERDAY        0.0                       0.1   -0.1      0.0
  MONTH TO DATE    0.0                       0.2   -0.2      0.0
  SINCE SEP 1      0.0                       0.2   -0.2      0.0
  SINCE JUL 1      0.0                       0.2   -0.2      0.0
  SNOW DEPTH       0

DEGREE DAYS
 HEATING
  YESTERDAY        4                        15    -11        5
  MONTH TO DATE  205                       252    -47      173
  SINCE SEP 1    297                       377    -80      180
  SINCE JUL 1    297                       402   -105      180

 COOLING
  YESTERDAY        0                         0      0        0
  MONTH TO DATE    4                         5     -1       35
  SINCE SEP 1     84                        68     16      201
  SINCE JAN 1   1022                       630    392      979
...................................................................


WIND (MPH)
  HIGHEST WIND SPEED    20   HIGHEST WIND DIRECTION    SW (220)
  HIGHEST GUST SPEED    28   HIGHEST GUST DIRECTION    SW (210)
  AVERAGE WIND SPEED     7.5


SKY COVER
  POSSIBLE SUNSHINE  MM
  AVERAGE SKY COVER 0.9


WEATHER CONDITIONS
THE FOLLOWING WEATHER WAS RECORDED YESTERDAY.
  THUNDERSTORM
  HEAVY RAIN
  LIGHT RAIN
  FOG


RELATIVE HUMIDITY (PERCENT)
 HIGHEST   100          1200 AM
 LOWEST     80           300 PM
 AVERAGE    90

..........................................................


THE MANSFIELD OH CLIMATE NORMALS FOR TODAY
                         NORMAL    RECORD    YEAR
 MAXIMUM TEMPERATURE (F)   60        79      1963
 MINIMUM TEMPERATURE (F)   40        21      1930


SUNRISE AND SUNSET
OCTOBER 22 2020.......SUNRISE   750 AM EDT   SUNSET   639 PM EDT
OCTOBER 23 2020.......SUNRISE   751 AM EDT   SUNSET   637 PM EDT


-  INDICATES NEGATIVE NUMBERS.
R  INDICATES RECORD WAS SET OR TIED.
MM INDICATES DATA IS MISSING.
T  INDICATES TRACE AMOUNT.




$$
