691
CDUS41 KCLE 180545
CLIMFD


CLIMATE REPORT
NATIONAL WEATHER SERVICE CLEVELAND OH
1244 AM EST TUE DEC 18 2018


...................................

...THE MANSFIELD OH CLIMATE SUMMARY FOR DECEMBER 17 2018...

CLIMATE NORMAL PERIOD 1981 TO 2010
CLIMATE RECORD PERIOD 1916 TO 2018


WEATHER ITEM   OBSERVED TIME   RECORD YEAR NORMAL DEPARTURE LAST
                VALUE   (LST)  VALUE       VALUE  FROM      YEAR
                                                  NORMAL
..................................................................
TEMPERATURE (F)
 YESTERDAY
  MAXIMUM         40    133 PM  61    1984  36      4       40
  MINIMUM         26   1153 PM -11    1989  22      4       30
  AVERAGE         33                        29      4       35

PRECIPITATION (IN)
  YESTERDAY        0.00                      0.10  -0.10     0.08
  MONTH TO DATE    1.57                      1.84  -0.27     0.86
  SINCE DEC 1      1.57                      1.84  -0.27     0.86
  SINCE JAN 1     45.91                     42.74   3.17    48.28

SNOWFALL (IN)
  YESTERDAY        0.0                       0.3   -0.3      0.0
  MONTH TO DATE    1.2                       5.0   -3.8      5.3
  SINCE DEC 1      1.2                       5.0   -3.8      5.3
  SINCE JUL 1      6.2                       7.7   -1.5      5.4
  SNOW DEPTH       0

DEGREE DAYS
 HEATING
  YESTERDAY       32                        36     -4       30
  MONTH TO DATE  544                       568    -24      578
  SINCE DEC 1    544                       568    -24      578
  SINCE JUL 1   1908                      1849     59     1660

 COOLING
  YESTERDAY        0                         0      0        0
  MONTH TO DATE    0                         0      0        0
  SINCE DEC 1      0                         0      0        0
  SINCE JAN 1   1126                       632    494      748
..................................................................


WIND (MPH)
  HIGHEST WIND SPEED    16   HIGHEST WIND DIRECTION    NW (320)
  HIGHEST GUST SPEED    20   HIGHEST GUST DIRECTION    NW (310)
  AVERAGE WIND SPEED     8.2


SKY COVER
  POSSIBLE SUNSHINE  MM
  AVERAGE SKY COVER 0.3


WEATHER CONDITIONS
 THE FOLLOWING WEATHER WAS RECORDED YESTERDAY.
  FOG


RELATIVE HUMIDITY (PERCENT)
 HIGHEST    92           700 AM
 LOWEST     70           200 PM
 AVERAGE    81

..........................................................


THE MANSFIELD OH CLIMATE NORMALS FOR TODAY
                         NORMAL    RECORD    YEAR
 MAXIMUM TEMPERATURE (F)   35        61      1967
 MINIMUM TEMPERATURE (F)   22       -14      1945


SUNRISE AND SUNSET
DECEMBER 18 2018......SUNRISE   749 AM EST   SUNSET   504 PM EST
DECEMBER 19 2018......SUNRISE   750 AM EST   SUNSET   505 PM EST


-  INDICATES NEGATIVE NUMBERS.
R  INDICATES RECORD WAS SET OR TIED.
MM INDICATES DATA IS MISSING.
T  INDICATES TRACE AMOUNT.




$$
