000
CDUS41 KCLE 292111
CLIMFD

CLIMATE REPORT
NATIONAL WEATHER SERVICE CLEVELAND, OH
511 PM EDT FRI MAY 29 2020

...................................

...THE MANSFIELD OH CLIMATE SUMMARY FOR MAY 29 2020...
VALID TODAY AS OF 0500 PM LOCAL TIME.

CLIMATE NORMAL PERIOD 1981 TO 2010
CLIMATE RECORD PERIOD 1916 TO 2020


WEATHER ITEM   OBSERVED TIME   RECORD YEAR NORMAL DEPARTURE LAST
                VALUE   (LST)  VALUE       VALUE  FROM      YEAR
                                                  NORMAL
...................................................................
TEMPERATURE (F)
 TODAY
  MAXIMUM         74    214 PM  89    1969  73      1       79
                                      1991
                                      2018
  MINIMUM         63    359 PM  33    1958  52     11       64
  AVERAGE         69                        63      6       72

PRECIPITATION (IN)
  TODAY            0.47                      0.16   0.31     0.01
  MONTH TO DATE    4.28                      4.21   0.07     3.20
  SINCE MAR 1     12.02                     11.74   0.28    11.37
  SINCE JAN 1     18.55                     17.00   1.55    18.05

SNOWFALL (IN)
  TODAY            0.0                       0.0    0.0      0.0
  MONTH TO DATE    T                         0.0    0.0      0.0
  SINCE MAR 1      1.3                      10.4   -9.1      4.2
  SINCE JUL 1     17.4                      48.3  -30.9     46.7
  SNOW DEPTH       0

DEGREE DAYS
 HEATING
  TODAY            0                         5     -5        0
  MONTH TO DATE  230                       224      6      161
  SINCE MAR 1   1397                      1584   -187     1510
  SINCE JUL 1   5282                      6209   -927     6004

 COOLING
  TODAY            4                         2      2        7
  MONTH TO DATE   76                        32     44       60
  SINCE MAR 1     76                        40     36       63
  SINCE JAN 1     76                        40     36       63
...................................................................


WIND (MPH)
  HIGHEST WIND SPEED    18   HIGHEST WIND DIRECTION     W (270)
  HIGHEST GUST SPEED    26   HIGHEST GUST DIRECTION     W (260)


SKY COVER
  POSSIBLE SUNSHINE  MM
  AVERAGE SKY COVER 0.7


WEATHER CONDITIONS
THE FOLLOWING WEATHER WAS RECORDED TODAY.
  THUNDERSTORM
  HEAVY RAIN
  RAIN
  LIGHT RAIN
  FOG


RELATIVE HUMIDITY (PERCENT)
 HIGHEST    97           300 PM
 LOWEST     73           200 PM
 AVERAGE    85

..........................................................


THE MANSFIELD OH CLIMATE NORMALS FOR TOMORROW
                         NORMAL    RECORD    YEAR
 MAXIMUM TEMPERATURE (F)   73        91      1929
 MINIMUM TEMPERATURE (F)   53        32      1947


SUNRISE AND SUNSET
MAY 29 2020...........SUNRISE   602 AM EDT   SUNSET   854 PM EDT
MAY 30 2020...........SUNRISE   602 AM EDT   SUNSET   854 PM EDT


-  INDICATES NEGATIVE NUMBERS.
R  INDICATES RECORD WAS SET OR TIED.
MM INDICATES DATA IS MISSING.
T  INDICATES TRACE AMOUNT.




$$
