000
CDUS44 KBRO 092129
CLIMFE


CLIMATE REPORT
NATIONAL WEATHER SERVICE BROWNSVILLE TX
428 PM CDT SUN AUG 9 2020


...................................

...THE MCALLEN CLIMATE SUMMARY FOR AUGUST 9 2020...
VALID TODAY AS OF 0400 PM LOCAL TIME.

CLIMATE NORMAL PERIOD 1981 TO 2010
CLIMATE RECORD PERIOD 1961 TO 2020


WEATHER ITEM   OBSERVED TIME   RECORD YEAR NORMAL DEPARTURE LAST
                VALUE   (LST)  VALUE       VALUE  FROM      YEAR
                                                  NORMAL
..................................................................
TEMPERATURE (F)
 TODAY
  MAXIMUM         96    213 PM 106    2016  99     -3      101
  MINIMUM         78    650 AM  68    1950  77      1       82
  AVERAGE         87                        88     -1       92

PRECIPITATION (IN)
  TODAY            0.00          0.94 2014   0.05  -0.05     0.00
  MONTH TO DATE    0.08                      0.43  -0.35     0.00
  SINCE JUN 1     14.59                      5.01   9.58     5.57
  SINCE JAN 1     22.51                     11.79  10.72    13.12

SNOWFALL (IN)
  TODAY            0.0
  MONTH TO DATE    0.0
  SINCE JUN 1      0.0
  SINCE JUL 1      0.0
  SNOW DEPTH       0

DEGREE DAYS
 HEATING
  TODAY            0                         0      0        0
  MONTH TO DATE    0                         0      0        0
  SINCE JUN 1      0                         0      0        0
  SINCE JUL 1      0                         0      0        0

 COOLING
  TODAY           22                        23     -1       27
  MONTH TO DATE  194                       206    -12      231
  SINCE JUN 1   1505                      1508     -3     1660
  SINCE JAN 1   3220                      2763    457     3133
..................................................................


WIND (MPH)
  HIGHEST WIND SPEED    23   HIGHEST WIND DIRECTION    SE (130)
  HIGHEST GUST SPEED    27   HIGHEST GUST DIRECTION    SE (140)
  AVERAGE WIND SPEED     9.7



WEATHER CONDITIONS
 THE FOLLOWING WEATHER WAS RECORDED TODAY.
  NO SIGNIFICANT WEATHER WAS OBSERVED.


..........................................................


THE MCALLEN CLIMATE NORMALS FOR TOMORROW
                         NORMAL    RECORD    YEAR
 MAXIMUM TEMPERATURE (F)   99       108      1988
 MINIMUM TEMPERATURE (F)   77        69      1950


SUNRISE AND SUNSET
AUGUST  9 2020........SUNRISE   703 AM CDT   SUNSET   813 PM CDT
AUGUST 10 2020........SUNRISE   703 AM CDT   SUNSET   813 PM CDT


-  INDICATES NEGATIVE NUMBERS.
R  INDICATES RECORD WAS SET OR TIED.
MM INDICATES DATA IS MISSING.
T  INDICATES TRACE AMOUNT.




$$
