000
CDUS44 KBRO 142134
CLIMFE


CLIMATE REPORT
NATIONAL WEATHER SERVICE BROWNSVILLE TX
428 PM CDT TUE AUG 14 2018


...................................

...THE MCALLEN CLIMATE SUMMARY FOR AUGUST 14 2018...
VALID TODAY AS OF 0400 PM LOCAL TIME.

CLIMATE NORMAL PERIOD 1981 TO 2010
CLIMATE RECORD PERIOD 1961 TO 2018


WEATHER ITEM   OBSERVED TIME   RECORD YEAR NORMAL DEPARTURE LAST
                VALUE   (LST)  VALUE       VALUE  FROM      YEAR
                                                  NORMAL
..................................................................
TEMPERATURE (F)
 TODAY
  MAXIMUM        101    250 PM 106    1999  99      2      101
  MINIMUM         79    626 AM  64    1967  77      2       80
  AVERAGE         90                        88      2       91

PRECIPITATION (IN)
  TODAY            0.00          1.53 1970   0.05  -0.05     0.00
  MONTH TO DATE    0.09                      0.67  -0.58     0.55
  SINCE JUN 1     13.25                      5.25   8.00     0.91
  SINCE JAN 1     17.07                     12.03   5.04     6.78

SNOWFALL (IN)
  TODAY            0.0
  MONTH TO DATE    0.0
  SINCE JUN 1      0.0
  SINCE JUL 1      0.0
  SNOW DEPTH       0

DEGREE DAYS
 HEATING
  TODAY            0                         0      0        0
  MONTH TO DATE    0                         0      0        0
  SINCE JUN 1      0                         0      0        0
  SINCE JUL 1      0                         0      0        0

 COOLING
  TODAY           25                        23      2       26
  MONTH TO DATE  352                       321     31      368
  SINCE JUN 1   1755                      1623    132     1891
  SINCE JAN 1   3403                      2878    525     3830
..................................................................


WIND (MPH)
  HIGHEST WIND SPEED    24   HIGHEST WIND DIRECTION    SE (130)
  HIGHEST GUST SPEED    29   HIGHEST GUST DIRECTION    SE (130)
  AVERAGE WIND SPEED    13.0



WEATHER CONDITIONS
 THE FOLLOWING WEATHER WAS RECORDED TODAY.
  NO SIGNIFICANT WEATHER WAS OBSERVED.


..........................................................


THE MCALLEN CLIMATE NORMALS FOR TOMORROW
                         NORMAL    RECORD    YEAR
 MAXIMUM TEMPERATURE (F)   99       106      1987
 MINIMUM TEMPERATURE (F)   77        69      2004
                                             1946


SUNRISE AND SUNSET
AUGUST 14 2018........SUNRISE   705 AM CDT   SUNSET   810 PM CDT
AUGUST 15 2018........SUNRISE   705 AM CDT   SUNSET   809 PM CDT


-  INDICATES NEGATIVE NUMBERS.
R  INDICATES RECORD WAS SET OR TIED.
MM INDICATES DATA IS MISSING.
T  INDICATES TRACE AMOUNT.




$$
