000
CDUS44 KBRO 200635
CLIMFE


CLIMATE REPORT
NATIONAL WEATHER SERVICE BROWNSVILLE TX
131 AM CDT SAT OCT 20 2018


...................................

...THE MCALLEN CLIMATE SUMMARY FOR OCTOBER 19 2018...

CLIMATE NORMAL PERIOD 1981 TO 2010
CLIMATE RECORD PERIOD 1961 TO 2018


WEATHER ITEM   OBSERVED TIME   RECORD YEAR NORMAL DEPARTURE LAST
                VALUE   (LST)  VALUE       VALUE  FROM      YEAR
                                                  NORMAL
..................................................................
TEMPERATURE (F)
 YESTERDAY
  MAXIMUM         76    430 PM 100    2016  87    -11       91
  MINIMUM         61    652 AM  49    1948  66     -5       66
  AVERAGE         69                        77     -8

PRECIPITATION (IN)
  YESTERDAY        T             2.32 1960   0.07  -0.07     0.00
  MONTH TO DATE    1.12                      1.38  -0.26     6.00
  SINCE SEP 1      7.03                      5.85   1.18     8.44
  SINCE JAN 1     24.10                     19.42   4.68    15.23

SNOWFALL (IN)
  YESTERDAY        0.0
  MONTH TO DATE    0.0
  SINCE SEP 1      0.0
  SINCE JUL 1      0.0
  SNOW DEPTH       0

DEGREE DAYS
 HEATING
  YESTERDAY        0                         0      0        0
  MONTH TO DATE   14                         0     14        0
  SINCE SEP 1     14                         0     14        0
  SINCE JUL 1     14                         0     14        0

 COOLING
  YESTERDAY        4                        12     -8       14
  MONTH TO DATE  315                       257     58      294
  SINCE SEP 1    984                       805    179      944
  SINCE JAN 1   4853                      4056    797     5210
..................................................................


WIND (MPH)
  HIGHEST WIND SPEED    14   HIGHEST WIND DIRECTION    NW (320)
  HIGHEST GUST SPEED    18   HIGHEST GUST DIRECTION    NW (310)
  AVERAGE WIND SPEED     8.7



WEATHER CONDITIONS
 THE FOLLOWING WEATHER WAS RECORDED YESTERDAY.
  LIGHT RAIN
  FOG


RELATIVE HUMIDITY (PERCENT)
 HIGHEST   100
 LOWEST     74
 AVERAGE    87

..........................................................


THE MCALLEN CLIMATE NORMALS FOR TODAY
                         NORMAL    RECORD    YEAR
 MAXIMUM TEMPERATURE (F)   87       100      2016
 MINIMUM TEMPERATURE (F)   66        44      1989


SUNRISE AND SUNSET
OCTOBER 20 2018.......SUNRISE   735 AM CDT   SUNSET   700 PM CDT
OCTOBER 21 2018.......SUNRISE   735 AM CDT   SUNSET   659 PM CDT


-  INDICATES NEGATIVE NUMBERS.
R  INDICATES RECORD WAS SET OR TIED.
MM INDICATES DATA IS MISSING.
T  INDICATES TRACE AMOUNT.




$$
