000
CDUS44 KBRO 190728
CLIMFE


CLIMATE REPORT
NATIONAL WEATHER SERVICE BROWNSVILLE TX
128 AM CST SAT JAN 19 2019


...................................

...THE MCALLEN CLIMATE SUMMARY FOR JANUARY 18 2019...

CLIMATE NORMAL PERIOD 1981 TO 2010
CLIMATE RECORD PERIOD 1961 TO 2019


WEATHER ITEM   OBSERVED TIME   RECORD YEAR NORMAL DEPARTURE LAST
                VALUE   (LST)  VALUE       VALUE  FROM      YEAR
                                                  NORMAL
..................................................................
TEMPERATURE (F)
 YESTERDAY
  MAXIMUM         86    354 PM  89    2011  71     15       42
                                      1950
  MINIMUM         64   1259 AM  34    2018  51     13       34
                                      1977
  AVERAGE         75                        61     14

PRECIPITATION (IN)
  YESTERDAY        0.00          2.53 1978   0.03  -0.03     0.11
  MONTH TO DATE    0.38                      0.59  -0.21     0.26
  SINCE DEC 1      0.89                      1.78  -0.89     1.49
  SINCE JAN 1      0.38                      0.59  -0.21     0.26

SNOWFALL (IN)
  YESTERDAY        0.0
  MONTH TO DATE    0.0
  SINCE DEC 1      0.0
  SINCE JUL 1      0.0
  SNOW DEPTH       0

DEGREE DAYS
 HEATING
  YESTERDAY        0                         6     -6       27
  MONTH TO DATE   68                       119    -51      197
  SINCE DEC 1    162                       296   -134      409
  SINCE JUL 1    296                       356    -60      438

 COOLING
  YESTERDAY       10                         2      8        0
  MONTH TO DATE   59                        36     23       13
  SINCE DEC 1    152                       119     33      101
  SINCE JAN 1     59                        36     23       13
..................................................................


WIND (MPH)
  HIGHEST WIND SPEED    22   HIGHEST WIND DIRECTION    SE (150)
  HIGHEST GUST SPEED    28   HIGHEST GUST DIRECTION    SE (140)
  AVERAGE WIND SPEED    10.5



WEATHER CONDITIONS
 THE FOLLOWING WEATHER WAS RECORDED YESTERDAY.
  FOG
  FOG W/VISIBILITY <= 1/4 MILE


RELATIVE HUMIDITY (PERCENT)
 HIGHEST   100
 LOWEST     55
 AVERAGE    78

..........................................................


THE MCALLEN CLIMATE NORMALS FOR TODAY
                         NORMAL    RECORD    YEAR
 MAXIMUM TEMPERATURE (F)   71        89      1990
                                             1952
 MINIMUM TEMPERATURE (F)   51        29      1977


SUNRISE AND SUNSET
JANUARY 19 2019.......SUNRISE   722 AM CST   SUNSET   606 PM CST
JANUARY 20 2019.......SUNRISE   721 AM CST   SUNSET   607 PM CST


-  INDICATES NEGATIVE NUMBERS.
R  INDICATES RECORD WAS SET OR TIED.
MM INDICATES DATA IS MISSING.
T  INDICATES TRACE AMOUNT.




$$
