000
CDUS44 KBRO 082137
CLIMFE

CLIMATE REPORT
NATIONAL WEATHER SERVICE BROWNSVILLE, TX
437 PM CDT SAT MAY 08 2021

...................................

...THE MCALLEN CLIMATE SUMMARY FOR MAY 8 2021...
VALID TODAY AS OF 0400 PM LOCAL TIME.

CLIMATE NORMAL PERIOD 1991 TO 2020
CLIMATE RECORD PERIOD 1961 TO 2021


WEATHER ITEM   OBSERVED TIME   RECORD YEAR NORMAL DEPARTURE LAST
                VALUE   (LST)  VALUE       VALUE  FROM      YEAR
                                                  NORMAL
...................................................................
TEMPERATURE (F)
 TODAY
  MAXIMUM         93    256 PM 104    1946  91      2       99
  MINIMUM         74    603 AM  56    1944  73      1       69
  AVERAGE         84                        82      2       84

PRECIPITATION (IN)
  TODAY            0.00          0.73 2004   0.06  -0.06     0.64
  MONTH TO DATE    1.25                      0.47   0.78     0.88
  SINCE MAR 1      2.14                      3.28  -1.14     1.88
  SINCE JAN 1      3.13                      4.77  -1.64     2.48

SNOWFALL (IN)
  TODAY            0.0
  MONTH TO DATE    0.0
  SINCE MAR 1      0.0
  SINCE JUL 1      T
  SNOW DEPTH       0

DEGREE DAYS
 HEATING
  TODAY            0                         0      0        0
  MONTH TO DATE    0                         0      0        0
  SINCE MAR 1     18                        33    -15        2
  SINCE JUL 1    582                       453    129      335

 COOLING
  TODAY           19                        17      2       19
  MONTH TO DATE  129                       131     -2      158
  SINCE MAR 1    769                       811    -42     1036
  SINCE JAN 1    991                      1031    -40     1296
...................................................................


WIND (MPH)
  HIGHEST WIND SPEED    30   HIGHEST WIND DIRECTION    SE (140)
  HIGHEST GUST SPEED    37   HIGHEST GUST DIRECTION     S (160)
  AVERAGE WIND SPEED    16.3


WEATHER CONDITIONS
THE FOLLOWING WEATHER WAS RECORDED TODAY.
  NO SIGNIFICANT WEATHER WAS OBSERVED.

..........................................................


THE MCALLEN CLIMATE NORMALS FOR TOMORROW
                         NORMAL    RECORD    YEAR
 MAXIMUM TEMPERATURE (F)   92       103      1998
 MINIMUM TEMPERATURE (F)   73        59      1961


SUNRISE AND SUNSET
MAY  8 2021...........SUNRISE   650 AM CDT   SUNSET   809 PM CDT
MAY  9 2021...........SUNRISE   650 AM CDT   SUNSET   809 PM CDT


-  INDICATES NEGATIVE NUMBERS.
R  INDICATES RECORD WAS SET OR TIED.
MM INDICATES DATA IS MISSING.
T  INDICATES TRACE AMOUNT.




$$
