000
CDUS44 KBRO 260627
CLIMFE


CLIMATE REPORT
NATIONAL WEATHER SERVICE BROWNSVILLE TX
127 AM CDT SAT MAY 26 2018


...................................

...THE MCALLEN CLIMATE SUMMARY FOR MAY 25 2018...

CLIMATE NORMAL PERIOD 1981 TO 2010
CLIMATE RECORD PERIOD 1961 TO 2018


WEATHER ITEM   OBSERVED TIME   RECORD YEAR NORMAL DEPARTURE LAST
                VALUE   (LST)  VALUE       VALUE  FROM      YEAR
                                                  NORMAL
..................................................................
TEMPERATURE (F)
 YESTERDAY
  MAXIMUM        100    441 PM 103    1989  94      6       97
  MINIMUM         77    643 AM  62    1967  74      3       67
  AVERAGE         89                        84      5

PRECIPITATION (IN)
  YESTERDAY        0.00          0.59 2016   0.08  -0.08     0.00
  MONTH TO DATE    0.73                      1.79  -1.06     0.31
  SINCE MAR 1      2.62                      4.16  -1.54     3.56
  SINCE JAN 1      3.82                      6.32  -2.50     5.19

SNOWFALL (IN)
  YESTERDAY        0.0
  MONTH TO DATE    0.0
  SINCE MAR 1      0.0
  SINCE JUL 1      0.3
  SNOW DEPTH       0

DEGREE DAYS
 HEATING
  YESTERDAY        0                         0      0        0
  MONTH TO DATE    0                         0      0        0
  SINCE MAR 1      0                        46    -46        1
  SINCE JUL 1    550                       579    -29      189

 COOLING
  YESTERDAY       24                        19      5       17
  MONTH TO DATE  503                       409     94      475
  SINCE MAR 1   1240                       981    259     1323
  SINCE JAN 1   1506                      1140    366     1804
..................................................................


WIND (MPH)
  HIGHEST WIND SPEED    22   HIGHEST WIND DIRECTION    SE (140)
  HIGHEST GUST SPEED    26   HIGHEST GUST DIRECTION     E (110)
  AVERAGE WIND SPEED     8.5



WEATHER CONDITIONS
 THE FOLLOWING WEATHER WAS RECORDED YESTERDAY.
  NO SIGNIFICANT WEATHER WAS OBSERVED.


RELATIVE HUMIDITY (PERCENT)
 HIGHEST    94
 LOWEST     33
 AVERAGE    64

..........................................................


THE MCALLEN CLIMATE NORMALS FOR TODAY
                         NORMAL    RECORD    YEAR
 MAXIMUM TEMPERATURE (F)   94       102      2017
 MINIMUM TEMPERATURE (F)   74        66      1967


SUNRISE AND SUNSET
MAY 26 2018...........SUNRISE   642 AM CDT   SUNSET   818 PM CDT
MAY 27 2018...........SUNRISE   642 AM CDT   SUNSET   819 PM CDT


-  INDICATES NEGATIVE NUMBERS.
R  INDICATES RECORD WAS SET OR TIED.
MM INDICATES DATA IS MISSING.
T  INDICATES TRACE AMOUNT.




$$
