000
CDUS44 KBRO 182138
CLIMFE


CLIMATE REPORT
NATIONAL WEATHER SERVICE BROWNSVILLE TX
437 PM CDT FRI OCT 18 2019


...................................

...THE MCALLEN CLIMATE SUMMARY FOR OCTOBER 18 2019...
VALID TODAY AS OF 0400 PM LOCAL TIME.

CLIMATE NORMAL PERIOD 1981 TO 2010
CLIMATE RECORD PERIOD 1961 TO 2019


WEATHER ITEM   OBSERVED TIME   RECORD YEAR NORMAL DEPARTURE LAST
                VALUE   (LST)  VALUE       VALUE  FROM      YEAR
                                                  NORMAL
..................................................................
TEMPERATURE (F)
 TODAY
  MAXIMUM         91    335 PM 104    2012  87      4       64
  MINIMUM         65    331 AM  48    1948  66     -1       59
  AVERAGE         78                        77      1       62

PRECIPITATION (IN)
  TODAY            0.00          2.04 1965   0.07  -0.07     0.33
  MONTH TO DATE    0.48                      1.31  -0.83     1.12
  SINCE SEP 1      3.08                      5.78  -2.70     7.03
  SINCE JAN 1     16.54                     19.35  -2.81    12.36

SNOWFALL (IN)
  TODAY            0.0
  MONTH TO DATE    0.0
  SINCE SEP 1      0.0
  SINCE JUL 1      0.0
  SNOW DEPTH       0

DEGREE DAYS
 HEATING
  TODAY            0                         0      0        3
  MONTH TO DATE    0                         0      0       14
  SINCE SEP 1      0                         0      0       14
  SINCE JUL 1      0                         0      0       14

 COOLING
  TODAY           13                        12      1        0
  MONTH TO DATE  314                       245     69      311
  SINCE SEP 1    982                       793    189      980
  SINCE JAN 1   4711                      4044    667     4849
..................................................................


WIND (MPH)
  HIGHEST WIND SPEED    15   HIGHEST WIND DIRECTION    SE (140)
  HIGHEST GUST SPEED    20   HIGHEST GUST DIRECTION     N (20)
  AVERAGE WIND SPEED     6.0



WEATHER CONDITIONS
 THE FOLLOWING WEATHER WAS RECORDED TODAY.
  NO SIGNIFICANT WEATHER WAS OBSERVED.


..........................................................


THE MCALLEN CLIMATE NORMALS FOR TOMORROW
                         NORMAL    RECORD    YEAR
 MAXIMUM TEMPERATURE (F)   87       100      2016
 MINIMUM TEMPERATURE (F)   66        49      1948


SUNRISE AND SUNSET
OCTOBER 18 2019.......SUNRISE   733 AM CDT   SUNSET   702 PM CDT
OCTOBER 19 2019.......SUNRISE   734 AM CDT   SUNSET   701 PM CDT


-  INDICATES NEGATIVE NUMBERS.
R  INDICATES RECORD WAS SET OR TIED.
MM INDICATES DATA IS MISSING.
T  INDICATES TRACE AMOUNT.

$$
