000
CDUS44 KBRO 250028
CLIMFE


CLIMATE REPORT
NATIONAL WEATHER SERVICE BROWNSVILLE TX
727 PM CDT THU MAY 24 2018


...................................

...THE MCALLEN CLIMATE SUMMARY FOR MAY 24 2018...
VALID TODAY AS OF 0500 PM LOCAL TIME.

CLIMATE NORMAL PERIOD 1981 TO 2010
CLIMATE RECORD PERIOD 1961 TO 2018


WEATHER ITEM   OBSERVED TIME   RECORD YEAR NORMAL DEPARTURE LAST
                VALUE   (LST)  VALUE       VALUE  FROM      YEAR
                                                  NORMAL
..................................................................
TEMPERATURE (F)
 TODAY
  MAXIMUM         99R   334 PM  99    2011  93      6       93
                                      2008
  MINIMUM         78    605 AM  60    1967  74      4       67
  AVERAGE         89                        83      6       80

PRECIPITATION (IN)
  TODAY            0.00          3.01 1982   0.07  -0.07     0.00
  MONTH TO DATE    0.73                      1.71  -0.98     0.31
  SINCE MAR 1      2.62                      4.08  -1.46     3.56
  SINCE JAN 1      3.82                      6.24  -2.42     5.19

SNOWFALL (IN)
  TODAY            0.0
  MONTH TO DATE    0.0
  SINCE MAR 1      0.0
  SINCE JUL 1      0.3
  SNOW DEPTH       0

DEGREE DAYS
 HEATING
  TODAY            0                         0      0        0
  MONTH TO DATE    0                         0      0        0
  SINCE MAR 1      0                        46    -46        1
  SINCE JUL 1    550                       579    -29      189

 COOLING
  TODAY           24                        18      6       15
  MONTH TO DATE  479                       390     89      458
  SINCE MAR 1   1216                       962    254     1306
  SINCE JAN 1   1482                      1121    361     1787
..................................................................


WIND (MPH)
  HIGHEST WIND SPEED    16   HIGHEST WIND DIRECTION     E (100)
  HIGHEST GUST SPEED    21   HIGHEST GUST DIRECTION     E (110)
  AVERAGE WIND SPEED     6.3



WEATHER CONDITIONS
 THE FOLLOWING WEATHER WAS RECORDED TODAY.
  NO SIGNIFICANT WEATHER WAS OBSERVED.


..........................................................


THE MCALLEN CLIMATE NORMALS FOR TOMORROW
                         NORMAL    RECORD    YEAR
 MAXIMUM TEMPERATURE (F)   94       103      1989
 MINIMUM TEMPERATURE (F)   74        62      1967


SUNRISE AND SUNSET
MAY 24 2018...........SUNRISE   643 AM CDT   SUNSET   817 PM CDT
MAY 25 2018...........SUNRISE   642 AM CDT   SUNSET   818 PM CDT


-  INDICATES NEGATIVE NUMBERS.
R  INDICATES RECORD WAS SET OR TIED.
MM INDICATES DATA IS MISSING.
T  INDICATES TRACE AMOUNT.




$$
