433
CDUS46 KMFR 150836
CLIMFR


CLIMATE REPORT
NATIONAL WEATHER SERVICE MEDFORD, OR
136 AM PDT MON OCT 15 2018


...................................

...THE MEDFORD OR CLIMATE SUMMARY FOR OCTOBER 14 2018...

CLIMATE NORMAL PERIOD 1981 TO 2010
CLIMATE RECORD PERIOD 1911 TO 2018


WEATHER ITEM   OBSERVED TIME   RECORD YEAR NORMAL DEPARTURE LAST
                VALUE   (LST)  VALUE       VALUE  FROM      YEAR
                                                  NORMAL
..................................................................
TEMPERATURE (F)
 YESTERDAY
  MAXIMUM         72    337 PM  92    1991  71      1       69
  MINIMUM         35    623 AM  26    1966  42     -7       32
  AVERAGE         54                        57     -3       51

PRECIPITATION (IN)
  YESTERDAY        0.00          0.61 1951   0.03  -0.03     0.00
  MONTH TO DATE    0.35                      0.34   0.01      T
  SINCE OCT 1      0.35                      0.34   0.01      T
  SINCE JAN 1      7.21                     11.05  -3.84    13.52

SNOWFALL (IN)
  YESTERDAY        0.0                       0.0    0.0      0.0
  MONTH TO DATE    0.0                       0.0    0.0      0.0
  SINCE JUL 1      0.0                       0.0    0.0      0.0
  SNOW DEPTH       0

DEGREE DAYS
 HEATING
  YESTERDAY       11                         8      3       14
  MONTH TO DATE  106                        87     19      156
  SINCE SEP 1    153                       146      7      229
  SINCE JUL 1    153                       156     -3      229

 COOLING
  YESTERDAY        0                         0      0        0
  MONTH TO DATE    4                         8     -4        0
  SINCE SEP 1     86                       120    -34      156
  SINCE JAN 1    994                       827    167     1281
..................................................................


WIND (MPH)
  HIGHEST WIND SPEED    30   HIGHEST WIND DIRECTION    SE (150)
  HIGHEST GUST SPEED    37   HIGHEST GUST DIRECTION    SE (150)
  AVERAGE WIND SPEED     8.4


SKY COVER
  POSSIBLE SUNSHINE  MM
  AVERAGE SKY COVER 0.0


WEATHER CONDITIONS
 THE FOLLOWING WEATHER WAS RECORDED YESTERDAY.
  NO SIGNIFICANT WEATHER WAS OBSERVED.


RELATIVE HUMIDITY (PERCENT)
 HIGHEST    82           600 AM
 LOWEST      9           300 PM
 AVERAGE    46

..........................................................


THE MEDFORD OR CLIMATE NORMALS FOR TODAY
                         NORMAL    RECORD    YEAR
 MAXIMUM TEMPERATURE (F)   71        92      2015
 MINIMUM TEMPERATURE (F)   42        27      1930


SUNRISE AND SUNSET
OCTOBER 15 2018.......SUNRISE   724 AM PDT   SUNSET   629 PM PDT
OCTOBER 16 2018.......SUNRISE   726 AM PDT   SUNSET   628 PM PDT


-  INDICATES NEGATIVE NUMBERS.
R  INDICATES RECORD WAS SET OR TIED.
MM INDICATES DATA IS MISSING.
T  INDICATES TRACE AMOUNT.




$$
