656
CDUS46 KMFR 220835
CLIMFR

CLIMATE REPORT
NATIONAL WEATHER SERVICE MEDFORD, OR
135 AM PDT MON JUL 22 2024

...................................

...THE MEDFORD OR CLIMATE SUMMARY FOR JULY 21 2024...

CLIMATE NORMAL PERIOD 1991 TO 2020
CLIMATE RECORD PERIOD 1911 TO 2024


WEATHER ITEM   OBSERVED TIME   RECORD YEAR NORMAL DEPARTURE LAST
                VALUE   (LST)  VALUE       VALUE  FROM      YEAR
                                                  NORMAL
...................................................................
TEMPERATURE (F)
 YESTERDAY
  MAXIMUM         92    242 PM 109    1994  93     -1       99
  MINIMUM         67   1159 PM  43    1914  60      7       63
  AVERAGE         80                        76      4       81

PRECIPITATION (IN)
  YESTERDAY        0.00          0.56 1987   0.01  -0.01     0.00
  MONTH TO DATE    T                         0.18  -0.18     0.00
  SINCE OCT 1     16.40                     17.56  -1.16    12.28
  SINCE JAN 1     11.25                     10.20   1.05     5.71

SNOWFALL (IN)
  YESTERDAY        0.0                       0.0    0.0      0.0
  MONTH TO DATE    0.0                       0.0    0.0      0.0
  SINCE JUL 1      0.0                       0.0    0.0      0.0
  SNOW DEPTH       0

DEGREE DAYS
 HEATING
  YESTERDAY        0                         0      0        0
  MONTH TO DATE    0                         0      0        0
  SINCE JUN 1     24                        55    -31       31
  SINCE JUL 1      0                         0      0        0

 COOLING
  YESTERDAY       15                        12      3       16
  MONTH TO DATE  352                       199    153      305
  SINCE JUN 1    525                       311    214      487
  SINCE JAN 1    567                       351    216      607
...................................................................


WIND (MPH)
  HIGHEST WIND SPEED    18   HIGHEST WIND DIRECTION     N (340)
  HIGHEST GUST SPEED    23   HIGHEST GUST DIRECTION     N (350)
  AVERAGE WIND SPEED     7.7


SKY COVER
  POSSIBLE SUNSHINE  MM
  AVERAGE SKY COVER 0.0


WEATHER CONDITIONS
THE FOLLOWING WEATHER WAS RECORDED YESTERDAY.
  NO SIGNIFICANT WEATHER WAS OBSERVED.


RELATIVE HUMIDITY (PERCENT)
 HIGHEST    68           500 AM
 LOWEST     34           200 PM
 AVERAGE    51

..........................................................


THE MEDFORD OR CLIMATE NORMALS FOR TODAY
                         NORMAL    RECORD    YEAR
 MAXIMUM TEMPERATURE (F)   93       106      1928
                                             2006
 MINIMUM TEMPERATURE (F)   60        43      1965


SUNRISE AND SUNSET
JULY 22 2024..........SUNRISE   555 AM PDT   SUNSET   841 PM PDT
JULY 23 2024..........SUNRISE   556 AM PDT   SUNSET   840 PM PDT


-  INDICATES NEGATIVE NUMBERS.
R  INDICATES RECORD WAS SET OR TIED.
MM INDICATES DATA IS MISSING.
T  INDICATES TRACE AMOUNT.




$$