000
CDUS46 KMFR 260843
CLIMFR


CLIMATE REPORT
NATIONAL WEATHER SERVICE MEDFORD, OR
143 AM PDT MON OCT 26 2020


...................................

...THE MEDFORD OR CLIMATE SUMMARY FOR OCTOBER 25 2020...

CLIMATE NORMAL PERIOD 1981 TO 2010
CLIMATE RECORD PERIOD 1911 TO 2020


WEATHER ITEM   OBSERVED TIME   RECORD YEAR NORMAL DEPARTURE LAST
                VALUE   (LST)  VALUE       VALUE  FROM      YEAR
                                                  NORMAL
..................................................................
TEMPERATURE (F)
 YESTERDAY
  MAXIMUM         63    224 PM  83    2003  65     -2       76
                                      1988
  MINIMUM         35    701 AM  26    1919  40     -5       37
  AVERAGE         49                        52     -3       57

PRECIPITATION (IN)
  YESTERDAY        0.00          1.15 1956   0.05  -0.05     0.00
  MONTH TO DATE    0.16                      0.78  -0.62     0.65
  SINCE OCT 1      0.16                      0.78  -0.62     0.65
  SINCE JAN 1      9.06                     11.49  -2.43    17.23

SNOWFALL (IN)
  YESTERDAY        0.0                       0.0    0.0      0.0
  MONTH TO DATE    0.0                       0.0    0.0      0.0
  SINCE JUL 1      0.0                       0.0    0.0      0.0
  SNOW DEPTH       0

DEGREE DAYS
 HEATING
  YESTERDAY       16                        13      3        8
  MONTH TO DATE  103                       206   -103      277
  SINCE SEP 1    118                       265   -147      368
  SINCE JUL 1    118                       275   -157      368

 COOLING
  YESTERDAY        0                         0      0        0
  MONTH TO DATE   28                         8     20        0
  SINCE SEP 1    220                       120    100      108
  SINCE JAN 1   1155                       827    328      932
..................................................................


WIND (MPH)
  HIGHEST WIND SPEED    20   HIGHEST WIND DIRECTION    NE (60)
  HIGHEST GUST SPEED    25   HIGHEST GUST DIRECTION     E (70)
  AVERAGE WIND SPEED     5.2


SKY COVER
  POSSIBLE SUNSHINE  MM
  AVERAGE SKY COVER 0.2


WEATHER CONDITIONS
 THE FOLLOWING WEATHER WAS RECORDED YESTERDAY.
  NO SIGNIFICANT WEATHER WAS OBSERVED.


RELATIVE HUMIDITY (PERCENT)
 HIGHEST    82           600 AM
 LOWEST      8           200 PM
 AVERAGE    45

..........................................................


THE MEDFORD OR CLIMATE NORMALS FOR TODAY
                         NORMAL    RECORD    YEAR
 MAXIMUM TEMPERATURE (F)   64        88      2003
 MINIMUM TEMPERATURE (F)   40        25      1954


SUNRISE AND SUNSET
OCTOBER 26 2020.......SUNRISE   738 AM PDT   SUNSET   612 PM PDT
OCTOBER 27 2020.......SUNRISE   739 AM PDT   SUNSET   611 PM PDT


-  INDICATES NEGATIVE NUMBERS.
R  INDICATES RECORD WAS SET OR TIED.
MM INDICATES DATA IS MISSING.
T  INDICATES TRACE AMOUNT.




$$
