466
CDUS46 KMFR 180055
CLIMFR


CLIMATE REPORT
NATIONAL WEATHER SERVICE MEDFORD, OR
555 PM PDT TUE JUL 17 2018


...................................

...THE MEDFORD OR CLIMATE SUMMARY FOR JULY 17 2018...
VALID TODAY AS OF 0500 PM LOCAL TIME.

CLIMATE NORMAL PERIOD 1981 TO 2010
CLIMATE RECORD PERIOD 1911 TO 2018


WEATHER ITEM   OBSERVED TIME   RECORD YEAR NORMAL DEPARTURE LAST
                VALUE   (LST)  VALUE       VALUE  FROM      YEAR
                                                  NORMAL
..................................................................
TEMPERATURE (F)
 TODAY
  MAXIMUM        104    302 PM 106    1911  92     12       91
  MINIMUM         69    546 AM  42    1915  58     11       55
  AVERAGE         87                        75     12       73

PRECIPITATION (IN)
  TODAY            0.00          0.62 1958   0.01  -0.01     0.00
  MONTH TO DATE    0.01                      0.17  -0.16     0.00
  SINCE OCT 1     11.24                     17.27  -6.03    24.77
  SINCE JAN 1      6.63                      9.63  -3.00    13.08

SNOWFALL (IN)
  TODAY            0.0                       0.0    0.0      0.0
  MONTH TO DATE    0.0                       0.0    0.0      0.0
  SINCE JUL 1      0.0                       0.0    0.0      0.0
  SNOW DEPTH       0

DEGREE DAYS
 HEATING
  TODAY            0                         0      0        0
  MONTH TO DATE    0                         1     -1        0
  SINCE JUN 1     36                        55    -19       45
  SINCE JUL 1      0                         1     -1        0

 COOLING
  TODAY           22                        10     12        8
  MONTH TO DATE  201                       139     62      214
  SINCE JUN 1    325                       247     78      419
  SINCE JAN 1    376                       285     91      506
..................................................................


WIND (MPH)
  HIGHEST WIND SPEED    16   HIGHEST WIND DIRECTION    NW (320)
  HIGHEST GUST SPEED    21   HIGHEST GUST DIRECTION     W (270)
  AVERAGE WIND SPEED     3.7


SKY COVER
  POSSIBLE SUNSHINE  MM
  AVERAGE SKY COVER 0.0


WEATHER CONDITIONS
 THE FOLLOWING WEATHER WAS RECORDED TODAY.
  NO SIGNIFICANT WEATHER WAS OBSERVED.


RELATIVE HUMIDITY (PERCENT)
 HIGHEST    61           600 AM
 LOWEST      5           300 PM
 AVERAGE    33

..........................................................


THE MEDFORD OR CLIMATE NORMALS FOR TOMORROW
                         NORMAL    RECORD    YEAR
 MAXIMUM TEMPERATURE (F)   92       106      1959
 MINIMUM TEMPERATURE (F)   58        41      1962


SUNRISE AND SUNSET
JULY 17 2018..........SUNRISE   550 AM PDT   SUNSET   845 PM PDT
JULY 18 2018..........SUNRISE   551 AM PDT   SUNSET   844 PM PDT


-  INDICATES NEGATIVE NUMBERS.
R  INDICATES RECORD WAS SET OR TIED.
MM INDICATES DATA IS MISSING.
T  INDICATES TRACE AMOUNT.




$$
