000
CDUS46 KMFR 160837
CLIMFR


CLIMATE REPORT
NATIONAL WEATHER SERVICE MEDFORD, OR
1237 AM PST MON DEC 16 2019


...................................

...THE MEDFORD OR CLIMATE SUMMARY FOR DECEMBER 15 2019...

CLIMATE NORMAL PERIOD 1981 TO 2010
CLIMATE RECORD PERIOD 1911 TO 2019


WEATHER ITEM   OBSERVED TIME   RECORD YEAR NORMAL DEPARTURE LAST
                VALUE   (LST)  VALUE       VALUE  FROM      YEAR
                                                  NORMAL
..................................................................
TEMPERATURE (F)
 YESTERDAY
  MAXIMUM         46    214 PM  64    1941  46      0       43
  MINIMUM         33   1159 PM   0    1919  33      0       33
  AVERAGE         40                        39      1       38

PRECIPITATION (IN)
  YESTERDAY        0.00          1.08 1929   0.11  -0.11     0.00
  MONTH TO DATE    1.98                      1.74   0.24     0.89
  SINCE OCT 1      2.87                      5.89  -3.02     2.88
  SINCE JAN 1     19.45                     16.60   2.85     9.74

SNOWFALL (IN)
  YESTERDAY        0.0                       0.0    0.0      0.0
  MONTH TO DATE    0.0                       0.5   -0.5       T
  SINCE JUL 1      T                         0.7   -0.7       T
  SNOW DEPTH       0

DEGREE DAYS
 HEATING
  YESTERDAY       25                        26     -1       27
  MONTH TO DATE  336                       378    -42      386
  SINCE DEC 1    336                       378    -42      386
  SINCE JUL 1   1366                      1347     19     1226

 COOLING
  YESTERDAY        0                         0      0        0
  MONTH TO DATE    0                         0      0        0
  SINCE DEC 1      0                         0      0        0
  SINCE JAN 1    932                       829    103      994
..................................................................


WIND (MPH)
  HIGHEST WIND SPEED     7   HIGHEST WIND DIRECTION     N (10)
  HIGHEST GUST SPEED     9   HIGHEST GUST DIRECTION     N (360)
  AVERAGE WIND SPEED     1.2


SKY COVER
  POSSIBLE SUNSHINE  MM
  AVERAGE SKY COVER 0.8


WEATHER CONDITIONS
 THE FOLLOWING WEATHER WAS RECORDED YESTERDAY.
  FOG


RELATIVE HUMIDITY (PERCENT)
 HIGHEST   100          1200 AM
 LOWEST     65           200 PM
 AVERAGE    83

..........................................................


THE MEDFORD OR CLIMATE NORMALS FOR TODAY
                         NORMAL    RECORD    YEAR
 MAXIMUM TEMPERATURE (F)   46        62      2018
                                             1988
 MINIMUM TEMPERATURE (F)   33        10      1919


SUNRISE AND SUNSET
DECEMBER 16 2019......SUNRISE   734 AM PST   SUNSET   440 PM PST
DECEMBER 17 2019......SUNRISE   735 AM PST   SUNSET   440 PM PST


-  INDICATES NEGATIVE NUMBERS.
R  INDICATES RECORD WAS SET OR TIED.
MM INDICATES DATA IS MISSING.
T  INDICATES TRACE AMOUNT.




$$
