413
CDUS46 KMFR 230841
CLIMFR


CLIMATE REPORT
NATIONAL WEATHER SERVICE MEDFORD, OR
1241 AM PST FRI FEB 23 2018


...................................

...THE MEDFORD OR CLIMATE SUMMARY FOR FEBRUARY 22 2018...

CLIMATE NORMAL PERIOD 1981 TO 2010
CLIMATE RECORD PERIOD 1911 TO 2018


WEATHER ITEM   OBSERVED TIME   RECORD YEAR NORMAL DEPARTURE LAST
                VALUE   (LST)  VALUE       VALUE  FROM      YEAR
                                                  NORMAL
..................................................................
TEMPERATURE (F)
 YESTERDAY
  MAXIMUM         40    439 PM  70    1995  56    -16       44
                                      1990
  MINIMUM         26    607 AM  17    1913  35     -9       35
  AVERAGE         33                        45    -12       40

PRECIPITATION (IN)
  YESTERDAY        0.25          1.06 1968   0.07   0.18     0.10
  MONTH TO DATE    0.38                      1.59  -1.21     4.04
  SINCE OCT 1      6.59                     11.66  -5.07    20.62
  SINCE JAN 1      1.98                      4.02  -2.04     8.93

SNOWFALL (IN)
  YESTERDAY        3.2                       0.0    3.2       T
  MONTH TO DATE    3.5                       0.5    3.0       T
  SINCE JUL 1      3.5                       3.5    0.0     11.8
  SNOW DEPTH       0

DEGREE DAYS
 HEATING
  YESTERDAY       32                        20     12       25
  MONTH TO DATE  489                       467     22      392
  SINCE DEC 1   1988                      2030    -42     2117
  SINCE JUL 1   2923                      2999    -76     2890

 COOLING
  YESTERDAY        0                         0      0        0
  MONTH TO DATE    0                         0      0        0
  SINCE DEC 1      0                         0      0        0
  SINCE JAN 1      0                         0      0        0
..................................................................


WIND (MPH)
  HIGHEST WIND SPEED    15   HIGHEST WIND DIRECTION     W (280)
  HIGHEST GUST SPEED    22   HIGHEST GUST DIRECTION     W (270)
  AVERAGE WIND SPEED     3.8


SKY COVER
  POSSIBLE SUNSHINE  MM
  AVERAGE SKY COVER 0.9


WEATHER CONDITIONS
 THE FOLLOWING WEATHER WAS RECORDED YESTERDAY.
  HEAVY SNOW
  SNOW
  LIGHT SNOW
  FOG
  FOG W/VISIBILITY <= 1/4 MILE
  HAZE


RELATIVE HUMIDITY (PERCENT)
 HIGHEST   100           500 AM
 LOWEST     59           400 PM
 AVERAGE    80

..........................................................


THE MEDFORD OR CLIMATE NORMALS FOR TODAY
                         NORMAL    RECORD    YEAR
 MAXIMUM TEMPERATURE (F)   56        73      1995
 MINIMUM TEMPERATURE (F)   35        19      1920


SUNRISE AND SUNSET
FEBRUARY 23 2018......SUNRISE   656 AM PST   SUNSET   554 PM PST
FEBRUARY 24 2018......SUNRISE   654 AM PST   SUNSET   555 PM PST


-  INDICATES NEGATIVE NUMBERS.
R  INDICATES RECORD WAS SET OR TIED.
MM INDICATES DATA IS MISSING.
T  INDICATES TRACE AMOUNT.




$$
