843
CDUS46 KMFR 180842
CLIMFR


CLIMATE REPORT
NATIONAL WEATHER SERVICE MEDFORD, OR
141 AM PDT FRI OCT 18 2019


...................................

...THE MEDFORD OR CLIMATE SUMMARY FOR OCTOBER 17 2019...

CLIMATE NORMAL PERIOD 1981 TO 2010
CLIMATE RECORD PERIOD 1911 TO 2019


WEATHER ITEM   OBSERVED TIME   RECORD YEAR NORMAL DEPARTURE LAST
                VALUE   (LST)  VALUE       VALUE  FROM      YEAR
                                                  NORMAL
..................................................................
TEMPERATURE (F)
 YESTERDAY
  MAXIMUM         57    426 PM  87    1936  70    -13       82
  MINIMUM         46    709 AM  26    1917  42      4       40
  AVERAGE         52                        56     -4       61

PRECIPITATION (IN)
  YESTERDAY        0.05          0.49 2004   0.03   0.02     0.00
  MONTH TO DATE    0.42                      0.44  -0.02     0.35
  SINCE OCT 1      0.42                      0.44  -0.02     0.35
  SINCE JAN 1     17.00                     11.15   5.85     7.21

SNOWFALL (IN)
  YESTERDAY        0.0                       0.0    0.0      0.0
  MONTH TO DATE    0.0                       0.0    0.0      0.0
  SINCE JUL 1      0.0                       0.0    0.0      0.0
  SNOW DEPTH       0

DEGREE DAYS
 HEATING
  YESTERDAY       13                        10      3        4
  MONTH TO DATE  192                       115     77      123
  SINCE SEP 1    283                       174    109      170
  SINCE JUL 1    283                       184     99      170

 COOLING
  YESTERDAY        0                         0      0        0
  MONTH TO DATE    0                         8     -8        4
  SINCE SEP 1    108                       120    -12       86
  SINCE JAN 1    932                       827    105      994
..................................................................


WIND (MPH)
  HIGHEST WIND SPEED     9   HIGHEST WIND DIRECTION     N (10)
  HIGHEST GUST SPEED    11   HIGHEST GUST DIRECTION     S (190)
  AVERAGE WIND SPEED     3.3


SKY COVER
  POSSIBLE SUNSHINE  MM
  AVERAGE SKY COVER 0.8


WEATHER CONDITIONS
 THE FOLLOWING WEATHER WAS RECORDED YESTERDAY.
  LIGHT RAIN
  FOG
  HAZE


RELATIVE HUMIDITY (PERCENT)
 HIGHEST    93          1000 PM
 LOWEST     57           100 PM
 AVERAGE    75

..........................................................


THE MEDFORD OR CLIMATE NORMALS FOR TODAY
                         NORMAL    RECORD    YEAR
 MAXIMUM TEMPERATURE (F)   69        85      1940
 MINIMUM TEMPERATURE (F)   41        26      1919


SUNRISE AND SUNSET
OCTOBER 18 2019.......SUNRISE   728 AM PDT   SUNSET   625 PM PDT
OCTOBER 19 2019.......SUNRISE   729 AM PDT   SUNSET   623 PM PDT


-  INDICATES NEGATIVE NUMBERS.
R  INDICATES RECORD WAS SET OR TIED.
MM INDICATES DATA IS MISSING.
T  INDICATES TRACE AMOUNT.




$$
