000
CDUS46 KMFR 230847
CLIMFR


CLIMATE REPORT
NATIONAL WEATHER SERVICE MEDFORD, OR
1247 AM PST WED JAN 23 2019


...................................

...THE MEDFORD OR CLIMATE SUMMARY FOR JANUARY 22 2019...

CLIMATE NORMAL PERIOD 1981 TO 2010
CLIMATE RECORD PERIOD 1911 TO 2019


WEATHER ITEM   OBSERVED TIME   RECORD YEAR NORMAL DEPARTURE LAST
                VALUE   (LST)  VALUE       VALUE  FROM      YEAR
                                                  NORMAL
..................................................................
TEMPERATURE (F)
 YESTERDAY
  MAXIMUM         48    335 PM  70    1970  49     -1       49
  MINIMUM         33    143 AM   0    1962  33      0       32
  AVERAGE         41                        41      0       41

PRECIPITATION (IN)
  YESTERDAY        0.00          1.34 1972   0.07  -0.07     0.05
  MONTH TO DATE    3.36                      1.84   1.52     1.23
  SINCE OCT 1      8.56                      9.48  -0.92     5.84
  SINCE JAN 1      3.36                      1.84   1.52     1.23

SNOWFALL (IN)
  YESTERDAY        0.0                       0.1   -0.1      0.0
  MONTH TO DATE    T                         1.0   -1.0      0.0
  SINCE JUL 1      T                         2.7   -2.7      0.0
  SNOW DEPTH       0

DEGREE DAYS
 HEATING
  YESTERDAY       24                        24      0       24
  MONTH TO DATE  481                       555    -74      481
  SINCE DEC 1   1271                      1352    -81     1307
  SINCE JUL 1   2111                      2321   -210     2242

 COOLING
  YESTERDAY        0                         0      0        0
  MONTH TO DATE    0                         0      0        0
  SINCE DEC 1      0                         0      0        0
  SINCE JAN 1      0                         0      0        0
..................................................................


WIND (MPH)
  HIGHEST WIND SPEED     8   HIGHEST WIND DIRECTION    SE (150)
  HIGHEST GUST SPEED     9   HIGHEST GUST DIRECTION    SE (140)
  AVERAGE WIND SPEED     1.3


SKY COVER
  POSSIBLE SUNSHINE  MM
  AVERAGE SKY COVER 0.6


WEATHER CONDITIONS
 THE FOLLOWING WEATHER WAS RECORDED YESTERDAY.
  NO SIGNIFICANT WEATHER WAS OBSERVED.


RELATIVE HUMIDITY (PERCENT)
 HIGHEST    96           500 AM
 LOWEST     58           300 PM
 AVERAGE    77

..........................................................


THE MEDFORD OR CLIMATE NORMALS FOR TODAY
                         NORMAL    RECORD    YEAR
 MAXIMUM TEMPERATURE (F)   49        67      2014
 MINIMUM TEMPERATURE (F)   33         5      1962


SUNRISE AND SUNSET
JANUARY 23 2019.......SUNRISE   733 AM PST   SUNSET   514 PM PST
JANUARY 24 2019.......SUNRISE   732 AM PST   SUNSET   515 PM PST


-  INDICATES NEGATIVE NUMBERS.
R  INDICATES RECORD WAS SET OR TIED.
MM INDICATES DATA IS MISSING.
T  INDICATES TRACE AMOUNT.




$$
