000
CDUS44 KBMX 240859
CLIMGM


CLIMATE REPORT
NATIONAL WEATHER SERVICE BIRMINGHAM, AL
258 AM CST SAT FEB 24 2018


...................................

...THE MONTGOMERY CLIMATE SUMMARY FOR FEBRUARY 23 2018...

CLIMATE NORMAL PERIOD 1981 TO 2010
CLIMATE RECORD PERIOD 1872 TO 2018


WEATHER ITEM   OBSERVED TIME   RECORD YEAR NORMAL DEPARTURE LAST
                VALUE   (LST)  VALUE       VALUE  FROM      YEAR
                                                  NORMAL
..................................................................
TEMPERATURE (F)
 YESTERDAY
  MAXIMUM         83R   314 PM  83    1996  64     19       78
  MINIMUM         58    651 AM  21    1963  41     17       60
  AVERAGE         71                        52     19       69

PRECIPITATION (IN)
  YESTERDAY        0.01          2.65 1888   0.19  -0.18     0.00
  MONTH TO DATE    2.39                      4.34  -1.95     2.92
  SINCE DEC 1     10.05                     13.85  -3.80    18.20
  SINCE JAN 1      7.44                      8.99  -1.55    14.09

SNOWFALL (IN)
  YESTERDAY        0.0                       0.0    0.0      0.0
  MONTH TO DATE    0.0                       0.0    0.0      0.0
  SINCE DEC 1      T                         0.1   -0.1      0.0
  SINCE JUL 1      T                         0.1   -0.1      0.0
  SNOW DEPTH       0

DEGREE DAYS
 HEATING
  YESTERDAY        0                        13    -13        0
  MONTH TO DATE  139                       350   -211      144
  SINCE DEC 1   1336                      1441   -105      792
  SINCE JUL 1   1671                      1812   -141      967
..................................................................


WIND (MPH)
  HIGHEST WIND SPEED    13   HIGHEST WIND DIRECTION     S (160)
  HIGHEST GUST SPEED    16   HIGHEST GUST DIRECTION    SE (120)
  AVERAGE WIND SPEED     4.6


SKY COVER
  AVERAGE SKY COVER 0.3


WEATHER CONDITIONS
 THE FOLLOWING WEATHER WAS RECORDED YESTERDAY.
  FOG
  FOG W/VISIBILITY <= 1/4 MILE


RELATIVE HUMIDITY (PERCENT)
 HIGHEST   100           700 AM
 LOWEST     51           300 PM
 AVERAGE    76

..........................................................


THE MONTGOMERY CLIMATE NORMALS FOR TODAY
                         NORMAL    RECORD    YEAR
 MAXIMUM TEMPERATURE (F)   64        83      2017
 MINIMUM TEMPERATURE (F)   41        20      1989


SUNRISE AND SUNSET
FEBRUARY 24 2018......SUNRISE   619 AM CST   SUNSET   539 PM CST
FEBRUARY 25 2018......SUNRISE   618 AM CST   SUNSET   540 PM CST


-  INDICATES NEGATIVE NUMBERS.
R  INDICATES RECORD WAS SET OR TIED.
MM INDICATES DATA IS MISSING.
T  INDICATES TRACE AMOUNT.




$$
