000
CDUS44 KBMX 250841
CLIMGM


CLIMATE REPORT
NATIONAL WEATHER SERVICE BIRMINGHAM, AL
241 AM CST TUE FEB 25 2020


...................................

...THE MONTGOMERY CLIMATE SUMMARY FOR FEBRUARY 24 2020...

CLIMATE NORMAL PERIOD 1981 TO 2010
CLIMATE RECORD PERIOD 1872 TO 2020


WEATHER ITEM   OBSERVED TIME   RECORD YEAR NORMAL DEPARTURE LAST
                VALUE   (LST)  VALUE       VALUE  FROM      YEAR
                                                  NORMAL
..................................................................
TEMPERATURE (F)
 YESTERDAY
  MAXIMUM         MM        MM  84    2018  64     MM       75
  MINIMUM         MM        MM  20    1989  41     MM       45
  AVERAGE         MM                        53     MM       60

PRECIPITATION (IN)
  YESTERDAY        0.39          5.54 1961   0.19   0.20     0.08
  MONTH TO DATE    9.90                      4.53   5.37     1.35
  SINCE DEC 1     21.69                     14.04   7.65    16.49
  SINCE JAN 1     16.08                      9.18   6.90     6.50

SNOWFALL (IN)
  YESTERDAY        0.0                       0.0    0.0      0.0
  MONTH TO DATE    0.0                       0.0    0.0      0.0
  SINCE DEC 1      0.0                       0.1   -0.1      0.0
  SINCE JUL 1      0.0                       0.1   -0.1       T
  SNOW DEPTH       0

DEGREE DAYS
 HEATING
  YESTERDAY       MM                        12     MM        5
  MONTH TO DATE  216                       362   -146      139
  SINCE DEC 1    950                      1453   -503     1052
  SINCE JUL 1   1307                      1824   -517     1462
..................................................................


WIND (MPH)
  HIGHEST WIND SPEED     8   HIGHEST WIND DIRECTION     E (110)
  HIGHEST GUST SPEED    MM   HIGHEST GUST DIRECTION    MM
  AVERAGE WIND SPEED     5.4


SKY COVER
  AVERAGE SKY COVER 0.7


WEATHER CONDITIONS
 THE FOLLOWING WEATHER WAS RECORDED YESTERDAY.
  RAIN
  LIGHT RAIN
  FOG


RELATIVE HUMIDITY (PERCENT)
 HIGHEST   100           800 AM
 LOWEST     84           100 PM
 AVERAGE    92

..........................................................


THE MONTGOMERY CLIMATE NORMALS FOR TODAY
                         NORMAL    RECORD    YEAR
 MAXIMUM TEMPERATURE (F)   65        84      1918
 MINIMUM TEMPERATURE (F)   41        22      1989
                                             1967


SUNRISE AND SUNSET
FEBRUARY 25 2020......SUNRISE   618 AM CST   SUNSET   540 PM CST
FEBRUARY 26 2020......SUNRISE   617 AM CST   SUNSET   540 PM CST


-  INDICATES NEGATIVE NUMBERS.
R  INDICATES RECORD WAS SET OR TIED.
MM INDICATES DATA IS MISSING.
T  INDICATES TRACE AMOUNT.




$$
