000
CDUS44 KBMX 112119
CLIMGM

CLIMATE REPORT
NATIONAL WEATHER SERVICE BIRMINGHAM AL
419 PM CDT TUE MAY 11 2021

...................................

...THE MONTGOMERY CLIMATE SUMMARY FOR MAY 11 2021...
VALID AS OF 0400 PM LOCAL TIME.

CLIMATE NORMAL PERIOD 1991 TO 2020
CLIMATE RECORD PERIOD 1872 TO 2021


WEATHER ITEM   OBSERVED TIME   RECORD YEAR NORMAL DEPARTURE LAST
                VALUE   (LST)  VALUE       VALUE  FROM      YEAR
                                                  NORMAL
...................................................................
TEMPERATURE (F)
 TODAY
  MAXIMUM         82   1244 PM  95    1916  85     -3       78
  MINIMUM         68    518 AM  45    1990  60      8       47
  AVERAGE         75                        72      3       63

PRECIPITATION (IN)
  TODAY            0.00          2.01 1943   0.12  -0.12     0.00
  MONTH TO DATE    1.76                      1.32   0.44     0.13
  SINCE MAR 1     14.05                     10.52   3.53    11.19
  SINCE JAN 1     19.76                     20.04  -0.28    27.42

DEGREE DAYS
 COOLING
  TODAY           10                         8      2        0
  MONTH TO DATE   73                        71      2       32
  SINCE MAR 1    200                       205     -5      256
  SINCE JAN 1    223                       219      4      284
...................................................................


WIND (MPH)
  HIGHEST WIND SPEED    12   HIGHEST WIND DIRECTION     W (270)
  HIGHEST GUST SPEED    15   HIGHEST GUST DIRECTION     W (260)
  AVERAGE WIND SPEED     5.3


SKY COVER
  AVERAGE SKY COVER 0.5


WEATHER CONDITIONS
THE FOLLOWING WEATHER WAS RECORDED TODAY.
  NO SIGNIFICANT WEATHER WAS OBSERVED.


RELATIVE HUMIDITY (PERCENT)
 HIGHEST    93           100 AM
 LOWEST     63          1200 PM
 AVERAGE    78

..........................................................


THE MONTGOMERY CLIMATE NORMALS FOR TOMORROW
                         NORMAL    RECORD    YEAR
 MAXIMUM TEMPERATURE (F)   85        96      1916
 MINIMUM TEMPERATURE (F)   60        43      1989


SUNRISE AND SUNSET
MAY 11 2021...........SUNRISE   550 AM CDT   SUNSET   734 PM CDT
MAY 12 2021...........SUNRISE   550 AM CDT   SUNSET   735 PM CDT


-  INDICATES NEGATIVE NUMBERS.
R  INDICATES RECORD WAS SET OR TIED.
MM INDICATES DATA IS MISSING.
T  INDICATES TRACE AMOUNT.




$$
