000
CDUS44 KBMX 202154
CLIMGM


CLIMATE REPORT
NATIONAL WEATHER SERVICE BIRMINGHAM, AL
453 PM CDT SAT OCT 20 2018


...................................

...THE MONTGOMERY CLIMATE SUMMARY FOR OCTOBER 20 2018...
VALID TODAY AS OF 0400 PM LOCAL TIME.

CLIMATE NORMAL PERIOD 1981 TO 2010
CLIMATE RECORD PERIOD 1872 TO 2018


WEATHER ITEM   OBSERVED TIME   RECORD YEAR NORMAL DEPARTURE LAST
                VALUE   (LST)  VALUE       VALUE  FROM      YEAR
                                                  NORMAL
..................................................................
TEMPERATURE (F)
 TODAY
  MAXIMUM         77   1042 AM  91    2016  77      0       83
  MINIMUM         70    237 AM  32    1989  52     18       52
  AVERAGE         74                        64     10       68

PRECIPITATION (IN)
  TODAY            0.14          0.94 1956   0.09   0.05     0.00
  MONTH TO DATE    2.06                      1.86   0.20     3.14
  SINCE SEP 1      6.05                      5.83   0.22     5.39
  SINCE JAN 1     39.30                     42.54  -3.24    63.99

SNOWFALL (IN)
  TODAY            0.0                       0.0    0.0      0.0
  MONTH TO DATE    0.0                       0.0    0.0      0.0
  SINCE SEP 1      0.0                       0.0    0.0      0.0
  SINCE JUL 1      0.0                       0.0    0.0      0.0
  SNOW DEPTH       0

DEGREE DAYS

 COOLING
  TODAY            9                         3      6        3
  MONTH TO DATE  220                        91    129      207
  SINCE SEP 1    735                       432    303      601
  SINCE JAN 1   2789                      2221    568     2769
..................................................................


WIND (MPH)
  HIGHEST WIND SPEED    15   HIGHEST WIND DIRECTION    NW (320)
  HIGHEST GUST SPEED    20   HIGHEST GUST DIRECTION    NW (300)
  AVERAGE WIND SPEED     5.0


SKY COVER
  AVERAGE SKY COVER 0.9


WEATHER CONDITIONS
 THE FOLLOWING WEATHER WAS RECORDED TODAY.
  HEAVY RAIN
  LIGHT RAIN
  FOG


RELATIVE HUMIDITY (PERCENT)
 HIGHEST   100          1200 AM
 LOWEST     73           100 PM
 AVERAGE    87

..........................................................


THE MONTGOMERY CLIMATE NORMALS FOR TOMORROW
                         NORMAL    RECORD    YEAR
 MAXIMUM TEMPERATURE (F)   77        88      1963
 MINIMUM TEMPERATURE (F)   52        30      1989


SUNRISE AND SUNSET
OCTOBER 20 2018.......SUNRISE   653 AM CDT   SUNSET   607 PM CDT
OCTOBER 21 2018.......SUNRISE   654 AM CDT   SUNSET   606 PM CDT


-  INDICATES NEGATIVE NUMBERS.
R  INDICATES RECORD WAS SET OR TIED.
MM INDICATES DATA IS MISSING.
T  INDICATES TRACE AMOUNT.




$$
