000
CDUS44 KBMX 292127
CLIMGM

CLIMATE REPORT
NATIONAL WEATHER SERVICE BIRMINGHAM AL
427 PM CDT WED JUN 29 2022

...................................

...THE MONTGOMERY CLIMATE SUMMARY FOR JUNE 29 2022...
VALID AS OF 0400 PM LOCAL TIME.

CLIMATE NORMAL PERIOD 1991 TO 2020
CLIMATE RECORD PERIOD 1872 TO 2022


WEATHER ITEM   OBSERVED TIME   RECORD YEAR NORMAL DEPARTURE LAST
                VALUE   (LST)  VALUE       VALUE  FROM      YEAR
                                                  NORMAL
...................................................................
TEMPERATURE (F)
 TODAY
  MAXIMUM         92   1232 PM 101    1954  93     -1       92
  MINIMUM         74    508 AM  60    1968  71      3       73
  AVERAGE         83                        82      1       83

PRECIPITATION (IN)
  TODAY            T             1.57 1886   0.16  -0.16     0.27
  MONTH TO DATE    2.76                      3.92  -1.16     9.06
  SINCE JUN 1      2.76                      3.92  -1.16     9.06
  SINCE JAN 1     28.91                     26.52   2.39    29.51

DEGREE DAYS
 COOLING
  TODAY           18                        17      1       18
  MONTH TO DATE  551                       440    111      434
  SINCE JUN 1    551                       440    111      434
  SINCE JAN 1   1036                       865    171      819
...................................................................


WIND (MPH)
  HIGHEST WIND SPEED    18   HIGHEST WIND DIRECTION    SW (220)
  HIGHEST GUST SPEED    24   HIGHEST GUST DIRECTION    SW (230)
  AVERAGE WIND SPEED     5.0


SKY COVER
  AVERAGE SKY COVER 0.2


WEATHER CONDITIONS
THE FOLLOWING WEATHER WAS RECORDED TODAY.
  LIGHT RAIN


RELATIVE HUMIDITY (PERCENT)
 HIGHEST    91           700 AM
 LOWEST     54           100 PM
 AVERAGE    73

..........................................................


THE MONTGOMERY CLIMATE NORMALS FOR TOMORROW
                         NORMAL    RECORD    YEAR
 MAXIMUM TEMPERATURE (F)   93       102      1954
 MINIMUM TEMPERATURE (F)   71        59      1923


SUNRISE AND SUNSET
JUNE 29 2022..........SUNRISE   542 AM CDT   SUNSET   756 PM CDT
JUNE 30 2022..........SUNRISE   542 AM CDT   SUNSET   756 PM CDT


-  INDICATES NEGATIVE NUMBERS.
R  INDICATES RECORD WAS SET OR TIED.
MM INDICATES DATA IS MISSING.
T  INDICATES TRACE AMOUNT.




$$
