000
CDUS44 KBMX 220839
CLIMGM


CLIMATE REPORT
NATIONAL WEATHER SERVICE BIRMINGHAM, AL
338 AM CDT SUN APR 22 2018


...................................

...THE MONTGOMERY CLIMATE SUMMARY FOR APRIL 21 2018...

CLIMATE NORMAL PERIOD 1981 TO 2010
CLIMATE RECORD PERIOD 1872 TO 2018


WEATHER ITEM   OBSERVED TIME   RECORD YEAR NORMAL DEPARTURE LAST
                VALUE   (LST)  VALUE       VALUE  FROM      YEAR
                                                  NORMAL
..................................................................
TEMPERATURE (F)
 YESTERDAY
  MAXIMUM         77    359 PM  91    1987  78     -1       88
  MINIMUM         47    510 AM  35    1953  53     -6       64
  AVERAGE         62                        65     -3       76

PRECIPITATION (IN)
  YESTERDAY        T             2.15 1995   0.12  -0.12     0.00
  MONTH TO DATE    2.07                      3.02  -0.95     1.44
  SINCE MAR 1      5.25                      8.97  -3.72     5.16
  SINCE JAN 1     14.24                     18.90  -4.66    19.86

SNOWFALL (IN)
  YESTERDAY       MM                         0.0   MM        0.0
  MONTH TO DATE    0.0                       0.0    0.0      0.0
  SINCE MAR 1      0.0                       0.3   -0.3      0.0
  SINCE JUL 1      T                         0.4   -0.4      0.0
  SNOW DEPTH       0

DEGREE DAYS
 HEATING
  YESTERDAY        3                         2      1        0
  MONTH TO DATE   99                        83     16       23
  SINCE MAR 1    347                       338      9      192
  SINCE JUL 1   2026                      2210   -184     1189

 COOLING
  YESTERDAY        0                         3     -3       11
  MONTH TO DATE   23                        41    -18      116
  SINCE MAR 1     60                        64     -4      197
  SINCE JAN 1    125                        70     55      243
..................................................................


WIND (MPH)
  HIGHEST WIND SPEED    20   HIGHEST WIND DIRECTION     E (100)
  HIGHEST GUST SPEED    24   HIGHEST GUST DIRECTION     E (90)
  AVERAGE WIND SPEED     9.7


SKY COVER
  AVERAGE SKY COVER 0.4


WEATHER CONDITIONS
 THE FOLLOWING WEATHER WAS RECORDED YESTERDAY.
  LIGHT RAIN


RELATIVE HUMIDITY (PERCENT)
 HIGHEST    86           500 AM
 LOWEST     40          1000 AM
 AVERAGE    63

..........................................................


THE MONTGOMERY CLIMATE NORMALS FOR TODAY
                         NORMAL    RECORD    YEAR
 MAXIMUM TEMPERATURE (F)   78        91      1987
 MINIMUM TEMPERATURE (F)   53        38      1993


SUNRISE AND SUNSET
APRIL 22 2018.........SUNRISE   608 AM CDT   SUNSET   720 PM CDT
APRIL 23 2018.........SUNRISE   607 AM CDT   SUNSET   721 PM CDT


-  INDICATES NEGATIVE NUMBERS.
R  INDICATES RECORD WAS SET OR TIED.
MM INDICATES DATA IS MISSING.
T  INDICATES TRACE AMOUNT.




$$
