000
CDUS44 KBMX 252130
CLIMGM

CLIMATE REPORT
NATIONAL WEATHER SERVICE BIRMINGHAM AL
430 PM CDT SUN OCT 25 2020

...................................

...THE MONTGOMERY CLIMATE SUMMARY FOR OCTOBER 25 2020...
VALID AS OF 0400 PM LOCAL TIME.

CLIMATE NORMAL PERIOD 1981 TO 2010
CLIMATE RECORD PERIOD 1872 TO 2020


WEATHER ITEM   OBSERVED TIME   RECORD YEAR NORMAL DEPARTURE LAST
                VALUE   (LST)  VALUE       VALUE  FROM      YEAR
                                                  NORMAL
...................................................................
TEMPERATURE (F)
 TODAY
  MAXIMUM         78    227 PM  88    1931  76      2       79
                                      2016
  MINIMUM         66    743 AM  33    1999  50     16       66
  AVERAGE         72                        63      9       73

PRECIPITATION (IN)
  TODAY            T             1.70 1888   0.09  -0.09      T
  MONTH TO DATE    2.44                      2.32   0.12     4.11
  SINCE SEP 1      7.75                      6.29   1.46     4.16
  SINCE JAN 1     59.58                     43.00  16.58    37.92

SNOWFALL (IN)
  TODAY            0.0                       0.0    0.0      0.0
  MONTH TO DATE    0.0                       0.0    0.0      0.0
  SINCE SEP 1      0.0                       0.0    0.0      0.0
  SINCE JUL 1      0.0                       0.0    0.0      0.0
  SNOW DEPTH      MM

DEGREE DAYS

 COOLING
  TODAY            7                         2      5        8
  MONTH TO DATE  165                       104     61      221
  SINCE SEP 1    546                       445    101      777
  SINCE JAN 1   2641                      2234    407     2962
...................................................................


WIND (MPH)
  HIGHEST WIND SPEED     9   HIGHEST WIND DIRECTION     W (280)
  HIGHEST GUST SPEED    12   HIGHEST GUST DIRECTION     W (280)
  AVERAGE WIND SPEED     4.6


SKY COVER
  AVERAGE SKY COVER 1.0


WEATHER CONDITIONS
THE FOLLOWING WEATHER WAS RECORDED TODAY.
  RAIN
  LIGHT RAIN
  FOG
  FOG W/VISIBILITY <= 1/4 MILE


RELATIVE HUMIDITY (PERCENT)
 HIGHEST    97           300 AM
 LOWEST     62           100 PM
 AVERAGE    80

..........................................................


THE MONTGOMERY CLIMATE NORMALS FOR TOMORROW
                         NORMAL    RECORD    YEAR
 MAXIMUM TEMPERATURE (F)   75        90      2010
 MINIMUM TEMPERATURE (F)   50        31      1968


SUNRISE AND SUNSET
OCTOBER 25 2020.......SUNRISE   657 AM CDT   SUNSET   601 PM CDT
OCTOBER 26 2020.......SUNRISE   658 AM CDT   SUNSET   600 PM CDT


-  INDICATES NEGATIVE NUMBERS.
R  INDICATES RECORD WAS SET OR TIED.
MM INDICATES DATA IS MISSING.
T  INDICATES TRACE AMOUNT.




$$
