000
CDUS44 KBMX 140738
CLIMGM


CLIMATE REPORT
NATIONAL WEATHER SERVICE BIRMINGHAM, AL
238 AM CDT MON OCT 14 2019


...................................

...THE MONTGOMERY CLIMATE SUMMARY FOR OCTOBER 13 2019...

CLIMATE NORMAL PERIOD 1981 TO 2010
CLIMATE RECORD PERIOD 1872 TO 2019


WEATHER ITEM   OBSERVED TIME   RECORD YEAR NORMAL DEPARTURE LAST
                VALUE   (LST)  VALUE       VALUE  FROM      YEAR
                                                  NORMAL
..................................................................
TEMPERATURE (F)
 YESTERDAY
  MAXIMUM         74    337 PM  92    2017  79     -5       81
  MINIMUM         60   1159 PM  39    1988  55      5       54
  AVERAGE         67                        67      0       68

PRECIPITATION (IN)
  YESTERDAY        0.15          2.17 1986   0.09   0.06     0.00
  MONTH TO DATE    0.73                      1.24  -0.51     1.60
  SINCE SEP 1      0.78                      5.21  -4.43     5.59
  SINCE JAN 1     34.54                     41.92  -7.38    38.84

SNOWFALL (IN)
  YESTERDAY        0.0                       0.0    0.0      0.0
  MONTH TO DATE    0.0                       0.0    0.0      0.0
  SINCE SEP 1      0.0                       0.0    0.0      0.0
  SINCE JUL 1      0.0                       0.0    0.0      0.0
  SNOW DEPTH       0

DEGREE DAYS
 HEATING
  YESTERDAY        0                         2     -2        0
  MONTH TO DATE    0                        18    -18        0
  SINCE SEP 1      0                        22    -22        0
  SINCE JUL 1      0                        22    -22        0

 COOLING
  YESTERDAY        2                         4     -2        3
  MONTH TO DATE  192                        68    124      159
  SINCE SEP 1    748                       409    339      674
  SINCE JAN 1   2933                      2198    735     2728
..................................................................


WIND (MPH)
  HIGHEST WIND SPEED    10   HIGHEST WIND DIRECTION     N (340)
  HIGHEST GUST SPEED    13   HIGHEST GUST DIRECTION     N (350)
  AVERAGE WIND SPEED     3.5


SKY COVER
  AVERAGE SKY COVER 0.9


WEATHER CONDITIONS
 THE FOLLOWING WEATHER WAS RECORDED YESTERDAY.
  HEAVY RAIN
  RAIN
  LIGHT RAIN
  FOG
  HAZE


RELATIVE HUMIDITY (PERCENT)
 HIGHEST    97           100 AM
 LOWEST     64           300 PM
 AVERAGE    81

..........................................................


THE MONTGOMERY CLIMATE NORMALS FOR TODAY
                         NORMAL    RECORD    YEAR
 MAXIMUM TEMPERATURE (F)   79        91      1883
 MINIMUM TEMPERATURE (F)   54        34      1988


SUNRISE AND SUNSET
OCTOBER 14 2019.......SUNRISE   648 AM CDT   SUNSET   614 PM CDT
OCTOBER 15 2019.......SUNRISE   649 AM CDT   SUNSET   613 PM CDT


-  INDICATES NEGATIVE NUMBERS.
R  INDICATES RECORD WAS SET OR TIED.
MM INDICATES DATA IS MISSING.
T  INDICATES TRACE AMOUNT.




$$
