000
CDUS44 KBMX 172124
CLIMGM


CLIMATE REPORT
NATIONAL WEATHER SERVICE BIRMINGHAM, AL
423 PM CDT TUE JUL 17 2018


...................................

...THE MONTGOMERY CLIMATE SUMMARY FOR JULY 17 2018...
VALID TODAY AS OF 0400 PM LOCAL TIME.

CLIMATE NORMAL PERIOD 1981 TO 2010
CLIMATE RECORD PERIOD 1872 TO 2018


WEATHER ITEM   OBSERVED TIME   RECORD YEAR NORMAL DEPARTURE LAST
                VALUE   (LST)  VALUE       VALUE  FROM      YEAR
                                                  NORMAL
..................................................................
TEMPERATURE (F)
 TODAY
  MAXIMUM         89    259 PM 100    2006  92     -3       92
                                      1944
                                      1887
  MINIMUM         73    518 AM  62    2014  72      1       74
  AVERAGE         81                        82     -1       83

PRECIPITATION (IN)
  TODAY            0.00          2.54 1947   0.17  -0.17     0.12
  MONTH TO DATE    4.26                      3.02   1.24     1.95
  SINCE JUN 1      5.78                      7.09  -1.31    13.99
  SINCE JAN 1     28.05                     30.53  -2.48    47.91

DEGREE DAYS
 COOLING
  TODAY           16                        17     -1       18
  MONTH TO DATE  311                       283     28      323
  SINCE JUN 1    814                       702    112      759
  SINCE JAN 1   1299                      1041    258     1341
..................................................................


WIND (MPH)
  HIGHEST WIND SPEED     9   HIGHEST WIND DIRECTION     W (250)
  HIGHEST GUST SPEED    13   HIGHEST GUST DIRECTION     W (260)
  AVERAGE WIND SPEED     4.0


SKY COVER
  AVERAGE SKY COVER 0.6


WEATHER CONDITIONS
 THE FOLLOWING WEATHER WAS RECORDED TODAY.
  FOG


RELATIVE HUMIDITY (PERCENT)
 HIGHEST   100           100 AM
 LOWEST     64           300 PM
 AVERAGE    82

..........................................................


THE MONTGOMERY CLIMATE NORMALS FOR TOMORROW
                         NORMAL    RECORD    YEAR
 MAXIMUM TEMPERATURE (F)   92       100      2000
                                             1995
                                             1993
 MINIMUM TEMPERATURE (F)   72        65      1967


SUNRISE AND SUNSET
JULY 17 2018..........SUNRISE   551 AM CDT   SUNSET   753 PM CDT
JULY 18 2018..........SUNRISE   551 AM CDT   SUNSET   752 PM CDT


-  INDICATES NEGATIVE NUMBERS.
R  INDICATES RECORD WAS SET OR TIED.
MM INDICATES DATA IS MISSING.
T  INDICATES TRACE AMOUNT.




$$
