000
CDUS41 KPBZ 182116
CLIMGW

CLIMATE REPORT
NATIONAL WEATHER SERVICE PITTSBURGH PA
516 PM EDT FRI OCT 18 2019

...................................

...THE MORGANTOWN WV CLIMATE SUMMARY FOR OCTOBER 18 2019...
VALID TODAY AS OF 0500 PM LOCAL TIME.

CLIMATE NORMAL PERIOD 1981 TO 2010
CLIMATE RECORD PERIOD 1872 TO 2019


WEATHER ITEM   OBSERVED TIME   RECORD YEAR NORMAL DEPARTURE LAST
                VALUE   (LST)  VALUE       VALUE  FROM      YEAR
                                                  NORMAL
...................................................................
TEMPERATURE (F)
 TODAY
  MAXIMUM         57    351 PM  85    1938  64     -7       53
  MINIMUM         41    705 AM  26    1939  43     -2       33
  AVERAGE         49                        54     -5       43

PRECIPITATION (IN)
  TODAY            0.00          1.13 1927   0.08  -0.08     0.00
  MONTH TO DATE    1.77                      1.63   0.14     1.53
  SINCE JUN 1     16.52                     17.12  -0.60    21.57
  SINCE JAN 1     36.34                     34.31   2.03    45.30

DEGREE DAYS
 HEATING
  TODAY           16                        12      4       22
  MONTH TO DATE  109                       168    -59      112
  SINCE SEP 1    110                       254   -144      139
  SINCE JUL 1    110                       265   -155      139

 COOLING
  TODAY            0                         0      0        0
  MONTH TO DATE   47                        10     37       74
  SINCE SEP 1    253                       102    151      275
  SINCE JAN 1   1177                       811    366     1286
...................................................................


WIND (MPH)
  HIGHEST WIND SPEED    10   HIGHEST WIND DIRECTION     N (360)
  HIGHEST GUST SPEED    16   HIGHEST GUST DIRECTION    NW (330)
  AVERAGE WIND SPEED     2.4


SKY COVER
  POSSIBLE SUNSHINE  MM
  AVERAGE SKY COVER 0.8


WEATHER CONDITIONS
THE FOLLOWING WEATHER WAS RECORDED TODAY.
  NO SIGNIFICANT WEATHER WAS OBSERVED.


RELATIVE HUMIDITY (PERCENT)
 HIGHEST    82           800 AM
 LOWEST     47           200 PM
 AVERAGE    65

..........................................................


THE MORGANTOWN WV CLIMATE NORMALS FOR TOMORROW
                         NORMAL    RECORD    YEAR
 MAXIMUM TEMPERATURE (F)   64        85      1894
 MINIMUM TEMPERATURE (F)   43        23      1972


SUNRISE AND SUNSET
OCTOBER 18 2019.......SUNRISE   733 AM EDT   SUNSET   636 PM EDT
OCTOBER 19 2019.......SUNRISE   734 AM EDT   SUNSET   635 PM EDT


-  INDICATES NEGATIVE NUMBERS.
R  INDICATES RECORD WAS SET OR TIED.
MM INDICATES DATA IS MISSING.
T  INDICATES TRACE AMOUNT.




$$
