000
CDUS41 KPBZ 230703
CLIMGW


CLIMATE REPORT
NATIONAL WEATHER SERVICE PITTSBURGH PA
303 AM EDT TUE OCT 23 2018


...................................

...THE MORGANTOWN WV CLIMATE SUMMARY FOR OCTOBER 22 2018...

CLIMATE NORMAL PERIOD 1981 TO 2010
CLIMATE RECORD PERIOD 1872 TO 2018


WEATHER ITEM   OBSERVED TIME   RECORD YEAR NORMAL DEPARTURE LAST
                VALUE   (LST)  VALUE       VALUE  FROM      YEAR
                                                  NORMAL
..................................................................
TEMPERATURE (F)
 YESTERDAY
  MAXIMUM         59    340 PM  87    1894  63     -4       80
  MINIMUM         30    638 AM  19    1930  42    -12       49
  AVERAGE         45                        52     -7       65

PRECIPITATION (IN)
  YESTERDAY        0.00          0.88 1910   0.09  -0.09     0.00
  MONTH TO DATE    1.84                      1.96  -0.12     1.26
  SINCE JUN 1     21.88                     17.45   4.43    18.63
  SINCE JAN 1     45.61                     34.64  10.97    41.72

DEGREE DAYS
 HEATING
  YESTERDAY       20                        13      7        0
  MONTH TO DATE  193                       218    -25       75
  SINCE SEP 1    220                       304    -84      140
  SINCE JUL 1    220                       315    -95      142

 COOLING
  YESTERDAY        0                         0      0        0
  MONTH TO DATE   74                        10     64       54
  SINCE SEP 1    275                       102    173      166
  SINCE JAN 1   1286                       811    475      919
..................................................................


WIND (MPH)
  HIGHEST WIND SPEED    15   HIGHEST WIND DIRECTION    SW (210)
  HIGHEST GUST SPEED    23   HIGHEST GUST DIRECTION    SW (220)
  AVERAGE WIND SPEED     4.4


SKY COVER
  POSSIBLE SUNSHINE  MM
  AVERAGE SKY COVER 0.1


WEATHER CONDITIONS
 THE FOLLOWING WEATHER WAS RECORDED YESTERDAY.
  NO SIGNIFICANT WEATHER WAS OBSERVED.


RELATIVE HUMIDITY (PERCENT)
 HIGHEST    92           400 AM
 LOWEST     30           400 PM
 AVERAGE    61

..........................................................


THE MORGANTOWN WV CLIMATE NORMALS FOR TODAY
                         NORMAL    RECORD    YEAR
 MAXIMUM TEMPERATURE (F)   63        83      1920
 MINIMUM TEMPERATURE (F)   42        23      1969


SUNRISE AND SUNSET
OCTOBER 23 2018.......SUNRISE   738 AM EDT   SUNSET   629 PM EDT
OCTOBER 24 2018.......SUNRISE   739 AM EDT   SUNSET   628 PM EDT


-  INDICATES NEGATIVE NUMBERS.
R  INDICATES RECORD WAS SET OR TIED.
MM INDICATES DATA IS MISSING.
T  INDICATES TRACE AMOUNT.




$$
