000
CDUS41 KPBZ 120532
CLIMGW

CLIMATE REPORT
NATIONAL WEATHER SERVICE PITTSBURGH PA
132 AM EDT WED AUG 12 2020

...................................

...THE MORGANTOWN WV CLIMATE SUMMARY FOR AUGUST 11 2020...

CLIMATE NORMAL PERIOD 1981 TO 2010
CLIMATE RECORD PERIOD 1872 TO 2020


WEATHER ITEM   OBSERVED TIME   RECORD YEAR NORMAL DEPARTURE LAST
                VALUE   (LST)  VALUE       VALUE  FROM      YEAR
                                                  NORMAL
...................................................................
TEMPERATURE (F)
 YESTERDAY
  MAXIMUM         86    433 PM 100    1926  83      3       81
  MINIMUM         63    526 AM  49    1930  62      1       54
                                      1972
  AVERAGE         75                        72      3       68

PRECIPITATION (IN)
  YESTERDAY        T             1.73 1980   0.11  -0.11     0.00
  MONTH TO DATE    0.53                      1.31  -0.78     0.87
  SINCE JUN 1      5.53                     10.04  -4.51    10.81
  SINCE JAN 1     26.96                     27.23  -0.27    30.63

DEGREE DAYS
 HEATING
  YESTERDAY        0                         0      0        0
  MONTH TO DATE    0                         0      0        0
  SINCE JUN 1     14                        34    -20       23
  SINCE JUL 1      0                         3     -3        0

 COOLING
  YESTERDAY       10                         8      2        3
  MONTH TO DATE  106                        88     18       93
  SINCE JUN 1    711                       505    206      606
  SINCE JAN 1    802                       572    230      763
...................................................................


WIND (MPH)
  HIGHEST WIND SPEED    10   HIGHEST WIND DIRECTION     S (200)
  HIGHEST GUST SPEED    16   HIGHEST GUST DIRECTION    SW (210)
  AVERAGE WIND SPEED     3.9


SKY COVER
  POSSIBLE SUNSHINE  MM
  AVERAGE SKY COVER 0.4


WEATHER CONDITIONS
THE FOLLOWING WEATHER WAS RECORDED YESTERDAY.
  NO SIGNIFICANT WEATHER WAS OBSERVED.


RELATIVE HUMIDITY (PERCENT)
 HIGHEST    85          1000 PM
 LOWEST     55           500 PM
 AVERAGE    70

..........................................................


THE MORGANTOWN WV CLIMATE NORMALS FOR TODAY
                         NORMAL    RECORD    YEAR
 MAXIMUM TEMPERATURE (F)   83        97      1926
 MINIMUM TEMPERATURE (F)   62        45      1930


SUNRISE AND SUNSET
AUGUST 12 2020........SUNRISE   630 AM EDT   SUNSET   819 PM EDT
AUGUST 13 2020........SUNRISE   631 AM EDT   SUNSET   818 PM EDT


-  INDICATES NEGATIVE NUMBERS.
R  INDICATES RECORD WAS SET OR TIED.
MM INDICATES DATA IS MISSING.
T  INDICATES TRACE AMOUNT.




$$
