000
CDUS41 KPBZ 180820
CLIMGW


CLIMATE REPORT
NATIONAL WEATHER SERVICE PITTSBURGH PA
320 AM EST MON FEB 18 2019


...................................

...THE MORGANTOWN WV CLIMATE SUMMARY FOR FEBRUARY 17 2019...

CLIMATE NORMAL PERIOD 1981 TO 2010
CLIMATE RECORD PERIOD 1872 TO 2019


WEATHER ITEM   OBSERVED TIME   RECORD YEAR NORMAL DEPARTURE LAST
                VALUE   (LST)  VALUE       VALUE  FROM      YEAR
                                                  NORMAL
..................................................................
TEMPERATURE (F)
 YESTERDAY
  MAXIMUM         45   1042 PM  72    1921  43      2       39
  MINIMUM         22    501 AM -10    1973  26     -4       27
  AVERAGE         34                        34      0       33

PRECIPITATION (IN)
  YESTERDAY        0.24          0.56 1903   0.09   0.15     0.43
  MONTH TO DATE    3.81                      1.53   2.28     4.40
  SINCE JUN 1     38.51                     28.98   9.53    33.51
  SINCE JAN 1      7.54                      4.34   3.20     7.18

DEGREE DAYS
 HEATING
  YESTERDAY       31                        31      0       32
  MONTH TO DATE  449                       542    -93      473
  SINCE DEC 1   2298                      2521   -223     2576
  SINCE JUL 1   3395                      3569   -174     3471

 COOLING
  YESTERDAY        0                         0      0        0
  MONTH TO DATE    0                         0      0        0
  SINCE DEC 1      0                         0      0        0
  SINCE JAN 1      0                         0      0        0
..................................................................


WIND (MPH)
  HIGHEST WIND SPEED    15   HIGHEST WIND DIRECTION    SW (220)
  HIGHEST GUST SPEED    24   HIGHEST GUST DIRECTION    SW (230)
  AVERAGE WIND SPEED     4.5


SKY COVER
  POSSIBLE SUNSHINE  MM
  AVERAGE SKY COVER 0.6


WEATHER CONDITIONS
 THE FOLLOWING WEATHER WAS RECORDED YESTERDAY.
  RAIN
  LIGHT RAIN
  FOG
  FOG W/VISIBILITY <= 1/4 MILE


RELATIVE HUMIDITY (PERCENT)
 HIGHEST   100           900 PM
 LOWEST     56          1100 AM
 AVERAGE    78

..........................................................


THE MORGANTOWN WV CLIMATE NORMALS FOR TODAY
                         NORMAL    RECORD    YEAR
 MAXIMUM TEMPERATURE (F)   44        73      1981
 MINIMUM TEMPERATURE (F)   26        -3      1903


SUNRISE AND SUNSET
FEBRUARY 18 2019......SUNRISE   708 AM EST   SUNSET   559 PM EST
FEBRUARY 19 2019......SUNRISE   707 AM EST   SUNSET   600 PM EST


-  INDICATES NEGATIVE NUMBERS.
R  INDICATES RECORD WAS SET OR TIED.
MM INDICATES DATA IS MISSING.
T  INDICATES TRACE AMOUNT.




$$
