000
CDUS41 KPBZ 250702
CLIMGW


CLIMATE REPORT
NATIONAL WEATHER SERVICE PITTSBURGH PA
302 AM EDT WED APR 25 2018


...................................

...THE MORGANTOWN WV CLIMATE SUMMARY FOR APRIL 24 2018...

CLIMATE NORMAL PERIOD 1981 TO 2010
CLIMATE RECORD PERIOD 1872 TO 2018


WEATHER ITEM   OBSERVED TIME   RECORD YEAR NORMAL DEPARTURE LAST
                VALUE   (LST)  VALUE       VALUE  FROM      YEAR
                                                  NORMAL
..................................................................
TEMPERATURE (F)
 YESTERDAY
  MAXIMUM         54   1110 PM  91    1925  67    -13       58
  MINIMUM         48    536 AM  26    1930  44      4       51
  AVERAGE         51                        56     -5       55

PRECIPITATION (IN)
  YESTERDAY        0.56          1.28 1975   0.12   0.44     0.02
  MONTH TO DATE    5.68                      2.81   2.87     4.52
  SINCE JUN 1     44.23                     36.51   7.72    46.11
  SINCE JAN 1     17.90                     11.87   6.03    16.70

DEGREE DAYS
 HEATING
  YESTERDAY       14                        10      4       10
  MONTH TO DATE  436                       325    111      187
  SINCE MAR 1   1298                      1037    261      845
  SINCE JUL 1   4920                      4926     -6     3858

 COOLING
  YESTERDAY        0                         1     -1        0
  MONTH TO DATE   19                         6     13       18
  SINCE MAR 1     19                         8     11       20
  SINCE JAN 1     24                         8     16       23
..................................................................


WIND (MPH)
  HIGHEST WIND SPEED    15   HIGHEST WIND DIRECTION     S (170)
  HIGHEST GUST SPEED    24   HIGHEST GUST DIRECTION    SE (120)
  AVERAGE WIND SPEED     6.7


SKY COVER
  POSSIBLE SUNSHINE  MM
  AVERAGE SKY COVER 0.9


WEATHER CONDITIONS
 THE FOLLOWING WEATHER WAS RECORDED YESTERDAY.
  LIGHT RAIN
  FOG


RELATIVE HUMIDITY (PERCENT)
 HIGHEST    86           600 AM
 LOWEST     66           200 AM
 AVERAGE    76

..........................................................


THE MORGANTOWN WV CLIMATE NORMALS FOR TODAY
                         NORMAL    RECORD    YEAR
 MAXIMUM TEMPERATURE (F)   67        90      1925
 MINIMUM TEMPERATURE (F)   44        26      1956


SUNRISE AND SUNSET
APRIL 25 2018.........SUNRISE   628 AM EDT   SUNSET   808 PM EDT
APRIL 26 2018.........SUNRISE   627 AM EDT   SUNSET   809 PM EDT


-  INDICATES NEGATIVE NUMBERS.
R  INDICATES RECORD WAS SET OR TIED.
MM INDICATES DATA IS MISSING.
T  INDICATES TRACE AMOUNT.




$$
