000
CDUS41 KPBZ 202128
CLIMGW


CLIMATE REPORT
NATIONAL WEATHER SERVICE PITTSBURGH PA
528 PM EDT FRI JUL 20 2018


...................................

...THE MORGANTOWN WV CLIMATE SUMMARY FOR JULY 20 2018...
VALID TODAY AS OF 0500 PM LOCAL TIME.

CLIMATE NORMAL PERIOD 1981 TO 2010
CLIMATE RECORD PERIOD 1872 TO 2018


WEATHER ITEM   OBSERVED TIME   RECORD YEAR NORMAL DEPARTURE LAST
                VALUE   (LST)  VALUE       VALUE  FROM      YEAR
                                                  NORMAL
..................................................................
TEMPERATURE (F)
 TODAY
  MAXIMUM         87    130 PM 100    1930  83      4       89
  MINIMUM         67    518 AM  46    1909  63      4       69
  AVERAGE         77                        73      4       79

PRECIPITATION (IN)
  TODAY            0.23          2.66 1876   0.15   0.08     0.03
  MONTH TO DATE    1.15                      3.08  -1.93     4.00
  SINCE JUN 1      4.82                      7.19  -2.37     7.99
  SINCE JAN 1     28.55                     24.38   4.17    31.08

DEGREE DAYS
 HEATING
  TODAY            0                         0      0        0
  MONTH TO DATE    0                         0      0        0
  SINCE JUN 1     19                        31    -12       18
  SINCE JUL 1      0                         0      0        0

 COOLING
  TODAY           12                         8      4       14
  MONTH TO DATE  220                       160     60      209
  SINCE JUN 1    440                       322    118      390
  SINCE JAN 1    634                       389    245      497
..................................................................


WIND (MPH)
  RESULTANT WIND SPEED   8   RESULTANT WIND DIRECTION   S (160)
  HIGHEST WIND SPEED    16   HIGHEST WIND DIRECTION    SE (150)
  HIGHEST GUST SPEED    25   HIGHEST GUST DIRECTION    SE (150)
  AVERAGE WIND SPEED     8.6


SKY COVER
  POSSIBLE SUNSHINE  MM
  AVERAGE SKY COVER 0.1


WEATHER CONDITIONS
 THE FOLLOWING WEATHER WAS RECORDED TODAY.
  THUNDERSTORM
  HEAVY RAIN
  LIGHT RAIN
  FOG


RELATIVE HUMIDITY (PERCENT)
 HIGHEST    68           500 AM
 LOWEST     44          1200 PM
 AVERAGE    56

..........................................................


THE MORGANTOWN WV CLIMATE NORMALS FOR TOMORROW
                         NORMAL    RECORD    YEAR
 MAXIMUM TEMPERATURE (F)   83       102      1934
                                             1892
 MINIMUM TEMPERATURE (F)   63        46      1965


SUNRISE AND SUNSET
JULY 20 2018..........SUNRISE   608 AM EDT   SUNSET   843 PM EDT
JULY 21 2018..........SUNRISE   609 AM EDT   SUNSET   842 PM EDT


-  INDICATES NEGATIVE NUMBERS.
R  INDICATES RECORD WAS SET OR TIED.
MM INDICATES DATA IS MISSING.
T  INDICATES TRACE AMOUNT.




$$
