000
CDUS43 KFSD 090720
CLIMHE

CLIMATE REPORT
NATIONAL WEATHER SERVICE SIOUX FALLS SD
220 AM CDT SUN AUG 09 2020

...................................

...THE MITCHELL SD CLIMATE SUMMARY FOR AUGUST 8 2020...

CLIMATE NORMAL PERIOD: 1981 TO 2010
CLIMATE RECORD PERIOD: 1893 TO 2020


WEATHER ITEM   OBSERVED TIME   RECORD YEAR NORMAL DEPARTURE LAST
                VALUE   (LST)  VALUE       VALUE  FROM      YEAR
                                                  NORMAL
...................................................................
TEMPERATURE (F)
 YESTERDAY
  MAXIMUM         83   4:45 PM 105    1938  84     -1       81
  MINIMUM         73   5:11 AM  47    1904  62     11       62
  AVERAGE         78                        73      5       72

PRECIPITATION (IN)
  YESTERDAY        T             1.12 1979   0.09  -0.09     0.00
  MONTH TO DATE    1.14                      0.58   0.56     1.24
  SINCE JUN 1      8.04                      7.82   0.22    10.32
  SINCE JAN 1     12.48                     14.55  -2.07    22.16

SNOWFALL (IN)
  YESTERDAY        0.0           0.0    MM  MM     MM        0.0
  MONTH TO DATE    0.0                       0.0    0.0      0.0
  SINCE JUN 1      0.0                      MM     MM        0.0
  SINCE JUL 1      0.0                      MM     MM        0.0
  SNOW DEPTH       0

DEGREE DAYS
 HEATING
  YESTERDAY        0                         0      0        0
  MONTH TO DATE    1                         0      1        0
  SINCE JUN 1      4                        40    -36       16
  SINCE JUL 1      1                         5     -4        0

 COOLING
  YESTERDAY       13                         8      5        7
  MONTH TO DATE   46                        71    -25       78
  SINCE JUN 1    715                       549    166      639
  SINCE JAN 1    737                       589    148      658
...................................................................


WIND (MPH)
  HIGHEST WIND SPEED    22   HIGHEST WIND DIRECTION     W (250)
  HIGHEST GUST SPEED    37   HIGHEST GUST DIRECTION     W (260)
  AVERAGE WIND SPEED     9.8


SKY COVER
  POSSIBLE SUNSHINE  MM
  AVERAGE SKY COVER 0.5


WEATHER CONDITIONS
THE FOLLOWING WEATHER WAS RECORDED YESTERDAY.
  THUNDERSTORM
  LIGHT RAIN
  FOG
  HAZE


RELATIVE HUMIDITY (PERCENT)
 HIGHEST    94           6:00 AM
 LOWEST     74           1:00 PM
 AVERAGE    84

..........................................................


THE MITCHELL SD CLIMATE NORMALS FOR TODAY
                         NORMAL    RECORD    YEAR
 MAXIMUM TEMPERATURE (F)   84       109      1947
 MINIMUM TEMPERATURE (F)   62        42      1927


SUNRISE AND SUNSET
AUGUST  9 2020........SUNRISE   6:30 AM CDT   SUNSET   8:44 PM CDT
AUGUST 10 2020........SUNRISE   6:32 AM CDT   SUNSET   8:43 PM CDT


-  INDICATES NEGATIVE NUMBERS.
R  INDICATES RECORD WAS SET OR TIED.
MM INDICATES DATA IS MISSING.
T  INDICATES TRACE AMOUNT.




$$
