000
CDUS43 KFSD 240621
CLIMHE


CLIMATE REPORT
NATIONAL WEATHER SERVICE SIOUX FALLS SD
1220 AM CST SAT FEB 24 2018


...................................

...THE MITCHELL SD CLIMATE SUMMARY FOR FEBRUARY 23 2018...

CLIMATE NORMAL PERIOD 1981 TO 2010
CLIMATE RECORD PERIOD 1893 TO 2018


WEATHER ITEM   OBSERVED TIME   RECORD YEAR NORMAL DEPARTURE LAST
                VALUE   (LST)  VALUE       VALUE  FROM      YEAR
                                                  NORMAL
..................................................................
TEMPERATURE (F)
 YESTERDAY
  MAXIMUM         22        MM  70    1958  36    -14       33
  MINIMUM         -2        MM -24    1914  17    -19       28
  AVERAGE         10                        26    -16       31

PRECIPITATION (IN)
  YESTERDAY        T             0.80 1924   0.01  -0.01     0.22
  MONTH TO DATE    0.49                      0.28   0.21     0.40
  SINCE DEC 1      1.27                      0.95   0.32     2.27
  SINCE JAN 1      0.65                      0.50   0.15     1.16

SNOWFALL (IN)
  YESTERDAY        0.0          10.0  1942  MM     MM        2.4
  MONTH TO DATE   11.3                      MM     MM        2.4
  SINCE DEC 1     23.8                      MM     MM       19.9
  SINCE JUL 1     25.0                      MM     MM       25.4
  SNOW DEPTH       8

DEGREE DAYS
 HEATING
  YESTERDAY       55                        39     16       34
  MONTH TO DATE 1210                       967    243      711
  SINCE DEC 1   3941                      3766    175     3466
  SINCE JUL 1   5330                      5334     -4     4560

 COOLING
  YESTERDAY        0                         0      0        0
  MONTH TO DATE    0                         0      0        0
  SINCE DEC 1      0                         0      0        0
  SINCE JAN 1      0                         0      0        0
..................................................................


WIND (MPH)
  HIGHEST WIND SPEED    13   HIGHEST WIND DIRECTION     W (290)
  HIGHEST GUST SPEED    MM   HIGHEST GUST DIRECTION    MM
  AVERAGE WIND SPEED     7.2


SKY COVER
  POSSIBLE SUNSHINE  MM
  AVERAGE SKY COVER 0.3


WEATHER CONDITIONS
 THE FOLLOWING WEATHER WAS RECORDED YESTERDAY.
  LIGHT SNOW
  FOG


RELATIVE HUMIDITY (PERCENT)
 HIGHEST   100           200 AM
 LOWEST     73           200 PM
 AVERAGE    87

..........................................................


THE MITCHELL SD CLIMATE NORMALS FOR TODAY
                         NORMAL    RECORD    YEAR
 MAXIMUM TEMPERATURE (F)   37        66      1976
 MINIMUM TEMPERATURE (F)   17       -24      1993


SUNRISE AND SUNSET
FEBRUARY 24 2018......SUNRISE   717 AM CST   SUNSET   614 PM CST
FEBRUARY 25 2018......SUNRISE   715 AM CST   SUNSET   616 PM CST


-  INDICATES NEGATIVE NUMBERS.
R  INDICATES RECORD WAS SET OR TIED.
MM INDICATES DATA IS MISSING.
T  INDICATES TRACE AMOUNT.




$$
