000
CDUS43 KFSD 070622
CLIMHE

CLIMATE REPORT
NATIONAL WEATHER SERVICE SIOUX FALLS SD
122 AM CDT FRI MAY 07 2021

...................................

...THE MITCHELL SD CLIMATE SUMMARY FOR MAY 6 2021...

CLIMATE NORMAL PERIOD: 1991 TO 2020
CLIMATE RECORD PERIOD: 1893 TO 2021


WEATHER ITEM   OBSERVED TIME   RECORD YEAR NORMAL DEPARTURE LAST
                VALUE   (LST)  VALUE       VALUE  FROM      YEAR
                                                  NORMAL
...................................................................
TEMPERATURE (F)
 YESTERDAY
  MAXIMUM         70   3:53 PM  92    1934  67      3       65
  MINIMUM         31   3:28 AM  24    1931  44    -13       41
  AVERAGE         51                        55     -4       53

PRECIPITATION (IN)
  YESTERDAY        T             2.16 1942   0.10  -0.10     0.00
  MONTH TO DATE    0.02                      0.57  -0.55     0.39
  SINCE MAR 1      4.45                      3.57   0.88     2.08
  SINCE JAN 1      5.14                      4.34   0.80     3.04

SNOWFALL (IN)
  YESTERDAY        0.0           0.0    MM  MM     MM        0.0
  MONTH TO DATE    0.0                       0.0    0.0      0.0
  SINCE MAR 1      9.9                      MM     MM       13.5
  SINCE JUL 1     30.0                      MM     MM       46.4
  SNOW DEPTH       0

DEGREE DAYS
 HEATING
  YESTERDAY       14                        10      4       12
  MONTH TO DATE   61                        67     -6       46
  SINCE MAR 1   1272                      1548   -276     1405
  SINCE JUL 1   6460                      6973   -513     6863

 COOLING
  YESTERDAY        0                         1     -1        0
  MONTH TO DATE   11                         1     10        6
  SINCE MAR 1     17                         4     13        6
  SINCE JAN 1     17                         4     13        6
...................................................................


WIND (MPH)
  HIGHEST WIND SPEED    23   HIGHEST WIND DIRECTION    NW (300)
  HIGHEST GUST SPEED    33   HIGHEST GUST DIRECTION     W (270)
  AVERAGE WIND SPEED     8.2


SKY COVER
  POSSIBLE SUNSHINE  MM
  AVERAGE SKY COVER 0.1


WEATHER CONDITIONS
THE FOLLOWING WEATHER WAS RECORDED YESTERDAY.
  LIGHT RAIN


RELATIVE HUMIDITY (PERCENT)
 HIGHEST    88           6:00 AM
 LOWEST     17           6:00 PM
 AVERAGE    53

..........................................................


THE MITCHELL SD CLIMATE NORMALS FOR TODAY
                         NORMAL    RECORD    YEAR
 MAXIMUM TEMPERATURE (F)   67        96      1963
 MINIMUM TEMPERATURE (F)   44        23      1943


SUNRISE AND SUNSET
MAY  7 2021...........SUNRISE   6:16 AM CDT   SUNSET   8:42 PM CDT
MAY  8 2021...........SUNRISE   6:15 AM CDT   SUNSET   8:43 PM CDT


-  INDICATES NEGATIVE NUMBERS.
R  INDICATES RECORD WAS SET OR TIED.
MM INDICATES DATA IS MISSING.
T  INDICATES TRACE AMOUNT.




$$
