000
CDUS43 KFSD 180635
CLIMHE


CLIMATE REPORT
NATIONAL WEATHER SERVICE SIOUX FALLS SD
133 AM CDT FRI OCT 18 2019


...................................

...THE MITCHELL SD CLIMATE SUMMARY FOR OCTOBER 17 2019...

CLIMATE NORMAL PERIOD 1981 TO 2010
CLIMATE RECORD PERIOD 1893 TO 2019


WEATHER ITEM   OBSERVED TIME   RECORD YEAR NORMAL DEPARTURE LAST
                VALUE   (LST)  VALUE       VALUE  FROM      YEAR
                                                  NORMAL
..................................................................
TEMPERATURE (F)
 YESTERDAY
  MAXIMUM         68    354 PM  89    1991  62      6       58
  MINIMUM         35    652 AM  17    1976  37     -2       33
  AVERAGE         52                        49      3       46

PRECIPITATION (IN)
  YESTERDAY        0.00          1.54 1996   0.05  -0.05     0.00
  MONTH TO DATE    1.09                      1.05   0.04     2.08
  SINCE SEP 1      8.72                      3.37   5.35     6.12
  SINCE JAN 1     33.76                     19.72  14.04    19.19

SNOWFALL (IN)
  YESTERDAY        0.0           T    2006  MM     MM        0.0
                                      1996
  MONTH TO DATE    T                        MM     MM        1.4
  SINCE SEP 1      T                        MM     MM        1.4
  SINCE JUL 1      T                        MM     MM        1.4
  SNOW DEPTH       0

DEGREE DAYS
 HEATING
  YESTERDAY       13                        16     -3       19
  MONTH TO DATE  291                       219     72      365
  SINCE SEP 1    330                       360    -30      480
  SINCE JUL 1    339                       377    -38      486

 COOLING
  YESTERDAY        0                         0      0        0
  MONTH TO DATE    0                         7     -7        0
  SINCE SEP 1    143                        79     64      120
  SINCE JAN 1    937                       824    113     1080
..................................................................


WIND (MPH)
  HIGHEST WIND SPEED    24   HIGHEST WIND DIRECTION    SE (150)
  HIGHEST GUST SPEED    35   HIGHEST GUST DIRECTION    SE (150)
  AVERAGE WIND SPEED    12.6


SKY COVER
  POSSIBLE SUNSHINE  MM
  AVERAGE SKY COVER 0.0


WEATHER CONDITIONS
 THE FOLLOWING WEATHER WAS RECORDED YESTERDAY.
  NO SIGNIFICANT WEATHER WAS OBSERVED.


RELATIVE HUMIDITY (PERCENT)
 HIGHEST    92           500 AM
 LOWEST     39           400 PM
 AVERAGE    66

..........................................................


THE MITCHELL SD CLIMATE NORMALS FOR TODAY
                         NORMAL    RECORD    YEAR
 MAXIMUM TEMPERATURE (F)   61        86      2005
                                             2003
 MINIMUM TEMPERATURE (F)   37        17      1907


SUNRISE AND SUNSET
OCTOBER 18 2019.......SUNRISE   750 AM CDT   SUNSET   644 PM CDT
OCTOBER 19 2019.......SUNRISE   751 AM CDT   SUNSET   642 PM CDT


-  INDICATES NEGATIVE NUMBERS.
R  INDICATES RECORD WAS SET OR TIED.
MM INDICATES DATA IS MISSING.
T  INDICATES TRACE AMOUNT.




$$
