000
CDUS43 KTOP 100633
CLIMHK

CLIMATE REPORT
NATIONAL WEATHER SERVICE TOPEKA KS
133 AM CDT MON MAY 10 2021

...................................

...THE MANHATTAN KS CLIMATE SUMMARY FOR MAY 9 2021...

CLIMATE NORMAL PERIOD 1991 TO 2020
CLIMATE RECORD PERIOD 9999 TO 9999


WEATHER ITEM   OBSERVED NORMAL DEPARTURE LAST
                VALUE   VALUE  FROM      YEAR
                               NORMAL
................................................
TEMPERATURE (F)
 YESTERDAY
  MAXIMUM         52     74    -22       65
  MINIMUM         45     50     -5       32
  AVERAGE         49     62    -13       49

PRECIPITATION (IN)
  YESTERDAY        0.08   0.13  -0.05     0.00
  MONTH TO DATE    0.88   1.23  -0.35     2.10
  SINCE MAR 1      6.34   6.19   0.15     6.77
  SINCE JAN 1      7.18   7.80  -0.62     8.82

DEGREE DAYS
 HEATING
  YESTERDAY       16      5     11       16
  MONTH TO DATE   62     54      8       67
  SINCE MAR 1    896   1019   -123      907
  SINCE JUL 1   4899   5037   -138     4823

 COOLING
  YESTERDAY        0      2     -2        0
  MONTH TO DATE   15     15      0        9
  SINCE MAR 1     46     38      8       23
  SINCE JAN 1     46     38      8       23
................................................


WIND (MPH)
  HIGHEST WIND SPEED    31   HIGHEST WIND DIRECTION    NE (40)
  HIGHEST GUST SPEED    41   HIGHEST GUST DIRECTION    NE (40)
  AVERAGE WIND SPEED     7.6


SKY COVER
  AVERAGE SKY COVER 0.9


WEATHER CONDITIONS
THE FOLLOWING WEATHER WAS RECORDED YESTERDAY.
  THUNDERSTORM
  RAIN
  LIGHT RAIN
  FOG


RELATIVE HUMIDITY (PERCENT)
 HIGHEST    93
 LOWEST     71
 AVERAGE    82

..........................................................


THE MANHATTAN KS CLIMATE NORMALS FOR TODAY
                         NORMAL    RECORD    YEAR
 MAXIMUM TEMPERATURE (F)   75        MM        MM
 MINIMUM TEMPERATURE (F)   50        MM        MM


SUNRISE AND SUNSET
MAY 10 2021...........SUNRISE   618 AM CDT   SUNSET   829 PM CDT
MAY 11 2021...........SUNRISE   617 AM CDT   SUNSET   830 PM CDT


-  INDICATES NEGATIVE NUMBERS.
R  INDICATES RECORD WAS SET OR TIED.
MM INDICATES DATA IS MISSING.
T  INDICATES TRACE AMOUNT.




$$
