000
CDUS43 KTOP 222252
CLIMHK


CLIMATE REPORT
NATIONAL WEATHER SERVICE TOPEKA KS
450 PM CST TUE JAN 22 2019


...................................

...THE MANHATTAN KS CLIMATE SUMMARY FOR JANUARY 22 2019...
VALID TODAY AS OF 0400 PM LOCAL TIME.

CLIMATE NORMAL PERIOD 1981 TO 2010
CLIMATE RECORD PERIOD 9999 TO 9999


WEATHER ITEM   OBSERVED NORMAL DEPARTURE LAST
                VALUE   VALUE  FROM      YEAR
                               NORMAL
...............................................
TEMPERATURE (F)
 TODAY
  MAXIMUM         39     41     -2       39
  MINIMUM         26     17      9       28
  AVERAGE         33     29      4       34

PRECIPITATION (IN)
  TODAY            0.04   0.03   0.01     0.18
  MONTH TO DATE    0.83   0.34   0.49     0.50
  SINCE DEC 1      3.12   1.36   1.76     0.61
  SINCE JAN 1      0.83   0.34   0.49     0.50

DEGREE DAYS
 HEATING
  TODAY           32     36     -4       31
  MONTH TO DATE  697    807   -110      794
  SINCE DEC 1   1586   1873   -287     1777
  SINCE JUL 1   2803   2948   -145     2659

 COOLING
  TODAY            0      0      0        0
  MONTH TO DATE    0      0      0        0
  SINCE DEC 1      0      0      0        0
  SINCE JAN 1      0      0      0        0
...............................................


WIND (MPH)
  HIGHEST WIND SPEED    20   HIGHEST WIND DIRECTION    NE (30)
  HIGHEST GUST SPEED    33   HIGHEST GUST DIRECTION     N (350)
  AVERAGE WIND SPEED     7.7



WEATHER CONDITIONS
 THE FOLLOWING WEATHER WAS RECORDED TODAY.
  LIGHT RAIN
  LT FREEZING RAIN
  LIGHT SNOW
  FOG


RELATIVE HUMIDITY (PERCENT)
 HIGHEST   100
 LOWEST     76
 AVERAGE    88

..........................................................


THE MANHATTAN KS CLIMATE NORMALS FOR TOMORROW
                         NORMAL
 MAXIMUM TEMPERATURE (F)   41
 MINIMUM TEMPERATURE (F)   17


SUNRISE AND SUNSET
JANUARY 22 2019.......SUNRISE   741 AM CST   SUNSET   536 PM CST
JANUARY 23 2019.......SUNRISE   740 AM CST   SUNSET   537 PM CST


-  INDICATES NEGATIVE NUMBERS.
R  INDICATES RECORD WAS SET OR TIED.
MM INDICATES DATA IS MISSING.
T  INDICATES TRACE AMOUNT.




$$
