000
CDUS43 KTOP 182138
CLIMHK


CLIMATE REPORT
NATIONAL WEATHER SERVICE TOPEKA KS
437 PM CDT THU OCT 18 2018


...................................

...THE MANHATTAN KS CLIMATE SUMMARY FOR OCTOBER 18 2018...
VALID TODAY AS OF 430 PM LOCAL TIME.

CLIMATE NORMAL PERIOD 1981 TO 2010
CLIMATE RECORD PERIOD 9999 TO 9999


WEATHER ITEM   OBSERVED NORMAL DEPARTURE LAST
                VALUE   VALUE  FROM      YEAR
                               NORMAL
...............................................
TEMPERATURE (F)
 TODAY
  MAXIMUM         70     67      3       78
  MINIMUM         35     41     -6       43
  AVERAGE         53     54     -1       61

PRECIPITATION (IN)
  TODAY            0.00   0.07  -0.07     0.00
  MONTH TO DATE    2.51   1.40   1.11     3.24
  SINCE SEP 1      2.97   4.57  -1.60     4.11
  SINCE JAN 1     18.31  29.11 -10.80    27.67

DEGREE DAYS
 HEATING
  TODAY           12     11      1        4
  MONTH TO DATE  209    153     56       85
  SINCE SEP 1    257    220     37      104
  SINCE JUL 1    257    223     34      104

 COOLING
  TODAY            0      0      0        0
  MONTH TO DATE   24     21      3       51
  SINCE SEP 1    244    175     69      305
  SINCE JAN 1   1891   1358    533     1560
...............................................


WIND (MPH)
  HIGHEST WIND SPEED    17   HIGHEST WIND DIRECTION     S (170)
  HIGHEST GUST SPEED    23   HIGHEST GUST DIRECTION     S (170)
  AVERAGE WIND SPEED     4.0



WEATHER CONDITIONS
 THE FOLLOWING WEATHER WAS RECORDED TODAY.
  FOG
  HAZE


RELATIVE HUMIDITY (PERCENT)
 HIGHEST   100
 LOWEST     37
 AVERAGE    69

..........................................................


THE MANHATTAN KS CLIMATE NORMALS FOR TOMORROW
                         NORMAL
 MAXIMUM TEMPERATURE (F)   67
 MINIMUM TEMPERATURE (F)   41


SUNRISE AND SUNSET
OCTOBER 18 2018.......SUNRISE   739 AM CDT   SUNSET   644 PM CDT
OCTOBER 19 2018.......SUNRISE   740 AM CDT   SUNSET   642 PM CDT


-  INDICATES NEGATIVE NUMBERS.
R  INDICATES RECORD WAS SET OR TIED.
MM INDICATES DATA IS MISSING.
T  INDICATES TRACE AMOUNT.




$$
