000
CDUS46 KMFR 120836
CLIMHS


CLIMATE REPORT
NATIONAL WEATHER SERVICE MEDFORD, OR
136 AM PDT WED AUG 12 2020


...................................

...THE MT SHASTA CITY CA CLIMATE SUMMARY FOR AUGUST 11 2020...

CLIMATE NORMAL PERIOD 1981 TO 2010
CLIMATE RECORD PERIOD 1908 TO 2020


WEATHER ITEM   OBSERVED TIME   RECORD YEAR NORMAL DEPARTURE LAST
                VALUE   (LST)  VALUE       VALUE  FROM      YEAR
                                                  NORMAL
..................................................................
TEMPERATURE (F)
 YESTERDAY
  MAXIMUM         90    254 PM 101    1971  86      4       76
  MINIMUM         53    542 AM  38    1995  49      4       42
  AVERAGE         72                        68      4       59

PRECIPITATION (IN)
  YESTERDAY        0.00          0.42 1965   0.01  -0.01     0.00
  MONTH TO DATE    0.00                      0.11  -0.11     0.00
  SINCE OCT 1     21.74                     42.31 -20.57    44.70
  SINCE JAN 1     12.81                     27.10 -14.29    36.29

SNOWFALL (IN)
  YESTERDAY       MM                         0.0   MM       MM
  MONTH TO DATE   MM                         0.0   MM       MM
  SINCE JUL 1     MM                         0.0   MM       MM
  SNOW DEPTH      MM

DEGREE DAYS
 HEATING
  YESTERDAY        0                         1     -1        6
  MONTH TO DATE    0                        11    -11       14
  SINCE JUN 1    126                       186    -60      107
  SINCE JUL 1      4                        44    -40       21

 COOLING
  YESTERDAY        7                         3      4        0
  MONTH TO DATE   61                        43     18       48
  SINCE JUN 1    319                       203    116      230
  SINCE JAN 1    343                       211    132      230
..................................................................


WIND (MPH)
  HIGHEST WIND SPEED     7   HIGHEST WIND DIRECTION     E (90)
  HIGHEST GUST SPEED    14   HIGHEST GUST DIRECTION    SE (150)
  AVERAGE WIND SPEED     1.3


SKY COVER
  POSSIBLE SUNSHINE  MM
  AVERAGE SKY COVER 0.1


WEATHER CONDITIONS
 THE FOLLOWING WEATHER WAS RECORDED YESTERDAY.
  NO SIGNIFICANT WEATHER WAS OBSERVED.


RELATIVE HUMIDITY (PERCENT)
 HIGHEST    72           500 AM
 LOWEST     29           100 PM

..........................................................


THE MT SHASTA CITY CA CLIMATE NORMALS FOR TODAY
                         NORMAL    RECORD    YEAR
 MAXIMUM TEMPERATURE (F)   86        99      2012
 MINIMUM TEMPERATURE (F)   49        40      1995


SUNRISE AND SUNSET
AUGUST 12 2020........SUNRISE   616 AM PDT   SUNSET   812 PM PDT
AUGUST 13 2020........SUNRISE   617 AM PDT   SUNSET   810 PM PDT


-  INDICATES NEGATIVE NUMBERS.
R  INDICATES RECORD WAS SET OR TIED.
MM INDICATES DATA IS MISSING.
T  INDICATES TRACE AMOUNT.




$$
