000
CDUS46 KMFR 200840
CLIMHS


CLIMATE REPORT
NATIONAL WEATHER SERVICE MEDFORD, OR
1240 AM PST WED FEB 20 2019


...................................

...THE MT SHASTA CITY CA CLIMATE SUMMARY FOR FEBRUARY 19 2019...

CLIMATE NORMAL PERIOD 1981 TO 2010
CLIMATE RECORD PERIOD 1908 TO 2019


WEATHER ITEM   OBSERVED TIME   RECORD YEAR NORMAL DEPARTURE LAST
                VALUE   (LST)  VALUE       VALUE  FROM      YEAR
                                                  NORMAL
..................................................................
TEMPERATURE (F)
 YESTERDAY
  MAXIMUM         42    341 PM  67    1995  49     -7       36
  MINIMUM         21    732 AM   7    1990  28     -7       22
  AVERAGE         32                        39     -7       29

PRECIPITATION (IN)
  YESTERDAY        0.00          2.38 1956   0.28  -0.28      T
  MONTH TO DATE    7.68                      4.78   2.90     0.09
  SINCE OCT 1     21.61                     27.05  -5.44    10.20
  SINCE JAN 1     13.20                     11.84   1.36     4.37

SNOWFALL (IN)
  YESTERDAY       MM                         0.8   MM       MM
  MONTH TO DATE   MM                        13.2   MM       MM
  SINCE JUL 1     MM                        66.5   MM       MM
  SNOW DEPTH      MM

DEGREE DAYS
 HEATING
  YESTERDAY       33                        26      7       36
  MONTH TO DATE  627                       519    108      428
  SINCE DEC 1   2115                      2348   -233     2040
  SINCE JUL 1   3317                      3745   -428     3291

 COOLING
  YESTERDAY        0                         0      0        0
  MONTH TO DATE    0                         0      0        0
  SINCE DEC 1      0                         0      0        0
  SINCE JAN 1      0                         0      0        0
..................................................................


WIND (MPH)
  HIGHEST WIND SPEED    13   HIGHEST WIND DIRECTION     W (280)
  HIGHEST GUST SPEED    22   HIGHEST GUST DIRECTION     W (280)
  AVERAGE WIND SPEED     4.2


SKY COVER
  POSSIBLE SUNSHINE  MM
  AVERAGE SKY COVER 0.3


WEATHER CONDITIONS
 THE FOLLOWING WEATHER WAS RECORDED YESTERDAY.
  NO SIGNIFICANT WEATHER WAS OBSERVED.


RELATIVE HUMIDITY (PERCENT)
 HIGHEST    88           500 AM
 LOWEST     41           100 PM

..........................................................


THE MT SHASTA CITY CA CLIMATE NORMALS FOR TODAY
                         NORMAL    RECORD    YEAR
 MAXIMUM TEMPERATURE (F)   49        70      1988
 MINIMUM TEMPERATURE (F)   28        12      1918
                                             1990


SUNRISE AND SUNSET
FEBRUARY 20 2019......SUNRISE   657 AM PST   SUNSET   549 PM PST
FEBRUARY 21 2019......SUNRISE   656 AM PST   SUNSET   550 PM PST


-  INDICATES NEGATIVE NUMBERS.
R  INDICATES RECORD WAS SET OR TIED.
MM INDICATES DATA IS MISSING.
T  INDICATES TRACE AMOUNT.




$$
