000
CDUS46 KMFR 200836
CLIMHS


CLIMATE REPORT
NATIONAL WEATHER SERVICE MEDFORD, OR
1236 AM PST TUE NOV 20 2018


...................................

...THE MT SHASTA CITY CA CLIMATE SUMMARY FOR NOVEMBER 19 2018...

CLIMATE NORMAL PERIOD 1981 TO 2010
CLIMATE RECORD PERIOD 1908 TO 2018


WEATHER ITEM   OBSERVED TIME   RECORD YEAR NORMAL DEPARTURE LAST
                VALUE   (LST)  VALUE       VALUE  FROM      YEAR
                                                  NORMAL
..................................................................
TEMPERATURE (F)
 YESTERDAY
  MAXIMUM         64    216 PM  78    1914  50     14       49
  MINIMUM         24    652 AM  11    1985  29     -5       26
  AVERAGE         44                        39      5       38

PRECIPITATION (IN)
  YESTERDAY        0.00          3.02 1966   0.17  -0.17     0.00
  MONTH TO DATE    0.00                      2.98  -2.98     3.23
  SINCE OCT 1      0.57                      5.26  -4.69     3.88
  SINCE JAN 1     15.85                     33.26 -17.41    42.87

SNOWFALL (IN)
  YESTERDAY       MM                         0.3   MM       MM
  MONTH TO DATE   MM                         3.4   MM       MM
  SINCE JUL 1     MM                         3.6   MM       MM
  SNOW DEPTH      MM

DEGREE DAYS
 HEATING
  YESTERDAY       21                        26     -5       27
  MONTH TO DATE  386                       435    -49      470
  SINCE SEP 1    927                      1024    -97     1021
  SINCE JUL 1    938                      1099   -161     1021

 COOLING
  YESTERDAY        0                         0      0        0
  MONTH TO DATE    0                         0      0        0
  SINCE SEP 1     29                        28      1      100
  SINCE JAN 1    440                       288    152      700
..................................................................


WIND (MPH)
  HIGHEST WIND SPEED     6   HIGHEST WIND DIRECTION    SW (230)
  HIGHEST GUST SPEED     9   HIGHEST GUST DIRECTION    SW (240)
  AVERAGE WIND SPEED     0.6


SKY COVER
  POSSIBLE SUNSHINE  MM
  AVERAGE SKY COVER 0.0


WEATHER CONDITIONS
 THE FOLLOWING WEATHER WAS RECORDED YESTERDAY.
  HAZE


RELATIVE HUMIDITY (PERCENT)
 HIGHEST    68           600 AM
 LOWEST     15           200 PM

..........................................................


THE MT SHASTA CITY CA CLIMATE NORMALS FOR TODAY
                         NORMAL    RECORD    YEAR
 MAXIMUM TEMPERATURE (F)   49        79      1914
 MINIMUM TEMPERATURE (F)   29         9      1977


SUNRISE AND SUNSET
NOVEMBER 20 2018......SUNRISE   704 AM PST   SUNSET   446 PM PST
NOVEMBER 21 2018......SUNRISE   705 AM PST   SUNSET   445 PM PST


-  INDICATES NEGATIVE NUMBERS.
R  INDICATES RECORD WAS SET OR TIED.
MM INDICATES DATA IS MISSING.
T  INDICATES TRACE AMOUNT.




$$
