000
CDUS46 KMFR 190844
CLIMHS


CLIMATE REPORT
NATIONAL WEATHER SERVICE MEDFORD, OR
1244 AM PST MON FEB 19 2018


...................................

...THE MT SHASTA CITY CA CLIMATE SUMMARY FOR FEBRUARY 18 2018...

CLIMATE NORMAL PERIOD 1981 TO 2010
CLIMATE RECORD PERIOD 1908 TO 2018


WEATHER ITEM   OBSERVED TIME   RECORD YEAR NORMAL DEPARTURE LAST
                VALUE   (LST)  VALUE       VALUE  FROM      YEAR
                                                  NORMAL
..................................................................
TEMPERATURE (F)
 YESTERDAY
  MAXIMUM         41    232 PM  68    2015  49     -8       49
  MINIMUM         25   1139 PM   9    1918  28     -3       35
  AVERAGE         33                        39     -6       42

PRECIPITATION (IN)
  YESTERDAY        0.01          1.96 1958   0.28  -0.27     0.20
  MONTH TO DATE    0.09                      4.50  -4.41     8.83
  SINCE OCT 1     10.20                     26.77 -16.57    41.09
  SINCE JAN 1      4.37                     11.56  -7.19    19.93

SNOWFALL (IN)
  YESTERDAY       MM                         0.7   MM       MM
  MONTH TO DATE   MM                        12.4   MM       MM
  SINCE JUL 1     MM                        65.7   MM       MM
  SNOW DEPTH      MM

DEGREE DAYS
 HEATING
  YESTERDAY       32                        26      6       23
  MONTH TO DATE  392                       493   -101      413
  SINCE DEC 1   2004                      2322   -318     2403
  SINCE JUL 1   3255                      3719   -464     3588

 COOLING
  YESTERDAY        0                         0      0        0
  MONTH TO DATE    0                         0      0        0
  SINCE DEC 1      0                         0      0        0
  SINCE JAN 1      0                         0      0        0
..................................................................


WIND (MPH)
  HIGHEST WIND SPEED    12   HIGHEST WIND DIRECTION    NW (300)
  HIGHEST GUST SPEED    21   HIGHEST GUST DIRECTION     W (290)
  AVERAGE WIND SPEED     3.3


SKY COVER
  POSSIBLE SUNSHINE  MM
  AVERAGE SKY COVER 0.5


WEATHER CONDITIONS
 THE FOLLOWING WEATHER WAS RECORDED YESTERDAY.
  SNOW
  LIGHT SNOW
  HAZE


RELATIVE HUMIDITY (PERCENT)
 HIGHEST    85           300 AM
 LOWEST     34           900 AM

..........................................................


THE MT SHASTA CITY CA CLIMATE NORMALS FOR TODAY
                         NORMAL    RECORD    YEAR
 MAXIMUM TEMPERATURE (F)   49        67      1995
 MINIMUM TEMPERATURE (F)   28         7      1990


SUNRISE AND SUNSET
FEBRUARY 19 2018......SUNRISE   658 AM PST   SUNSET   548 PM PST
FEBRUARY 20 2018......SUNRISE   657 AM PST   SUNSET   550 PM PST


-  INDICATES NEGATIVE NUMBERS.
R  INDICATES RECORD WAS SET OR TIED.
MM INDICATES DATA IS MISSING.
T  INDICATES TRACE AMOUNT.




$$
