000
CDUS46 KMFR 210853
CLIMHS


CLIMATE REPORT
NATIONAL WEATHER SERVICE MEDFORD, OR
153 AM PDT TUE AUG 21 2018


...................................

...THE MT SHASTA CITY CA CLIMATE SUMMARY FOR AUGUST 20 2018...

CLIMATE NORMAL PERIOD 1981 TO 2010
CLIMATE RECORD PERIOD 1908 TO 2018


WEATHER ITEM   OBSERVED TIME   RECORD YEAR NORMAL DEPARTURE LAST
                VALUE   (LST)  VALUE       VALUE  FROM      YEAR
                                                  NORMAL
..................................................................
TEMPERATURE (F)
 YESTERDAY
  MAXIMUM         90    224 PM  99    1950  85      5       88
  MINIMUM         49    531 AM  38    1928  48      1       56
  AVERAGE         70                        66      4       72

PRECIPITATION (IN)
  YESTERDAY        0.00          1.20 1997   0.01  -0.01     0.00
  MONTH TO DATE    T                         0.20  -0.20      T
  SINCE OCT 1     20.86                     42.40 -21.54    59.73
  SINCE JAN 1     15.03                     27.19 -12.16    38.57

SNOWFALL (IN)
  YESTERDAY       MM                         0.0   MM       MM
  MONTH TO DATE   MM                         0.0   MM       MM
  SINCE JUL 1     MM                         0.0   MM       MM
  SNOW DEPTH      MM

DEGREE DAYS
 HEATING
  YESTERDAY        0                         1     -1        0
  MONTH TO DATE    0                        20    -20        0
  SINCE JUN 1     77                       195   -118      105
  SINCE JUL 1      2                        53    -51        0

 COOLING
  YESTERDAY        5                         2      3        7
  MONTH TO DATE  103                        69     34      164
  SINCE JUN 1    404                       229    175      507
  SINCE JAN 1    406                       237    169      521
..................................................................


WIND (MPH)
  HIGHEST WIND SPEED     8   HIGHEST WIND DIRECTION    NW (300)
  HIGHEST GUST SPEED    12   HIGHEST GUST DIRECTION    NW (300)
  AVERAGE WIND SPEED     2.1


SKY COVER
  POSSIBLE SUNSHINE  MM
  AVERAGE SKY COVER 0.0


WEATHER CONDITIONS
 THE FOLLOWING WEATHER WAS RECORDED YESTERDAY.
  HAZE


RELATIVE HUMIDITY (PERCENT)
 HIGHEST    66           500 AM
 LOWEST     11           200 PM

..........................................................


THE MT SHASTA CITY CA CLIMATE NORMALS FOR TODAY
                         NORMAL    RECORD    YEAR
 MAXIMUM TEMPERATURE (F)   84        95      2017
                                             2009
                                             1950
 MINIMUM TEMPERATURE (F)   47        33      1927


SUNRISE AND SUNSET
AUGUST 21 2018........SUNRISE   625 AM PDT   SUNSET   759 PM PDT
AUGUST 22 2018........SUNRISE   626 AM PDT   SUNSET   758 PM PDT


-  INDICATES NEGATIVE NUMBERS.
R  INDICATES RECORD WAS SET OR TIED.
MM INDICATES DATA IS MISSING.
T  INDICATES TRACE AMOUNT.




$$
