000
CDUS46 KMFR 240837
CLIMHS


CLIMATE REPORT
NATIONAL WEATHER SERVICE MEDFORD, OR
137 AM PDT THU MAY 24 2018


...................................

...THE MT SHASTA CITY CA CLIMATE SUMMARY FOR MAY 23 2018...

CLIMATE NORMAL PERIOD 1981 TO 2010
CLIMATE RECORD PERIOD 1908 TO 2018


WEATHER ITEM   OBSERVED TIME   RECORD YEAR NORMAL DEPARTURE LAST
                VALUE   (LST)  VALUE       VALUE  FROM      YEAR
                                                  NORMAL
..................................................................
TEMPERATURE (F)
 YESTERDAY
  MAXIMUM         75    207 PM  92    2017  71      4       92
  MINIMUM         55    429 AM  28    1911  41     14       49
  AVERAGE         65                        56      9       71

PRECIPITATION (IN)
  YESTERDAY        0.01          1.71 1990   0.08  -0.07     0.00
  MONTH TO DATE    1.34                      1.66  -0.32     0.17
  SINCE OCT 1     19.64                     40.05 -20.41    58.11
  SINCE JAN 1     13.81                     24.84 -11.03    36.95

SNOWFALL (IN)
  YESTERDAY       MM                         0.0   MM       MM
  MONTH TO DATE    0.0                       0.3   -0.3     MM
  SINCE JUL 1      0.0                      91.8  -91.8     MM
  SNOW DEPTH      MM

DEGREE DAYS
 HEATING
  YESTERDAY        0                         9     -9        0
  MONTH TO DATE  149                       269   -120      213
  SINCE MAR 1   1424                      1509    -85     1393
  SINCE JUL 1   5022                      5484   -462     5290

 COOLING
  YESTERDAY        0                         0      0        6
  MONTH TO DATE    0                         0      0       10
  SINCE MAR 1      0                         0      0       10
  SINCE JAN 1      0                         0      0       10
..................................................................


WIND (MPH)
  HIGHEST WIND SPEED     8   HIGHEST WIND DIRECTION    SE (130)
  HIGHEST GUST SPEED    17   HIGHEST GUST DIRECTION    SE (140)
  AVERAGE WIND SPEED     1.0


SKY COVER
  POSSIBLE SUNSHINE  MM
  AVERAGE SKY COVER 0.6


WEATHER CONDITIONS
 THE FOLLOWING WEATHER WAS RECORDED YESTERDAY.
  LIGHT RAIN


RELATIVE HUMIDITY (PERCENT)
 HIGHEST    93           300 AM
 LOWEST     46           200 PM

..........................................................


THE MT SHASTA CITY CA CLIMATE NORMALS FOR TODAY
                         NORMAL    RECORD    YEAR
 MAXIMUM TEMPERATURE (F)   71        90      1992
 MINIMUM TEMPERATURE (F)   42        26      1953


SUNRISE AND SUNSET
MAY 24 2018...........SUNRISE   543 AM PDT   SUNSET   830 PM PDT
MAY 25 2018...........SUNRISE   542 AM PDT   SUNSET   831 PM PDT


-  INDICATES NEGATIVE NUMBERS.
R  INDICATES RECORD WAS SET OR TIED.
MM INDICATES DATA IS MISSING.
T  INDICATES TRACE AMOUNT.




$$
