000
CDUS46 KMFR 200038
CLIMHS


CLIMATE REPORT
NATIONAL WEATHER SERVICE MEDFORD, OR
538 PM PDT SAT OCT 19 2019


...................................

...THE MT SHASTA CITY CA CLIMATE SUMMARY FOR OCTOBER 19 2019...
VALID TODAY AS OF 0500 PM LOCAL TIME.

CLIMATE NORMAL PERIOD 1981 TO 2010
CLIMATE RECORD PERIOD 1908 TO 2019


WEATHER ITEM   OBSERVED TIME   RECORD YEAR NORMAL DEPARTURE LAST
                VALUE   (LST)  VALUE       VALUE  FROM      YEAR
                                                  NORMAL
..................................................................
TEMPERATURE (F)
 TODAY
  MAXIMUM         57    209 PM  80    1974  65     -8       78
  MINIMUM         43    722 AM  24    1949  36      7       35
  AVERAGE         50                        50      0       57

PRECIPITATION (IN)
  TODAY            0.15          3.53 2004   0.09   0.06     0.00
  MONTH TO DATE    0.21                      1.00  -0.79     0.57
  SINCE OCT 1      0.21                      1.00  -0.79     0.57
  SINCE JAN 1     37.95                     29.00   8.95    15.85

SNOWFALL (IN)
  TODAY           MM                         0.0   MM       MM
  MONTH TO DATE   MM                         0.0   MM       MM
  SINCE JUL 1     MM                         0.0   MM       MM
  SNOW DEPTH      MM

DEGREE DAYS
 HEATING
  TODAY           15                        15      0        8
  MONTH TO DATE  301                       220     81      245
  SINCE SEP 1    484                       382    102      380
  SINCE JUL 1    505                       457     48      391

 COOLING
  TODAY            0                         0      0        0
  MONTH TO DATE    0                         0      0        0
  SINCE SEP 1     27                        27      0       29
  SINCE JAN 1    359                       287     72      440
..................................................................


WIND (MPH)
  HIGHEST WIND SPEED    13   HIGHEST WIND DIRECTION     N (350)
  HIGHEST GUST SPEED    22   HIGHEST GUST DIRECTION    NW (330)
  AVERAGE WIND SPEED     3.2


SKY COVER
  POSSIBLE SUNSHINE  MM
  AVERAGE SKY COVER 0.8


WEATHER CONDITIONS
 THE FOLLOWING WEATHER WAS RECORDED TODAY.
  RAIN
  LIGHT RAIN
  FOG


RELATIVE HUMIDITY (PERCENT)
 HIGHEST    93          1000 AM
 LOWEST     33           200 PM

..........................................................


THE MT SHASTA CITY CA CLIMATE NORMALS FOR TOMORROW
                         NORMAL    RECORD    YEAR
 MAXIMUM TEMPERATURE (F)   64        80      2018
 MINIMUM TEMPERATURE (F)   36        22      1990


SUNRISE AND SUNSET
OCTOBER 19 2019.......SUNRISE   725 AM PDT   SUNSET   622 PM PDT
OCTOBER 20 2019.......SUNRISE   727 AM PDT   SUNSET   621 PM PDT


-  INDICATES NEGATIVE NUMBERS.
R  INDICATES RECORD WAS SET OR TIED.
MM INDICATES DATA IS MISSING.
T  INDICATES TRACE AMOUNT.




$$
