000
CDUS41 KGYX 092045
CLIMHT


CLIMATE REPORT
NATIONAL WEATHER SERVICE GRAY ME
445 PM EDT SUN AUG 9 2020


...................................

...THE MANCHESTER CLIMATE SUMMARY FOR AUGUST 9 2020...
VALID TODAY AS OF 0400 PM LOCAL TIME.

CLIMATE NORMAL PERIOD 1981 TO 2010
CLIMATE RECORD PERIOD 1885 TO 2020


WEATHER ITEM   OBSERVED TIME   RECORD YEAR NORMAL DEPARTURE LAST
                VALUE   (LST)  VALUE       VALUE  FROM      YEAR
                                                  NORMAL
..................................................................
TEMPERATURE (F)
 TODAY
  MAXIMUM         92    249 PM  98    2001  82     10       84
  MINIMUM         67    559 AM  47    1887  62      5       64
  AVERAGE         80                        72      8

PRECIPITATION (IN)
  TODAY            0.00          2.03 1937   0.12  -0.12     0.00
  MONTH TO DATE    0.40                      1.16  -0.76     0.71
  SINCE JUN 1      4.44                      8.75  -4.31     6.94
  SINCE JAN 1     18.50                     26.79  -8.29    22.22

SNOWFALL (IN)
  TODAY            0.0          MM      MM  MM               0.0
  MONTH TO DATE    0.0                      MM               0.0
  SINCE JUL 1      0.0                      MM               0.0
  SNOW DEPTH       0

DEGREE DAYS
 HEATING
  TODAY            0                         0      0        0
  MONTH TO DATE    0                         0      0        0
  SINCE JUN 1     23                        63    -40       26
  SINCE JUL 1      0                         5     -5        0

 COOLING
  TODAY           15                         7      8        9
  MONTH TO DATE  115                        68     47       84
  SINCE JUN 1    725                       427    298      597
  SINCE JAN 1    789                       457    332      618
..................................................................


WIND (MPH)
  RESULTANT WIND SPEED   2   RESULTANT WIND DIRECTION  SW (210)
  HIGHEST WIND SPEED    14   HIGHEST WIND DIRECTION    SW (210)
  HIGHEST GUST SPEED    18   HIGHEST GUST DIRECTION     W (250)



WEATHER CONDITIONS
 THE FOLLOWING WEATHER WAS RECORDED TODAY.
  NO SIGNIFICANT WEATHER WAS OBSERVED.


RELATIVE HUMIDITY (PERCENT)
 HIGHEST    93
 LOWEST     34
 AVERAGE    64

..........................................................


THE MANCHESTER CLIMATE NORMALS FOR TOMORROW
                         NORMAL    RECORD    YEAR
 MAXIMUM TEMPERATURE (F)   82       100      1949
 MINIMUM TEMPERATURE (F)   62        47      1999


SUNRISE AND SUNSET
AUGUST  9 2020........SUNRISE   546 AM EDT   SUNSET   756 PM EDT
AUGUST 10 2020........SUNRISE   547 AM EDT   SUNSET   754 PM EDT


-  INDICATES NEGATIVE NUMBERS.
R  INDICATES RECORD WAS SET OR TIED.
MM INDICATES DATA IS MISSING.
T  INDICATES TRACE AMOUNT.




$$
