000
CDUS41 KGYX 200844
CLIMHT


CLIMATE REPORT
NATIONAL WEATHER SERVICE GRAY ME
444 AM EDT SAT OCT 20 2018


...................................

...THE MANCHESTER CLIMATE SUMMARY FOR OCTOBER 19 2018...

CLIMATE NORMAL PERIOD 1981 TO 2010
CLIMATE RECORD PERIOD 1948 TO 2018


WEATHER ITEM   OBSERVED TIME   RECORD YEAR NORMAL DEPARTURE LAST
                VALUE   (LST)  VALUE       VALUE  FROM      YEAR
                                                  NORMAL
..................................................................
TEMPERATURE (F)
 YESTERDAY
  MAXIMUM         61    333 PM  83    1968  60      1       75
  MINIMUM         30    428 AM  26    2015  39     -9       41
                                      1889
  AVERAGE         46                        50     -4

PRECIPITATION (IN)
  YESTERDAY        0.00          1.17 1957   0.14  -0.14     0.00
  MONTH TO DATE    1.45                      2.59  -1.14     0.99
  SINCE SEP 1      8.75                      6.40   2.35     5.26
  SINCE JAN 1     38.68                     35.66   3.02    31.96

SNOWFALL (IN)
  YESTERDAY        0.0          MM      MM  MM               0.0
  MONTH TO DATE    T                        MM               0.0
  SINCE JUL 1      T                        MM               0.0
  SNOW DEPTH       0

DEGREE DAYS
 HEATING
  YESTERDAY       19                        15      4        7
  MONTH TO DATE  195                       237    -42      109
  SINCE SEP 1    274                       362    -88      160
  SINCE JUL 1    274                       380   -106      176

 COOLING
  YESTERDAY        0                         0      0        0
  MONTH TO DATE   13                         0     13       27
  SINCE SEP 1    146                        52     94      163
  SINCE JAN 1   1063                       638    425      808
..................................................................


WIND (MPH)
  RESULTANT WIND SPEED   7   RESULTANT WIND DIRECTION   S (200)
  HIGHEST WIND SPEED    14   HIGHEST WIND DIRECTION    SW (210)
  HIGHEST GUST SPEED    23   HIGHEST GUST DIRECTION     S (180)



WEATHER CONDITIONS
 THE FOLLOWING WEATHER WAS RECORDED YESTERDAY.
  NO SIGNIFICANT WEATHER WAS OBSERVED.


RELATIVE HUMIDITY (PERCENT)
 HIGHEST    78
 LOWEST     39
 AVERAGE    59

..........................................................


THE MANCHESTER CLIMATE NORMALS FOR TODAY
                         NORMAL    RECORD    YEAR
 MAXIMUM TEMPERATURE (F)   60        74      2012
                                             1953
 MINIMUM TEMPERATURE (F)   39        26      1970


SUNRISE AND SUNSET
OCTOBER 20 2018.......SUNRISE   705 AM EDT   SUNSET   555 PM EDT
OCTOBER 21 2018.......SUNRISE   706 AM EDT   SUNSET   554 PM EDT


-  INDICATES NEGATIVE NUMBERS.
R  INDICATES RECORD WAS SET OR TIED.
MM INDICATES DATA IS MISSING.
T  INDICATES TRACE AMOUNT.




$$
