000
CDUS41 KGYX 202149
CLIMHT


CLIMATE REPORT
NATIONAL WEATHER SERVICE GRAY ME
449 PM EST SUN JAN 20 2019


...................................

...THE MANCHESTER CLIMATE SUMMARY FOR JANUARY 20 2019...
VALID TODAY AS OF 0400 PM LOCAL TIME.

CLIMATE NORMAL PERIOD 1981 TO 2010
CLIMATE RECORD PERIOD 1948 TO 2019


WEATHER ITEM   OBSERVED TIME   RECORD YEAR NORMAL DEPARTURE LAST
                VALUE   (LST)  VALUE       VALUE  FROM      YEAR
                                                  NORMAL
..................................................................
TEMPERATURE (F)
 TODAY
  MAXIMUM         MM        MM  58    2006  33     MM       50
  MINIMUM         MM        MM -19    1971  15     MM       29
  AVERAGE         MM                        24     MM

PRECIPITATION (IN)
  TODAY            0.45          1.40 1961   0.09   0.36     0.00
  MONTH TO DATE    1.27                      2.05  -0.78     1.26
  SINCE DEC 1      3.86                      5.33  -1.47     3.22
  SINCE JAN 1      1.27                      2.05  -0.78     1.26

SNOWFALL (IN)
  TODAY            5.6          MM      MM  MM               0.0
  MONTH TO DATE    8.7                      MM              16.1
  SINCE JUL 1     22.0                      MM              32.1
  SNOW DEPTH       5

DEGREE DAYS
 HEATING
  TODAY           MM                        41     MM       25
  MONTH TO DATE  708                       812   -104      857
  SINCE DEC 1   1726                      1886   -160     2057
  SINCE JUL 1   3102                      3180    -78     3055

 COOLING
  TODAY           MM                         0     MM        0
  MONTH TO DATE    0                         0      0        0
  SINCE DEC 1      0                         0      0        0
  SINCE JAN 1      0                         0      0        0
..................................................................


WIND (MPH)
  RESULTANT WIND SPEED  10   RESULTANT WIND DIRECTION   N (20)
  HIGHEST WIND SPEED    17   HIGHEST WIND DIRECTION     N (20)
  HIGHEST GUST SPEED    21   HIGHEST GUST DIRECTION    NE (40)



WEATHER CONDITIONS
 THE FOLLOWING WEATHER WAS RECORDED TODAY.
  LT FREEZING RAIN
  SNOW
  LIGHT SNOW
  SLEET
  FOG


RELATIVE HUMIDITY (PERCENT)
 HIGHEST    88
 LOWEST     80
 AVERAGE    84

..........................................................


THE MANCHESTER CLIMATE NORMALS FOR TOMORROW
                         NORMAL    RECORD    YEAR
 MAXIMUM TEMPERATURE (F)   33        57      2006
 MINIMUM TEMPERATURE (F)   15       -15      1971


SUNRISE AND SUNSET
JANUARY 20 2019.......SUNRISE   711 AM EST   SUNSET   443 PM EST
JANUARY 21 2019.......SUNRISE   711 AM EST   SUNSET   444 PM EST


-  INDICATES NEGATIVE NUMBERS.
R  INDICATES RECORD WAS SET OR TIED.
MM INDICATES DATA IS MISSING.
T  INDICATES TRACE AMOUNT.




$$
