000
CDUS41 KGYX 182049
CLIMHT


CLIMATE REPORT
NATIONAL WEATHER SERVICE GRAY ME
448 PM EDT FRI OCT 18 2019


...................................

...THE MANCHESTER CLIMATE SUMMARY FOR OCTOBER 18 2019...
VALID TODAY AS OF 0400 PM LOCAL TIME.

CLIMATE NORMAL PERIOD 1981 TO 2010
CLIMATE RECORD PERIOD 1885 TO 2019


WEATHER ITEM   OBSERVED TIME   RECORD YEAR NORMAL DEPARTURE LAST
                VALUE   (LST)  VALUE       VALUE  FROM      YEAR
                                                  NORMAL
..................................................................
TEMPERATURE (F)
 TODAY
  MAXIMUM         57    227 PM  85    1968  60     -3       46
  MINIMUM         47    123 AM  28    1937  40      7       32
  AVERAGE         52                        50      2

PRECIPITATION (IN)
  TODAY            0.00          1.53 1932   0.13  -0.13      T
  MONTH TO DATE    1.77                      2.45  -0.68     1.45
  SINCE SEP 1      2.37                      6.26  -3.89     8.75
  SINCE JAN 1     25.33                     35.52 -10.19    38.68

SNOWFALL (IN)
  TODAY            0.0          MM      MM  MM                T
  MONTH TO DATE    0.0                      MM                T
  SINCE JUL 1      0.0                      MM                T
  SNOW DEPTH       0

DEGREE DAYS
 HEATING
  TODAY           13                        15     -2       26
  MONTH TO DATE  184                       222    -38      176
  SINCE SEP 1    261                       347    -86      255
  SINCE JUL 1    263                       365   -102      255

 COOLING
  TODAY            0                         0      0        0
  MONTH TO DATE    2                         0      2       13
  SINCE SEP 1     69                        52     17      146
  SINCE JAN 1    844                       638    206     1063
..................................................................


WIND (MPH)
  RESULTANT WIND SPEED  11   RESULTANT WIND DIRECTION  NW (310)
  HIGHEST WIND SPEED    21   HIGHEST WIND DIRECTION    NW (320)
  HIGHEST GUST SPEED    31   HIGHEST GUST DIRECTION    NW (320)



WEATHER CONDITIONS
 THE FOLLOWING WEATHER WAS RECORDED TODAY.
  NO SIGNIFICANT WEATHER WAS OBSERVED.


RELATIVE HUMIDITY (PERCENT)
 HIGHEST    66
 LOWEST     47
 AVERAGE    57

..........................................................


THE MANCHESTER CLIMATE NORMALS FOR TOMORROW
                         NORMAL    RECORD    YEAR
 MAXIMUM TEMPERATURE (F)   60        83      1968
 MINIMUM TEMPERATURE (F)   39        26      2015
                                             1889


SUNRISE AND SUNSET
OCTOBER 18 2019.......SUNRISE   702 AM EDT   SUNSET   559 PM EDT
OCTOBER 19 2019.......SUNRISE   704 AM EDT   SUNSET   557 PM EDT


-  INDICATES NEGATIVE NUMBERS.
R  INDICATES RECORD WAS SET OR TIED.
MM INDICATES DATA IS MISSING.
T  INDICATES TRACE AMOUNT.




$$
