000
CDUS41 KGYX 082049
CLIMHT

CLIMATE REPORT
NATIONAL WEATHER SERVICE GRAY ME
449 PM EDT SAT MAY 08 2021

...................................

...THE MANCHESTER CLIMATE SUMMARY FOR MAY 8 2021...
VALID TODAY AS OF 0400 PM LOCAL TIME.

CLIMATE NORMAL PERIOD: 1991 TO 2020
CLIMATE RECORD PERIOD: 1885 TO 2021


WEATHER ITEM   OBSERVED TIME   RECORD YEAR NORMAL DEPARTURE LAST
                VALUE   (LST)  VALUE       VALUE  FROM      YEAR
                                                  NORMAL
...................................................................
TEMPERATURE (F)
 TODAY
  MAXIMUM         58   3:41 PM  89    1936  68    -10       60
  MINIMUM         42   5:28 AM  26    1929  45     -3       43
  AVERAGE         50                        57     -7

PRECIPITATION (IN)
  TODAY            0.00          1.05 1886   0.10  -0.10     0.09
  MONTH TO DATE    1.11                      0.84   0.27     0.74
  SINCE MAR 1      6.07                      7.62  -1.55     8.33
  SINCE JAN 1     10.70                     12.79  -2.09    13.22

SNOWFALL (IN)
  TODAY            0.0          MM      MM  MM               0.0
  MONTH TO DATE    0.0                       0.0             0.0
  SINCE JUL 1     49.1                      MM              50.2
  SNOW DEPTH       0

DEGREE DAYS
 HEATING
  TODAY           15                         9      6       13
  MONTH TO DATE   84                        80      4       76
  SINCE MAR 1   1319                      1473   -154     1365
  SINCE JUL 1   5495                      5982   -487     5654

 COOLING
  TODAY            0                         1     -1        0
  MONTH TO DATE    0                         1     -1        3
  SINCE MAR 1      0                         6     -6        3
  SINCE JAN 1      0                         6     -6        3
...................................................................


WIND (MPH)
  RESULTANT WIND SPEED   3   RESULTANT WIND DIRECTION   N (0)
  HIGHEST WIND SPEED    13   HIGHEST WIND DIRECTION     N (350)
  HIGHEST GUST SPEED    17   HIGHEST GUST DIRECTION    NE (40)


WEATHER CONDITIONS
THE FOLLOWING WEATHER WAS RECORDED TODAY.
  NO SIGNIFICANT WEATHER WAS OBSERVED.


RELATIVE HUMIDITY (PERCENT)
 HIGHEST    70
 LOWEST     33
 AVERAGE    52

..........................................................


THE MANCHESTER CLIMATE NORMALS FOR TOMORROW
                         NORMAL    RECORD    YEAR
 MAXIMUM TEMPERATURE (F)   68        94      1889
 MINIMUM TEMPERATURE (F)   45        31      1968


SUNRISE AND SUNSET
MAY  8 2021...........SUNRISE   5:30 AM EDT   SUNSET   7:55 PM EDT
MAY  9 2021...........SUNRISE   5:29 AM EDT   SUNSET   7:56 PM EDT


-  INDICATES NEGATIVE NUMBERS.
R  INDICATES RECORD WAS SET OR TIED.
MM INDICATES DATA IS MISSING.
T  INDICATES TRACE AMOUNT.




$$
