722
CDUS41 KGYX 232145
CLIMHT


CLIMATE REPORT
NATIONAL WEATHER SERVICE GRAY ME
445 PM EST FRI FEB 23 2018


...................................

...THE MANCHESTER CLIMATE SUMMARY FOR FEBRUARY 23 2018...
VALID TODAY AS OF 0400 PM LOCAL TIME.

CLIMATE NORMAL PERIOD 1981 TO 2010
CLIMATE RECORD PERIOD 1948 TO 2018


WEATHER ITEM   OBSERVED TIME   RECORD YEAR NORMAL DEPARTURE LAST
                VALUE   (LST)  VALUE       VALUE  FROM      YEAR
                                                  NORMAL
..................................................................
TEMPERATURE (F)
 TODAY
  MAXIMUM         41    212 PM  56    1943  39      2       68
  MINIMUM         22    603 AM  -8    1972  21      1       33
  AVERAGE         32                        30      2

PRECIPITATION (IN)
  TODAY            T             0.78 2003   0.12  -0.12     0.00
  MONTH TO DATE    2.86                      2.22   0.64     1.65
  SINCE DEC 1      6.70                      8.52  -1.82     6.22
  SINCE JAN 1      4.74                      5.24  -0.50     3.20

SNOWFALL (IN)
  TODAY            0.0          MM      MM  MM               0.0
  MONTH TO DATE   14.5                      MM              23.9
  SINCE JUL 1     46.6                      MM              54.3
  SNOW DEPTH       2

DEGREE DAYS
 HEATING
  TODAY           33                        35     -2       14
  MONTH TO DATE  742                       867   -125      787
  SINCE DEC 1   3178                      3199    -21     2892
  SINCE JUL 1   4176                      4493   -317     3991

 COOLING
  TODAY            0                         0      0        0
  MONTH TO DATE    0                         0      0        0
  SINCE DEC 1      0                         0      0        0
  SINCE JAN 1      0                         0      0        0
..................................................................


WIND (MPH)
  RESULTANT WIND SPEED   2   RESULTANT WIND DIRECTION  SE (140)
  HIGHEST WIND SPEED    12   HIGHEST WIND DIRECTION    SE (150)
  HIGHEST GUST SPEED    MM   HIGHEST GUST DIRECTION    MM



WEATHER CONDITIONS
 THE FOLLOWING WEATHER WAS RECORDED TODAY.
  LIGHT RAIN
  FOG


RELATIVE HUMIDITY (PERCENT)
 HIGHEST   100
 LOWEST     48
 AVERAGE    74

..........................................................


THE MANCHESTER CLIMATE NORMALS FOR TOMORROW
                         NORMAL    RECORD    YEAR
 MAXIMUM TEMPERATURE (F)   39        56      2000
                                             1930
 MINIMUM TEMPERATURE (F)   21       -12      1889


SUNRISE AND SUNSET
FEBRUARY 23 2018......SUNRISE   631 AM EST   SUNSET   527 PM EST
FEBRUARY 24 2018......SUNRISE   630 AM EST   SUNSET   529 PM EST


-  INDICATES NEGATIVE NUMBERS.
R  INDICATES RECORD WAS SET OR TIED.
MM INDICATES DATA IS MISSING.
T  INDICATES TRACE AMOUNT.




$$
