694
CDUS41 KGYX 142044
CLIMHT


CLIMATE REPORT
NATIONAL WEATHER SERVICE GRAY ME
444 PM EDT TUE AUG 14 2018


...................................

...THE MANCHESTER CLIMATE SUMMARY FOR AUGUST 14 2018...
VALID TODAY AS OF 0400 PM LOCAL TIME.

CLIMATE NORMAL PERIOD 1981 TO 2010
CLIMATE RECORD PERIOD 1948 TO 2018


WEATHER ITEM   OBSERVED TIME   RECORD YEAR NORMAL DEPARTURE LAST
                VALUE   (LST)  VALUE       VALUE  FROM      YEAR
                                                  NORMAL
..................................................................
TEMPERATURE (F)
 TODAY
  MAXIMUM         82        MM  98    2002  82      0       81
  MINIMUM         68        MM  45    1887  61      7       59
  AVERAGE         75                        72      3

PRECIPITATION (IN)
  TODAY            1.67R         0.90 1997   0.13   1.54     0.00
  MONTH TO DATE    5.53                      1.79   3.74     1.10
  SINCE JUN 1     15.89                      9.38   6.51     7.77
  SINCE JAN 1     28.75                     27.42   1.33    23.68

SNOWFALL (IN)
  TODAY            0.0          MM      MM  MM               0.0
  MONTH TO DATE    0.0                      MM               0.0
  SINCE JUL 1      0.0                      MM               0.0
  SNOW DEPTH       0

DEGREE DAYS
 HEATING
  TODAY            0                         0      0        0
  MONTH TO DATE    0                         0      0        0
  SINCE JUN 1     28                        63    -35       54
  SINCE JUL 1      0                         5     -5        8

 COOLING
  TODAY           10                         7      3        5
  MONTH TO DATE  170                       103     67      106
  SINCE JUN 1    657                       462    195      518
  SINCE JAN 1    759                       492    267      575
..................................................................


WIND (MPH)
  RESULTANT WIND SPEED   1   RESULTANT WIND DIRECTION  SE (140)
  HIGHEST WIND SPEED     7   HIGHEST WIND DIRECTION    SW (230)
  HIGHEST GUST SPEED    MM   HIGHEST GUST DIRECTION    MM



WEATHER CONDITIONS
 THE FOLLOWING WEATHER WAS RECORDED TODAY.
  THUNDERSTORM
  HEAVY RAIN
  RAIN
  LIGHT RAIN
  FOG


RELATIVE HUMIDITY (PERCENT)
 HIGHEST   100
 LOWEST     69
 AVERAGE    85

..........................................................


THE MANCHESTER CLIMATE NORMALS FOR TOMORROW
                         NORMAL    RECORD    YEAR
 MAXIMUM TEMPERATURE (F)   82        97      1970
 MINIMUM TEMPERATURE (F)   61        48      1946
                                             1887


SUNRISE AND SUNSET
AUGUST 14 2018........SUNRISE   551 AM EDT   SUNSET   749 PM EDT
AUGUST 15 2018........SUNRISE   552 AM EDT   SUNSET   748 PM EDT


-  INDICATES NEGATIVE NUMBERS.
R  INDICATES RECORD WAS SET OR TIED.
MM INDICATES DATA IS MISSING.
T  INDICATES TRACE AMOUNT.




$$
