000
CDUS42 KMFL 232140
CLIMIA


CLIMATE REPORT
NATIONAL WEATHER SERVICE MIAMI, FL
430 PM EST WED JAN 23 2019


...................................

...THE MIAMI CLIMATE SUMMARY FOR JANUARY 23 2019...
VALID TODAY AS OF 0400 PM LOCAL TIME.

CLIMATE NORMAL PERIOD 1981 TO 2010
CLIMATE RECORD PERIOD 1895 TO 2019


WEATHER ITEM   OBSERVED TIME   RECORD YEAR NORMAL DEPARTURE LAST
                VALUE   (LST)  VALUE       VALUE  FROM      YEAR
                                                  NORMAL
..................................................................
TEMPERATURE (F)
 TODAY
  MAXIMUM         79    211 PM  85    2007  77      2       84
  MINIMUM         70    453 AM  36    1985  60     10       73
  AVERAGE         75                        68      7       79

PRECIPITATION (IN)
  TODAY            0.00          1.79 1983   0.06  -0.06     0.00
  MONTH TO DATE    0.25                      1.18  -0.93     0.91
  SINCE NOV 1      4.60                      6.49  -1.89     5.98
  SINCE JAN 1      0.25                      1.18  -0.93     0.91

SNOWFALL (IN)
  TODAY            0.0
  MONTH TO DATE    0.0
  SINCE DEC 1      0.0
  SINCE JUL 1      0.0
  SNOW DEPTH       0

DEGREE DAYS
 HEATING
  TODAY            0                         2     -2        0
  MONTH TO DATE   16                        46    -30       49
  SINCE DEC 1     26                        80    -54       77
  SINCE JUL 1     37                        83    -46       77

 COOLING
  TODAY           10                         5      5       14
  MONTH TO DATE  121                       115      6       96
  SINCE DEC 1    352                       318     34      338
  SINCE JAN 1    121                       115      6       96
..................................................................


WIND (MPH)
  HIGHEST WIND SPEED    26   HIGHEST WIND DIRECTION     E (110)
  HIGHEST GUST SPEED    34   HIGHEST GUST DIRECTION    SE (130)
  AVERAGE WIND SPEED    19.6


SKY COVER
  AVERAGE SKY COVER 0.7


WEATHER CONDITIONS
 THE FOLLOWING WEATHER WAS RECORDED TODAY.
  NO SIGNIFICANT WEATHER WAS OBSERVED.


RELATIVE HUMIDITY (PERCENT)
 HIGHEST    74
 LOWEST     57
 AVERAGE    66

..........................................................


THE MIAMI CLIMATE NORMALS FOR TOMORROW
                         NORMAL    RECORD    YEAR
 MAXIMUM TEMPERATURE (F)   77        85      1898
 MINIMUM TEMPERATURE (F)   60        36      2003


SUNRISE AND SUNSET
JANUARY 23 2019.......SUNRISE   708 AM EST   SUNSET   558 PM EST
JANUARY 24 2019.......SUNRISE   708 AM EST   SUNSET   559 PM EST


-  INDICATES NEGATIVE NUMBERS.
R  INDICATES RECORD WAS SET OR TIED.
MM INDICATES DATA IS MISSING.
T  INDICATES TRACE AMOUNT.




$$
