000
CDUS42 KMFL 152019
CLIMIA


CLIMATE REPORT
NATIONAL WEATHER SERVICE MIAMI, FL
419 PM EDT MON OCT 15 2018


...................................

...THE MIAMI CLIMATE SUMMARY FOR OCTOBER 15 2018...
VALID TODAY AS OF 0400 PM LOCAL TIME.

CLIMATE NORMAL PERIOD 1981 TO 2010
CLIMATE RECORD PERIOD 1895 TO 2018


WEATHER ITEM   OBSERVED TIME   RECORD YEAR NORMAL DEPARTURE LAST
                VALUE   (LST)  VALUE       VALUE  FROM      YEAR
                                                  NORMAL
..................................................................
TEMPERATURE (F)
 TODAY
  MAXIMUM         89   1251 PM  91    2009  86      3       90
                                      1954
  MINIMUM         78    132 AM  58    1896  74      4       79
  AVERAGE         84                        80      4       85

PRECIPITATION (IN)
  TODAY            0.04          6.81 1999   0.20  -0.16     0.00
  MONTH TO DATE    1.47                      3.79  -2.32     6.45
  SINCE JUN 1     34.85                     38.70  -3.85    58.41
  SINCE JAN 1     56.81                     54.05   2.76    71.89

SNOWFALL (IN)
  TODAY            0.0
  MONTH TO DATE    0.0
  SINCE SEP 1      0.0
  SINCE JUL 1      0.0
  SNOW DEPTH       0

DEGREE DAYS
 HEATING
  TODAY            0                         0      0        0
  MONTH TO DATE    0                         0      0        0
  SINCE SEP 1      0                         0      0        0
  SINCE JUL 1      0                         0      0        0

 COOLING
  TODAY           19                        15      4       20
  MONTH TO DATE  274                       242     32      288
  SINCE SEP 1    830                       779     51      889
  SINCE JAN 1   4002                      3854    148     4463
..................................................................


WIND (MPH)
  HIGHEST WIND SPEED    20   HIGHEST WIND DIRECTION     E (80)
  HIGHEST GUST SPEED    28   HIGHEST GUST DIRECTION     S (190)
  AVERAGE WIND SPEED    11.7


SKY COVER
  AVERAGE SKY COVER 0.5


WEATHER CONDITIONS
 THE FOLLOWING WEATHER WAS RECORDED TODAY.
  FOG


RELATIVE HUMIDITY (PERCENT)
 HIGHEST    97
 LOWEST     68
 AVERAGE    83

..........................................................


THE MIAMI CLIMATE NORMALS FOR TOMORROW
                         NORMAL    RECORD    YEAR
 MAXIMUM TEMPERATURE (F)   86        94      2009
 MINIMUM TEMPERATURE (F)   74        60      1955
                                             1903
                                             1896


SUNRISE AND SUNSET
OCTOBER 15 2018.......SUNRISE   720 AM EDT   SUNSET   653 PM EDT
OCTOBER 16 2018.......SUNRISE   720 AM EDT   SUNSET   653 PM EDT


-  INDICATES NEGATIVE NUMBERS.
R  INDICATES RECORD WAS SET OR TIED.
MM INDICATES DATA IS MISSING.
T  INDICATES TRACE AMOUNT.




$$
