000
CDUS42 KMFL 220827
CLIMIA


CLIMATE REPORT
NATIONAL WEATHER SERVICE MIAMI, FL
424 AM EDT THU OCT 22 2020


...................................

...THE MIAMI CLIMATE SUMMARY FOR OCTOBER 21 2020...

CLIMATE NORMAL PERIOD 1981 TO 2010
CLIMATE RECORD PERIOD 1895 TO 2020


WEATHER ITEM   OBSERVED TIME   RECORD YEAR NORMAL DEPARTURE LAST
                VALUE   (LST)  VALUE       VALUE  FROM      YEAR
                                                  NORMAL
..................................................................
TEMPERATURE (F)
 YESTERDAY
  MAXIMUM         79   1039 AM  91    2019  86     -7       91
                                      2018
  MINIMUM         72   1001 PM  53    1989  73     -1       77
  AVERAGE         76                        79     -3       84

PRECIPITATION (IN)
  YESTERDAY        2.49          4.71 2001   0.17   2.32     0.00
  MONTH TO DATE    8.96                      4.85   4.11     3.63
  SINCE JUN 1     44.69                     39.76   4.93    45.59
  SINCE JAN 1     72.47                     55.11  17.36    58.80

SNOWFALL (IN)
  YESTERDAY        0.0
  MONTH TO DATE    0.0
  SINCE SEP 1      0.0
  SINCE JUL 1      0.0
  SNOW DEPTH       0

DEGREE DAYS
 HEATING
  YESTERDAY        0                         0      0        0
  MONTH TO DATE    0                         0      0        0
  SINCE SEP 1      0                         0      0        0
  SINCE JUL 1      0                         0      0        0

 COOLING
  YESTERDAY       11                        14     -3       19
  MONTH TO DATE  370                       329     41      386
  SINCE SEP 1    940                       866     74      999
  SINCE JAN 1   4657                      3941    716     4477
..................................................................


WIND (MPH)
  HIGHEST WIND SPEED    26   HIGHEST WIND DIRECTION     E (80)
  HIGHEST GUST SPEED    33   HIGHEST GUST DIRECTION     E (90)
  AVERAGE WIND SPEED     9.7


SKY COVER
  POSSIBLE SUNSHINE  MM
  AVERAGE SKY COVER 1.0


WEATHER CONDITIONS
 THE FOLLOWING WEATHER WAS RECORDED YESTERDAY.
  HEAVY RAIN
  RAIN
  LIGHT RAIN
  FOG


RELATIVE HUMIDITY (PERCENT)
 HIGHEST   100
 LOWEST     79
 AVERAGE    90

..........................................................


THE MIAMI CLIMATE NORMALS FOR TODAY
                         NORMAL    RECORD    YEAR
 MAXIMUM TEMPERATURE (F)   85        92      1941
 MINIMUM TEMPERATURE (F)   73        57      1961
                                             1913


SUNRISE AND SUNSET
OCTOBER 22 2020.......SUNRISE   724 AM EDT   SUNSET   647 PM EDT
OCTOBER 23 2020.......SUNRISE   724 AM EDT   SUNSET   646 PM EDT


-  INDICATES NEGATIVE NUMBERS.
R  INDICATES RECORD WAS SET OR TIED.
MM INDICATES DATA IS MISSING.
T  INDICATES TRACE AMOUNT.




$$
