000
CDUS42 KMFL 172123
CLIMIA


CLIMATE REPORT
NATIONAL WEATHER SERVICE MIAMI, FL
423 PM EST SAT FEB 17 2018


...................................

...THE MIAMI CLIMATE SUMMARY FOR FEBRUARY 17 2018...
VALID TODAY AS OF 0400 PM LOCAL TIME.

CLIMATE NORMAL PERIOD 1981 TO 2010
CLIMATE RECORD PERIOD 1895 TO 2018


WEATHER ITEM   OBSERVED TIME   RECORD YEAR NORMAL DEPARTURE LAST
                VALUE   (LST)  VALUE       VALUE  FROM      YEAR
                                                  NORMAL
..................................................................
TEMPERATURE (F)
 TODAY
  MAXIMUM         84    137 PM  87    2001  78      6       77
  MINIMUM         66    711 AM  39    1996  63      3       57
  AVERAGE         75                        70      5       67

PRECIPITATION (IN)
  TODAY            0.00          1.90 1918   0.08  -0.08     0.00
  MONTH TO DATE    0.16                      1.38  -1.22      T
  SINCE NOV 1      6.24                      8.31  -2.07     6.67
  SINCE JAN 1      1.17                      3.00  -1.83     3.40

SNOWFALL (IN)
  TODAY            0.0
  MONTH TO DATE    0.0
  SINCE DEC 1      0.0
  SINCE JUL 1      0.0
  SNOW DEPTH       0

DEGREE DAYS
 HEATING
  TODAY            0                         1     -1        0
  MONTH TO DATE    0                        17    -17        0
  SINCE DEC 1     78                       104    -26       14
  SINCE JUL 1     78                       107    -29       14

 COOLING
  TODAY           10                         6      4        2
  MONTH TO DATE  190                        96     94      132
  SINCE DEC 1    584                       450    134      761
  SINCE JAN 1    342                       247     95      390
..................................................................


WIND (MPH)
  HIGHEST WIND SPEED    15   HIGHEST WIND DIRECTION     E (110)
  HIGHEST GUST SPEED    22   HIGHEST GUST DIRECTION     E (110)
  AVERAGE WIND SPEED     4.1


SKY COVER
  AVERAGE SKY COVER 0.3


WEATHER CONDITIONS
 THE FOLLOWING WEATHER WAS RECORDED TODAY.
  NO SIGNIFICANT WEATHER WAS OBSERVED.


RELATIVE HUMIDITY (PERCENT)
 HIGHEST    87
 LOWEST     54
 AVERAGE    71

..........................................................


THE MIAMI CLIMATE NORMALS FOR TOMORROW
                         NORMAL    RECORD    YEAR
 MAXIMUM TEMPERATURE (F)   78        88      1942
 MINIMUM TEMPERATURE (F)   63        40      1996


SUNRISE AND SUNSET
FEBRUARY 17 2018......SUNRISE   655 AM EST   SUNSET   616 PM EST
FEBRUARY 18 2018......SUNRISE   654 AM EST   SUNSET   616 PM EST


-  INDICATES NEGATIVE NUMBERS.
R  INDICATES RECORD WAS SET OR TIED.
MM INDICATES DATA IS MISSING.
T  INDICATES TRACE AMOUNT.




$$
