000
CDUS42 KMFL 292018
CLIMIA


CLIMATE REPORT
NATIONAL WEATHER SERVICE MIAMI, FL
417 PM EDT FRI MAY 29 2020


...................................

...THE MIAMI CLIMATE SUMMARY FOR MAY 29 2020...
VALID TODAY AS OF 0400 PM LOCAL TIME.

CLIMATE NORMAL PERIOD 1981 TO 2010
CLIMATE RECORD PERIOD 1895 TO 2020


WEATHER ITEM   OBSERVED TIME   RECORD YEAR NORMAL DEPARTURE LAST
                VALUE   (LST)  VALUE       VALUE  FROM      YEAR
                                                  NORMAL
..................................................................
TEMPERATURE (F)
 TODAY
  MAXIMUM         88    250 PM  94    1951  88      0       88
  MINIMUM         79    605 AM  58    1937  75      4       77
  AVERAGE         84                        82      2       83

PRECIPITATION (IN)
  TODAY            0.00          3.93 1970   0.25  -0.25     0.00
  MONTH TO DATE   18.89                      4.83  14.06     4.61
  SINCE NOV 1     35.83                     20.15  15.68    17.56
  SINCE JAN 1     27.78                     14.84  12.94    13.21

SNOWFALL (IN)
  TODAY            0.0
  MONTH TO DATE    0.0
  SINCE MAR 1      0.0
  SINCE JUL 1      0.0
  SNOW DEPTH       0

DEGREE DAYS
 HEATING
  TODAY            0                         0      0        0
  MONTH TO DATE    0                         0      0        0
  SINCE MAR 1      0                        12    -12        2
  SINCE JUL 1     42                       128    -86       60

 COOLING
  TODAY           19                        17      2       18
  MONTH TO DATE  417                       429    -12      501
  SINCE MAR 1   1317                      1000    317     1169
  SINCE JAN 1   1799                      1322    477     1590
..................................................................


WIND (MPH)
  HIGHEST WIND SPEED    17   HIGHEST WIND DIRECTION    SE (120)
  HIGHEST GUST SPEED    24   HIGHEST GUST DIRECTION     E (110)
  AVERAGE WIND SPEED    11.0


SKY COVER
  AVERAGE SKY COVER 0.7


WEATHER CONDITIONS
 THE FOLLOWING WEATHER WAS RECORDED TODAY.
  NO SIGNIFICANT WEATHER WAS OBSERVED.


RELATIVE HUMIDITY (PERCENT)
 HIGHEST    85
 LOWEST     63
 AVERAGE    74

..........................................................


THE MIAMI CLIMATE NORMALS FOR TOMORROW
                         NORMAL    RECORD    YEAR
 MAXIMUM TEMPERATURE (F)   89        93      2012
                                             1996
 MINIMUM TEMPERATURE (F)   75        60      1937


SUNRISE AND SUNSET
MAY 29 2020...........SUNRISE   630 AM EDT   SUNSET   807 PM EDT
MAY 30 2020...........SUNRISE   630 AM EDT   SUNSET   808 PM EDT


-  INDICATES NEGATIVE NUMBERS.
R  INDICATES RECORD WAS SET OR TIED.
MM INDICATES DATA IS MISSING.
T  INDICATES TRACE AMOUNT.




$$
