447
CDUS42 KMFL 230821
CLIMIA


CLIMATE REPORT
NATIONAL WEATHER SERVICE MIAMI, FL
420 AM EDT WED OCT 23 2019


...................................

...THE MIAMI CLIMATE SUMMARY FOR OCTOBER 22 2019...

CLIMATE NORMAL PERIOD 1981 TO 2010
CLIMATE RECORD PERIOD 1895 TO 2019


WEATHER ITEM   OBSERVED TIME   RECORD YEAR NORMAL DEPARTURE LAST
                VALUE   (LST)  VALUE       VALUE  FROM      YEAR
                                                  NORMAL
..................................................................
TEMPERATURE (F)
 YESTERDAY
  MAXIMUM         90    121 PM  92    1941  85      5       85
  MINIMUM         80   1159 PM  57    1961  73      7       76
                                      1913
  AVERAGE         85                        79      6       81

PRECIPITATION (IN)
  YESTERDAY        T             6.35 1898   0.17  -0.17     0.02
  MONTH TO DATE    3.63                      5.02  -1.39     1.76
  SINCE JUN 1     45.59                     39.93   5.66    35.14
  SINCE JAN 1     58.80                     55.28   3.52    57.10

SNOWFALL (IN)
  YESTERDAY        0.0
  MONTH TO DATE    0.0
  SINCE SEP 1      0.0
  SINCE JUL 1      0.0
  SNOW DEPTH       0

DEGREE DAYS
 HEATING
  YESTERDAY        0                         0      0        0
  MONTH TO DATE    0                         0      0        0
  SINCE SEP 1      0                         0      0        0
  SINCE JUL 1      0                         0      0        0

 COOLING
  YESTERDAY       20                        14      6       16
  MONTH TO DATE  406                       343     63      396
  SINCE SEP 1   1019                       880    139      952
  SINCE JAN 1   4497                      3955    542     4124
..................................................................


WIND (MPH)
  HIGHEST WIND SPEED    13   HIGHEST WIND DIRECTION    SE (150)
  HIGHEST GUST SPEED    28   HIGHEST GUST DIRECTION    SE (150)
  AVERAGE WIND SPEED     4.9


SKY COVER
  POSSIBLE SUNSHINE  MM
  AVERAGE SKY COVER 0.6


WEATHER CONDITIONS
 THE FOLLOWING WEATHER WAS RECORDED YESTERDAY.
  LIGHT RAIN


RELATIVE HUMIDITY (PERCENT)
 HIGHEST    85
 LOWEST     56
 AVERAGE    71

..........................................................


THE MIAMI CLIMATE NORMALS FOR TODAY
                         NORMAL    RECORD    YEAR
 MAXIMUM TEMPERATURE (F)   85        91      2006
 MINIMUM TEMPERATURE (F)   72        57      1923


SUNRISE AND SUNSET
OCTOBER 23 2019.......SUNRISE   724 AM EDT   SUNSET   647 PM EDT
OCTOBER 24 2019.......SUNRISE   725 AM EDT   SUNSET   646 PM EDT


-  INDICATES NEGATIVE NUMBERS.
R  INDICATES RECORD WAS SET OR TIED.
MM INDICATES DATA IS MISSING.
T  INDICATES TRACE AMOUNT.




$$
