000
CDUS43 KIND 150535
CLIMIE


CLIMATE REPORT
NATIONAL WEATHER SERVICE INDIANAPOLIS IN
1235 AM EST SAT DEC 15 2018


...................................

...THE MUNCIE IN CLIMATE SUMMARY FOR DECEMBER 14 2018...

CLIMATE NORMAL PERIOD 1981 TO 2010
CLIMATE RECORD PERIOD 9999 TO 9999


WEATHER ITEM   OBSERVED TIME   NORMAL DEPARTURE LAST
                VALUE   (LST)  VALUE  FROM      YEAR
                                      NORMAL
......................................................
TEMPERATURE (F)
 YESTERDAY
  MAXIMUM         50    420 PM  38     12       32
  MINIMUM         43    820 AM  24     19       20
  AVERAGE         47            31     16       26

PRECIPITATION (IN)
  YESTERDAY        0.12          0.08   0.04     0.00
  MONTH TO DATE    1.02          1.34  -0.32     0.17
  SINCE DEC 1      1.02          1.34  -0.32     0.17
  SINCE JAN 1     40.65         38.58   2.07    46.81

DEGREE DAYS
 HEATING
  YESTERDAY       18            34    -16       39
  MONTH TO DATE  440           447     -7      424
  SINCE DEC 1    440           447     -7      424
  SINCE JUL 1   1623          1582     41     1336

 COOLING
  YESTERDAY        0             0      0        0
  MONTH TO DATE    0             0      0        0
  SINCE DEC 1      0             0      0        0
  SINCE JAN 1   1539           956    583     1090
......................................................


WIND (MPH)
  HIGHEST WIND SPEED    22   HIGHEST WIND DIRECTION    NE (40)
  HIGHEST GUST SPEED    32   HIGHEST GUST DIRECTION    NE (50)
  AVERAGE WIND SPEED     7.3


SKY COVER
  AVERAGE SKY COVER 0.8


WEATHER CONDITIONS
 THE FOLLOWING WEATHER WAS RECORDED YESTERDAY.
  LIGHT RAIN
  FOG


RELATIVE HUMIDITY (PERCENT)
 HIGHEST    93           600 PM
 LOWEST     66           200 AM
 AVERAGE    80

..........................................................


THE MUNCIE IN CLIMATE NORMALS FOR TODAY
                         NORMAL
 MAXIMUM TEMPERATURE (F)   38
 MINIMUM TEMPERATURE (F)   23


SUNRISE AND SUNSET
DECEMBER 15 2018......SUNRISE   757 AM EST   SUNSET   516 PM EST
DECEMBER 16 2018......SUNRISE   758 AM EST   SUNSET   517 PM EST


-  INDICATES NEGATIVE NUMBERS.
R  INDICATES RECORD WAS SET OR TIED.
MM INDICATES DATA IS MISSING.
T  INDICATES TRACE AMOUNT.




$$
