000
CDUS43 KIND 040532
CLIMIE

CLIMATE REPORT
NATIONAL WEATHER SERVICE INDIANAPOLIS IN
132 AM EDT THU JUN 04 2020

...................................

...THE MUNCIE IN CLIMATE SUMMARY FOR JUNE 3 2020...

CLIMATE NORMAL PERIOD 1981 TO 2010
CLIMATE RECORD PERIOD 9999 TO 9999


WEATHER ITEM   OBSERVED TIME   NORMAL DEPARTURE LAST
                VALUE   (LST)  VALUE  FROM      YEAR
                                      NORMAL
.......................................................
TEMPERATURE (F)
 YESTERDAY
  MAXIMUM         92    144 PM  78     14       76
  MINIMUM         72    550 AM  58     14       50
  AVERAGE         82            68     14       63

PRECIPITATION (IN)
  YESTERDAY        0.00          0.16  -0.16     0.00
  MONTH TO DATE    0.00          0.49  -0.49     0.34
  SINCE JUN 1      0.00          0.49  -0.49     0.34
  SINCE JAN 1     13.41         16.06  -2.65    20.23

DEGREE DAYS
 HEATING
  YESTERDAY        0             2     -2        2
  MONTH TO DATE    2             6     -4        2
  SINCE JUN 1      2             6     -4        2
  SINCE JUL 1   4849          5765   -916     5313

 COOLING
  YESTERDAY       17             5     12        0
  MONTH TO DATE   31            14     17       10
  SINCE JUN 1     31            14     17       10
  SINCE JAN 1    134            97     37      135
.......................................................


WIND (MPH)
  HIGHEST WIND SPEED    21   HIGHEST WIND DIRECTION    NW (320)
  HIGHEST GUST SPEED    27   HIGHEST GUST DIRECTION    NW (310)
  AVERAGE WIND SPEED     9.3


SKY COVER
  AVERAGE SKY COVER 0.2


WEATHER CONDITIONS
THE FOLLOWING WEATHER WAS RECORDED YESTERDAY.
  NO SIGNIFICANT WEATHER WAS OBSERVED.


RELATIVE HUMIDITY (PERCENT)
 HIGHEST    71          1000 PM
 LOWEST     36           200 PM
 AVERAGE    54

..........................................................


THE MUNCIE IN CLIMATE NORMALS FOR TODAY
                         NORMAL    RECORD    YEAR
 MAXIMUM TEMPERATURE (F)   78        MM        MM
 MINIMUM TEMPERATURE (F)   58        MM        MM


SUNRISE AND SUNSET
JUNE  4 2020..........SUNRISE   613 AM EDT   SUNSET   907 PM EDT
JUNE  5 2020..........SUNRISE   613 AM EDT   SUNSET   908 PM EDT


-  INDICATES NEGATIVE NUMBERS.
R  INDICATES RECORD WAS SET OR TIED.
MM INDICATES DATA IS MISSING.
T  INDICATES TRACE AMOUNT.




$$
