000
CDUS43 KIND 310532
CLIMIE

CLIMATE REPORT
NATIONAL WEATHER SERVICE INDIANAPOLIS IN
132 AM EDT SAT OCT 31 2020

...................................

...THE MUNCIE IN CLIMATE SUMMARY FOR OCTOBER 30 2020...

CLIMATE NORMAL PERIOD 1981 TO 2010
CLIMATE RECORD PERIOD 9999 TO 9999


WEATHER ITEM   OBSERVED TIME   NORMAL DEPARTURE LAST
                VALUE   (LST)  VALUE  FROM      YEAR
                                      NORMAL
.......................................................
TEMPERATURE (F)
 YESTERDAY
  MAXIMUM         50    357 PM  59     -9       50
  MINIMUM         32   1140 PM  40     -8       46
  AVERAGE         41            49     -8       48

PRECIPITATION (IN)
  YESTERDAY        T             0.09  -0.09     0.13
  MONTH TO DATE    4.74          2.82   1.92     1.93
  SINCE SEP 1      6.19          5.78   0.41     3.09
  SINCE JAN 1     29.68         33.69  -4.01    37.87

DEGREE DAYS
 HEATING
  YESTERDAY       24            16      8       17
  MONTH TO DATE  291           348    -57      237
  SINCE SEP 1    345           439    -94      240
  SINCE JUL 1    346           449   -103      240

 COOLING
  YESTERDAY        0             0      0        0
  MONTH TO DATE   17            13      4       47
  SINCE SEP 1    146           118     28      282
  SINCE JAN 1   1210           952    258     1355
.......................................................


WIND (MPH)
  HIGHEST WIND SPEED    16   HIGHEST WIND DIRECTION    NW (320)
  HIGHEST GUST SPEED    22   HIGHEST GUST DIRECTION    NW (320)
  AVERAGE WIND SPEED     7.9


SKY COVER
  AVERAGE SKY COVER 0.7


WEATHER CONDITIONS
THE FOLLOWING WEATHER WAS RECORDED YESTERDAY.
  LIGHT RAIN


RELATIVE HUMIDITY (PERCENT)
 HIGHEST    83           600 AM
 LOWEST     49           500 PM
 AVERAGE    66

..........................................................


THE MUNCIE IN CLIMATE NORMALS FOR TODAY
                         NORMAL    RECORD    YEAR
 MAXIMUM TEMPERATURE (F)   59        MM        MM
 MINIMUM TEMPERATURE (F)   39        MM        MM


SUNRISE AND SUNSET
OCTOBER 31 2020.......SUNRISE   810 AM EDT   SUNSET   639 PM EDT
NOVEMBER  1 2020......SUNRISE   712 AM EST   SUNSET   538 PM EST


-  INDICATES NEGATIVE NUMBERS.
R  INDICATES RECORD WAS SET OR TIED.
MM INDICATES DATA IS MISSING.
T  INDICATES TRACE AMOUNT.




$$
