558
CDUS43 KIND 210539
CLIMIE


CLIMATE REPORT
NATIONAL WEATHER SERVICE INDIANAPOLIS IN
138 AM EDT MON OCT 21 2019


...................................

...THE MUNCIE IN CLIMATE SUMMARY FOR OCTOBER 20 2019...

CLIMATE NORMAL PERIOD 1981 TO 2010
CLIMATE RECORD PERIOD 9999 TO 9999


WEATHER ITEM   OBSERVED TIME   NORMAL DEPARTURE LAST
                VALUE   (LST)  VALUE  FROM      YEAR
                                      NORMAL
......................................................
TEMPERATURE (F)
 YESTERDAY
  MAXIMUM         75    436 PM  63     12       62
  MINIMUM         51   1159 PM  42      9       36
  AVERAGE         63            52     11       49

PRECIPITATION (IN)
  YESTERDAY        T             0.09  -0.09     0.04
  MONTH TO DATE    0.30          1.93  -1.63     1.42
  SINCE SEP 1      1.46          4.89  -3.43     8.43
  SINCE JAN 1     36.24         32.80   3.44    35.47

DEGREE DAYS
 HEATING
  YESTERDAY        2            13    -11       16
  MONTH TO DATE  134           204    -70      168
  SINCE SEP 1    137           295   -158      205
  SINCE JUL 1    137           305   -168      205

 COOLING
  YESTERDAY        0             0      0        0
  MONTH TO DATE   47            13     34       96
  SINCE SEP 1    282           118    164      322
  SINCE JAN 1   1355           952    403     1539
......................................................


WIND (MPH)
  HIGHEST WIND SPEED     9   HIGHEST WIND DIRECTION    SE (140)
  HIGHEST GUST SPEED    13   HIGHEST GUST DIRECTION    SE (130)
  AVERAGE WIND SPEED     2.5


SKY COVER
  AVERAGE SKY COVER 0.4


WEATHER CONDITIONS
 THE FOLLOWING WEATHER WAS RECORDED YESTERDAY.
  LIGHT RAIN


RELATIVE HUMIDITY (PERCENT)
 HIGHEST    83           700 AM
 LOWEST     35           100 PM
 AVERAGE    59

..........................................................


THE MUNCIE IN CLIMATE NORMALS FOR TODAY
                         NORMAL
 MAXIMUM TEMPERATURE (F)   63
 MINIMUM TEMPERATURE (F)   42


SUNRISE AND SUNSET
OCTOBER 21 2019.......SUNRISE   758 AM EDT   SUNSET   653 PM EDT
OCTOBER 22 2019.......SUNRISE   800 AM EDT   SUNSET   652 PM EDT


-  INDICATES NEGATIVE NUMBERS.
R  INDICATES RECORD WAS SET OR TIED.
MM INDICATES DATA IS MISSING.
T  INDICATES TRACE AMOUNT.




$$
