000
CDUS43 KMKX 150654
CLIMKE


CLIMATE REPORT
NATIONAL WEATHER SERVICE IN MILWAUKEE
1254 AM CST SAT DEC 15 2018


...................................

...THE MILWAUKEE WI CLIMATE SUMMARY FOR DECEMBER 14 2018...

CLIMATE NORMAL PERIOD 1981 TO 2010
CLIMATE RECORD PERIOD 1871 TO 2018


WEATHER ITEM   OBSERVED TIME   RECORD YEAR NORMAL DEPARTURE LAST
                VALUE   (LST)  VALUE       VALUE  FROM      YEAR
                                                  NORMAL
..................................................................
TEMPERATURE (F)
 YESTERDAY
  MAXIMUM         44   1134 AM  60    1975  33     11       25
  MINIMUM         26   1159 PM -13    1901  20      6       14
  AVERAGE         35                        27      8       20

PRECIPITATION (IN)
  YESTERDAY        T             0.76 2011   0.07  -0.07     0.00
  MONTH TO DATE    1.35                      1.04   0.31     0.24
  SINCE DEC 1      1.35                      1.04   0.31     0.24
  SINCE JAN 1     44.02                     33.76  10.26    33.87

SNOWFALL (IN)
  YESTERDAY        0.0           6.5  1951   0.3   -0.3      0.0
  MONTH TO DATE    0.2                       4.3   -4.1      2.4
  SINCE DEC 1      0.2                       4.3   -4.1      2.4
  SINCE JUL 1      6.8                       7.0   -0.2      2.6
  SNOW DEPTH       0

DEGREE DAYS
 HEATING
  YESTERDAY       30                        38     -8       45
  MONTH TO DATE  488                       504    -16      464
  SINCE DEC 1    488                       504    -16      464
  SINCE JUL 1   1918                      1869     49     1569

 COOLING
  YESTERDAY        0                         0      0        0
  MONTH TO DATE    0                         0      0        0
  SINCE DEC 1      0                         0      0        0
  SINCE JAN 1    929                       641    288      772
..................................................................


WIND (MPH)
  HIGHEST WIND SPEED    10   HIGHEST WIND DIRECTION    NW (330)
  HIGHEST GUST SPEED    13   HIGHEST GUST DIRECTION    NW (320)
  AVERAGE WIND SPEED     4.2


SKY COVER
  POSSIBLE SUNSHINE  MM
  AVERAGE SKY COVER 0.5


WEATHER CONDITIONS
 THE FOLLOWING WEATHER WAS RECORDED YESTERDAY.
  LIGHT RAIN
  FOG
  HAZE


RELATIVE HUMIDITY (PERCENT)
 HIGHEST    92           600 AM
 LOWEST     62          1100 AM
 AVERAGE    77

..........................................................


THE MILWAUKEE WI CLIMATE NORMALS FOR TODAY
                         NORMAL    RECORD    YEAR
 MAXIMUM TEMPERATURE (F)   33        55      1891
 MINIMUM TEMPERATURE (F)   20       -14      1901


SUNRISE AND SUNSET
DECEMBER 15 2018......SUNRISE   716 AM CST   SUNSET   418 PM CST
DECEMBER 16 2018......SUNRISE   716 AM CST   SUNSET   418 PM CST


-  INDICATES NEGATIVE NUMBERS.
R  INDICATES RECORD WAS SET OR TIED.
MM INDICATES DATA IS MISSING.
T  INDICATES TRACE AMOUNT.




$$
