000
CDUS43 KMKX 272148
CLIMKE


CLIMATE REPORT
NATIONAL WEATHER SERVICE GREEN BAY
447 PM CDT WED MAY 27 2020


...................................

...THE MILWAUKEE ASOS CLIMATE SUMMARY FOR MAY 27 2020...
VALID TODAY AS OF 0400 PM LOCAL TIME.

CLIMATE NORMAL PERIOD 1981 TO 2010
CLIMATE RECORD PERIOD 1871 TO 2020


WEATHER ITEM   OBSERVED TIME   RECORD YEAR NORMAL DEPARTURE LAST
                VALUE   (LST)  VALUE       VALUE  FROM      YEAR
                                                  NORMAL
..................................................................
TEMPERATURE (F)
 TODAY
  MAXIMUM         83   1052 AM  95    2018  69     14       65
  MINIMUM         69    542 AM  29    1961  50     19       48
  AVERAGE         76                        59     17       57

PRECIPITATION (IN)
  TODAY            0.00          1.30 1973   0.12  -0.12     0.50
  MONTH TO DATE    4.70                      2.94   1.76     6.24
  SINCE MAR 1     12.25                      8.77   3.48    11.65
  SINCE JAN 1     15.18                     12.18   3.00    17.22

SNOWFALL (IN)
  TODAY            0.0           T    1907   0.0    0.0     MM
  MONTH TO DATE    0.0                       0.1   -0.1      0.0
  SINCE MAR 1      0.0                       9.1   -9.1      0.2
  SINCE JUL 1     11.0                      46.9  -35.9     24.6
  SNOW DEPTH       0

DEGREE DAYS
 HEATING
  TODAY            0                         7     -7        8
  MONTH TO DATE  320                       288     32      315
  SINCE MAR 1   1725                      1805    -80     1856
  SINCE JUL 1   6265                      6785   -520     6754

 COOLING
  TODAY           11                         1     10        0
  MONTH TO DATE   29                        17     12        5
  SINCE MAR 1     29                        22      7        5
  SINCE JAN 1     29                        22      7        5
..................................................................


WIND (MPH)
  HIGHEST WIND SPEED    17   HIGHEST WIND DIRECTION    SE (140)
  HIGHEST GUST SPEED    23   HIGHEST GUST DIRECTION    SE (130)
  AVERAGE WIND SPEED     8.2


SKY COVER
  POSSIBLE SUNSHINE  MM
  AVERAGE SKY COVER 0.8


WEATHER CONDITIONS
 THE FOLLOWING WEATHER WAS RECORDED TODAY.
  NO SIGNIFICANT WEATHER WAS OBSERVED.


RELATIVE HUMIDITY (PERCENT)
 HIGHEST    79           300 AM
 LOWEST     58          1000 AM
 AVERAGE    69

..........................................................


THE MILWAUKEE ASOS CLIMATE NORMALS FOR TOMORROW
                         NORMAL    RECORD    YEAR
 MAXIMUM TEMPERATURE (F)   69        93      1991
 MINIMUM TEMPERATURE (F)   50        36      1894
                                             1889


SUNRISE AND SUNSET
MAY 27 2020...........SUNRISE   518 AM CDT   SUNSET   820 PM CDT
MAY 28 2020...........SUNRISE   517 AM CDT   SUNSET   821 PM CDT


-  INDICATES NEGATIVE NUMBERS.
R  INDICATES RECORD WAS SET OR TIED.
MM INDICATES DATA IS MISSING.
T  INDICATES TRACE AMOUNT.




$$
