000
CDUS43 KMKX 250658
CLIMKE


CLIMATE REPORT
NATIONAL WEATHER SERVICE IN MILWAUKEE
155 AM CDT TUE SEP 25 2018


...................................

...THE MILWAUKEE WI CLIMATE SUMMARY FOR SEPTEMBER 24 2018...

CLIMATE NORMAL PERIOD 1981 TO 2010
CLIMATE RECORD PERIOD 1871 TO 2018


WEATHER ITEM   OBSERVED TIME   RECORD YEAR NORMAL DEPARTURE LAST
                VALUE   (LST)  VALUE       VALUE  FROM      YEAR
                                                  NORMAL
..................................................................
TEMPERATURE (F)
 YESTERDAY
  MAXIMUM         69   1120 AM  92    1891  68      1       91
  MINIMUM         60    322 AM  32    1942  51      9       68
  AVERAGE         65                        60      5       80

PRECIPITATION (IN)
  YESTERDAY        0.01          1.57 1899   0.11  -0.10     0.00
  MONTH TO DATE    5.12                      2.57   2.55     0.39
  SINCE SEP 1      5.12                      2.57   2.55     0.39
  SINCE JAN 1     34.33                     26.75   7.58    27.71

SNOWFALL (IN)
  YESTERDAY        0.0           0.0    MM   0.0    0.0      0.0
  MONTH TO DATE    0.0                       0.0    0.0      0.0
  SINCE SEP 1      0.0                       0.0    0.0      0.0
  SINCE JUL 1      0.0                       0.0    0.0      0.0
  SNOW DEPTH       0

DEGREE DAYS
 HEATING
  YESTERDAY        0                         6     -6        0
  MONTH TO DATE   24                        79    -55       45
  SINCE SEP 1     24                        79    -55       45
  SINCE JUL 1     25                       105    -80       54

 COOLING
  YESTERDAY        0                         1     -1       15
  MONTH TO DATE  115                        64     51      110
  SINCE SEP 1    115                        64     51      110
  SINCE JAN 1    898                       629    269      720
..................................................................


WIND (MPH)
  HIGHEST WIND SPEED    17   HIGHEST WIND DIRECTION    SE (130)
  HIGHEST GUST SPEED    21   HIGHEST GUST DIRECTION    SE (140)
  AVERAGE WIND SPEED     9.2


SKY COVER
  POSSIBLE SUNSHINE  MM
  AVERAGE SKY COVER 0.6


WEATHER CONDITIONS
 THE FOLLOWING WEATHER WAS RECORDED YESTERDAY.
  LIGHT RAIN
  FOG
  HAZE


RELATIVE HUMIDITY (PERCENT)
 HIGHEST    93           700 PM
 LOWEST     76          1000 AM
 AVERAGE    85

..........................................................


THE MILWAUKEE WI CLIMATE NORMALS FOR TODAY
                         NORMAL    RECORD    YEAR
 MAXIMUM TEMPERATURE (F)   68        89      1933
 MINIMUM TEMPERATURE (F)   51        29      1942


SUNRISE AND SUNSET
SEPTEMBER 25 2018.....SUNRISE   642 AM CDT   SUNSET   643 PM CDT
SEPTEMBER 26 2018.....SUNRISE   643 AM CDT   SUNSET   642 PM CDT


-  INDICATES NEGATIVE NUMBERS.
R  INDICATES RECORD WAS SET OR TIED.
MM INDICATES DATA IS MISSING.
T  INDICATES TRACE AMOUNT.




$$
