556
CDUS43 KMKX 200701
CLIMKE


CLIMATE REPORT
NATIONAL WEATHER SERVICE IN MILWAUKEE
200 AM CDT WED JUN 20 2018


...................................

...THE MILWAUKEE WI CLIMATE SUMMARY FOR JUNE 19 2018...

CLIMATE NORMAL PERIOD 1981 TO 2010
CLIMATE RECORD PERIOD 1871 TO 2018


WEATHER ITEM   OBSERVED TIME   RECORD YEAR NORMAL DEPARTURE LAST
                VALUE   (LST)  VALUE       VALUE  FROM      YEAR
                                                  NORMAL
..................................................................
TEMPERATURE (F)
 YESTERDAY
  MAXIMUM         64   1226 AM  99    1953  77    -13       78
  MINIMUM         57   1004 PM  44    1876  59     -2       60
  AVERAGE         61                        68     -7       69

PRECIPITATION (IN)
  YESTERDAY        0.75          2.25 2009   0.14   0.61     0.11
  MONTH TO DATE    4.14                      2.47   1.67     1.64
  SINCE JUN 1      4.14                      2.47   1.67     1.64
  SINCE JAN 1     19.22                     15.11   4.11    18.43

SNOWFALL (IN)
  YESTERDAY        0.0           0.0    MM   0.0    0.0      0.0
  MONTH TO DATE    0.0                       0.0    0.0      0.0
  SINCE JUN 1      0.0                       0.0    0.0      0.0
  SINCE JUL 1     46.7                      46.9   -0.2     37.6
  SNOW DEPTH       0

DEGREE DAYS
 HEATING
  YESTERDAY        4                         2      2        0
  MONTH TO DATE   53                        70    -17        9
  SINCE JUN 1     53                        70    -17        9
  SINCE JUL 1   6552                      6880   -328     5629

 COOLING
  YESTERDAY        0                         5     -5        4
  MONTH TO DATE   63                        58      5      140
  SINCE JUN 1     63                        58      5      140
  SINCE JAN 1    162                        88     74      161
..................................................................


WIND (MPH)
  HIGHEST WIND SPEED    17   HIGHEST WIND DIRECTION     N (10)
  HIGHEST GUST SPEED    24   HIGHEST GUST DIRECTION     N (360)
  AVERAGE WIND SPEED    10.2


SKY COVER
  POSSIBLE SUNSHINE  MM
  AVERAGE SKY COVER 1.0


WEATHER CONDITIONS
 THE FOLLOWING WEATHER WAS RECORDED YESTERDAY.
  THUNDERSTORM
  HEAVY RAIN
  RAIN
  LIGHT RAIN
  FOG


RELATIVE HUMIDITY (PERCENT)
 HIGHEST   100          1000 AM
 LOWEST     87          1200 AM
 AVERAGE    94

..........................................................


THE MILWAUKEE WI CLIMATE NORMALS FOR TODAY
                         NORMAL    RECORD    YEAR
 MAXIMUM TEMPERATURE (F)   77        99      1953
                                             1933
 MINIMUM TEMPERATURE (F)   59        43      1980
                                             1969
                                             1961


SUNRISE AND SUNSET
JUNE 20 2018..........SUNRISE   513 AM CDT   SUNSET   834 PM CDT
JUNE 21 2018..........SUNRISE   513 AM CDT   SUNSET   834 PM CDT


-  INDICATES NEGATIVE NUMBERS.
R  INDICATES RECORD WAS SET OR TIED.
MM INDICATES DATA IS MISSING.
T  INDICATES TRACE AMOUNT.




$$
