000
CDUS43 KMKX 192123
CLIMKE


CLIMATE REPORT
NATIONAL WEATHER SERVICE IN MILWAUKEE
423 PM CDT MON OCT 19 2020


...................................

...THE MILWAUKEE WI CLIMATE SUMMARY FOR OCTOBER 19 2020...
VALID TODAY AS OF 0400 PM LOCAL TIME.

CLIMATE NORMAL PERIOD 1981 TO 2010
CLIMATE RECORD PERIOD 1871 TO 2020


WEATHER ITEM   OBSERVED TIME   RECORD YEAR NORMAL DEPARTURE LAST
                VALUE   (LST)  VALUE       VALUE  FROM      YEAR
                                                  NORMAL
..................................................................
TEMPERATURE (F)
 TODAY
  MAXIMUM         45   1227 PM  81    1953  58    -13       64
  MINIMUM         33    652 AM  24    1972  42     -9       44
                                      1930
  AVERAGE         39                        50    -11       54

PRECIPITATION (IN)
  TODAY            0.00          2.05 1982   0.09  -0.09     0.00
  MONTH TO DATE    0.65                      1.63  -0.98     3.89
  SINCE SEP 1      3.27                      4.81  -1.54    10.89
  SINCE JAN 1     34.65                     28.99   5.66    39.30

SNOWFALL (IN)
  TODAY            0.0           3.7  1989   0.0    0.0      0.0
  MONTH TO DATE    0.0                       0.1   -0.1      0.0
  SINCE SEP 1      0.0                       0.1   -0.1      0.0
  SINCE JUL 1      0.0                       0.1   -0.1      0.0
  SNOW DEPTH       0

DEGREE DAYS
 HEATING
  TODAY           26                        15     11       11
  MONTH TO DATE  216                       228    -12      223
  SINCE SEP 1    316                       354    -38      245
  SINCE JUL 1    319                       380    -61      247

 COOLING
  TODAY            0                         0      0        0
  MONTH TO DATE    2                         3     -1        2
  SINCE SEP 1     70                        72     -2      121
  SINCE JAN 1    933                       637    296      727
..................................................................


WIND (MPH)
  HIGHEST WIND SPEED    14   HIGHEST WIND DIRECTION    NE (30)
  HIGHEST GUST SPEED    19   HIGHEST GUST DIRECTION    NE (40)
  AVERAGE WIND SPEED     7.6


SKY COVER
  POSSIBLE SUNSHINE  MM
  AVERAGE SKY COVER 0.8


WEATHER CONDITIONS
 THE FOLLOWING WEATHER WAS RECORDED TODAY.
  NO SIGNIFICANT WEATHER WAS OBSERVED.


RELATIVE HUMIDITY (PERCENT)
 HIGHEST    69           600 AM
 LOWEST     53          1100 AM
 AVERAGE    61

..........................................................


THE MILWAUKEE WI CLIMATE NORMALS FOR TOMORROW
                         NORMAL    RECORD    YEAR
 MAXIMUM TEMPERATURE (F)   58        85      1953
 MINIMUM TEMPERATURE (F)   42        24      1895


SUNRISE AND SUNSET
OCTOBER 19 2020.......SUNRISE   710 AM CDT   SUNSET   602 PM CDT
OCTOBER 20 2020.......SUNRISE   712 AM CDT   SUNSET   600 PM CDT


-  INDICATES NEGATIVE NUMBERS.
R  INDICATES RECORD WAS SET OR TIED.
MM INDICATES DATA IS MISSING.
T  INDICATES TRACE AMOUNT.




$$
