773
CDUS43 KMKX 190651
CLIMKE


CLIMATE REPORT
NATIONAL WEATHER SERVICE IN MILWAUKEE
151 AM CDT SAT OCT 19 2019


...................................

...THE MILWAUKEE WI CLIMATE SUMMARY FOR OCTOBER 18 2019...

CLIMATE NORMAL PERIOD 1981 TO 2010
CLIMATE RECORD PERIOD 1871 TO 2019


WEATHER ITEM   OBSERVED TIME   RECORD YEAR NORMAL DEPARTURE LAST
                VALUE   (LST)  VALUE       VALUE  FROM      YEAR
                                                  NORMAL
..................................................................
TEMPERATURE (F)
 YESTERDAY
  MAXIMUM         55    100 PM  84    1950  59     -4       58
  MINIMUM         35    447 AM  21    1948  43     -8       31
  AVERAGE         45                        50     -5       45

PRECIPITATION (IN)
  YESTERDAY        0.00          2.20 1923   0.08  -0.08     0.00
  MONTH TO DATE    3.86                      1.54   2.32     4.09
  SINCE SEP 1     10.86                      4.72   6.14    10.92
  SINCE JAN 1     39.27                     28.90  10.37    40.13

SNOWFALL (IN)
  YESTERDAY        0.0           T    1992   0.0    0.0      0.0
  MONTH TO DATE    0.0                       0.1   -0.1      0.0
  SINCE SEP 1      0.0                       0.1   -0.1      0.0
  SINCE JUL 1      0.0                       0.1   -0.1      0.0
  SNOW DEPTH       0

DEGREE DAYS
 HEATING
  YESTERDAY       20                        15      5       20
  MONTH TO DATE  212                       213     -1      206
  SINCE SEP 1    234                       339   -105      280
  SINCE JUL 1    236                       365   -129      281

 COOLING
  YESTERDAY        0                         0      0        0
  MONTH TO DATE    2                         3     -1       26
  SINCE SEP 1    121                        72     49      146
  SINCE JAN 1    727                       637     90      929
..................................................................


WIND (MPH)
  HIGHEST WIND SPEED    20   HIGHEST WIND DIRECTION    SE (130)
  HIGHEST GUST SPEED    24   HIGHEST GUST DIRECTION    SE (130)
  AVERAGE WIND SPEED     7.6


SKY COVER
  POSSIBLE SUNSHINE  MM
  AVERAGE SKY COVER 0.4


WEATHER CONDITIONS
 THE FOLLOWING WEATHER WAS RECORDED YESTERDAY.
  FOG


RELATIVE HUMIDITY (PERCENT)
 HIGHEST    92           100 AM
 LOWEST     55          1200 PM
 AVERAGE    74

..........................................................


THE MILWAUKEE WI CLIMATE NORMALS FOR TODAY
                         NORMAL    RECORD    YEAR
 MAXIMUM TEMPERATURE (F)   58        81      1953
 MINIMUM TEMPERATURE (F)   42        24      1972
                                             1930


SUNRISE AND SUNSET
OCTOBER 19 2019.......SUNRISE   710 AM CDT   SUNSET   603 PM CDT
OCTOBER 20 2019.......SUNRISE   711 AM CDT   SUNSET   601 PM CDT


-  INDICATES NEGATIVE NUMBERS.
R  INDICATES RECORD WAS SET OR TIED.
MM INDICATES DATA IS MISSING.
T  INDICATES TRACE AMOUNT.




$$
