000
CDUS43 KGRR 192140
CLIMKG


CLIMATE REPORT
NATIONAL WEATHER SERVICE GRAND RAPIDS, MI
540 PM EDT TUE JUN 19 2018


...................................

...THE MUSKEGON MI CLIMATE SUMMARY FOR JUNE 19 2018...
VALID TODAY AS OF 0500 PM LOCAL TIME.

CLIMATE NORMAL PERIOD 1981 TO 2010
CLIMATE RECORD PERIOD 1896 TO 2018


WEATHER ITEM   OBSERVED TIME   RECORD YEAR NORMAL DEPARTURE LAST
                VALUE   (LST)  VALUE       VALUE  FROM      YEAR
                                                  NORMAL
..................................................................
TEMPERATURE (F)
 TODAY
  MAXIMUM         76   1028 AM  92    1953  77     -1       73
  MINIMUM         67    620 AM  42    1914  58      9       59
  AVERAGE         72                        68      4       66

PRECIPITATION (IN)
  TODAY            0.19          1.03 1923   0.08   0.11      T
  MONTH TO DATE    1.59                      1.67  -0.08     1.38
  SINCE JUN 1      1.59                      1.67  -0.08     1.38
  SINCE JAN 1     17.56                     13.94   3.62    15.86

SNOWFALL (IN)
  TODAY            0.0          MM      MM   0.0    0.0      0.0
  MONTH TO DATE    0.0                       0.0    0.0      0.0
  SINCE JUN 1      0.0                       0.0    0.0      0.0
  SINCE JUL 1    105.3                      93.7   11.6     49.0
  SNOW DEPTH       0

DEGREE DAYS
 HEATING
  TODAY            0                         2     -2        0
  MONTH TO DATE   13                        54    -41       15
  SINCE JUN 1     13                        54    -41       15
  SINCE JUL 1   6416                      6548   -132     5486

 COOLING
  TODAY            7                         4      3        1
  MONTH TO DATE   86                        51     35      101
  SINCE JUN 1     86                        51     35      101
  SINCE JAN 1    165                        80     85      123
..................................................................


WIND (MPH)
  RESULTANT WIND SPEED   7   RESULTANT WIND DIRECTION  NE (60)
  HIGHEST WIND SPEED    16   HIGHEST WIND DIRECTION    SE (120)
  HIGHEST GUST SPEED    20   HIGHEST GUST DIRECTION     E (110)
  AVERAGE WIND SPEED     8.4


SKY COVER
  AVERAGE SKY COVER 0.9


WEATHER CONDITIONS
 THE FOLLOWING WEATHER WAS RECORDED TODAY.
  HEAVY RAIN
  LIGHT RAIN
  FOG


RELATIVE HUMIDITY (PERCENT)
 HIGHEST    90          1200 AM
 LOWEST     64          1100 AM
 AVERAGE    77

..........................................................


THE MUSKEGON MI CLIMATE NORMALS FOR TOMORROW
                         NORMAL    RECORD    YEAR
 MAXIMUM TEMPERATURE (F)   77        98      1995
 MINIMUM TEMPERATURE (F)   58        35      1936


SUNRISE AND SUNSET
JUNE 19 2018..........SUNRISE   605 AM EDT   SUNSET   928 PM EDT
JUNE 20 2018..........SUNRISE   605 AM EDT   SUNSET   928 PM EDT


-  INDICATES NEGATIVE NUMBERS.
R  INDICATES RECORD WAS SET OR TIED.
MM INDICATES DATA IS MISSING.
T  INDICATES TRACE AMOUNT.




$$
