000
CDUS43 KGRR 150527
CLIMKG

CLIMATE REPORT
NATIONAL WEATHER SERVICE GRAND RAPIDS, MICHIGAN
127 AM EDT TUE JUN 15 2021

...................................

...THE MUSKEGON CLIMATE SUMMARY FOR JUNE 14 2021...

CLIMATE NORMAL PERIOD: 1991 TO 2020
CLIMATE RECORD PERIOD: 1896 TO 2021


WEATHER ITEM   OBSERVED TIME   RECORD YEAR NORMAL DEPARTURE LAST
                VALUE   (LST)  VALUE       VALUE  FROM      YEAR
                                                  NORMAL
...................................................................
TEMPERATURE (F)
 YESTERDAY
  MAXIMUM         80   5:19 PM  90    2017  78      2       74
  MINIMUM         61   5:48 AM  39    1958  57      4       42
                                      1978
  AVERAGE         71                        67      4       58

PRECIPITATION (IN)
  YESTERDAY        T             2.11 1949   0.10  -0.10     0.00
  MONTH TO DATE    0.49                      1.44  -0.95     1.92
  SINCE JUN 1      0.49                      1.44  -0.95     1.92
  SINCE JAN 1      7.99                     15.22  -7.23    20.44

SNOWFALL (IN)
  YESTERDAY        0.0          MM      MM   0.0    0.0      0.0
  MONTH TO DATE    0.0                       0.0    0.0      0.0
  SINCE JUN 1      0.0                       0.0    0.0      0.0
  SINCE JUL 1     41.8                      87.2  -45.4     51.9
  SNOW DEPTH       0

DEGREE DAYS
 HEATING
  YESTERDAY        0                         2     -2        7
  MONTH TO DATE    6                        36    -30       24
  SINCE JUN 1      6                        36    -30       24
  SINCE JUL 1   5986                      6284   -298     6174

 COOLING
  YESTERDAY        6                         4      2        0
  MONTH TO DATE  113                        40     73       52
  SINCE JUN 1    113                        40     73       52
  SINCE JAN 1    163                        76     87      101
...................................................................


WIND (MPH)
  RESULTANT WIND SPEED   7   RESULTANT WIND DIRECTION  NW (330)
  HIGHEST WIND SPEED    23   HIGHEST WIND DIRECTION     N (340)
  HIGHEST GUST SPEED    33   HIGHEST GUST DIRECTION     N (340)
  AVERAGE WIND SPEED    10.8


SKY COVER
  AVERAGE SKY COVER 0.4


WEATHER CONDITIONS
THE FOLLOWING WEATHER WAS RECORDED YESTERDAY.
  NO SIGNIFICANT WEATHER WAS OBSERVED.


RELATIVE HUMIDITY (PERCENT)
 HIGHEST    80          12:00 AM
 LOWEST     32           5:00 PM
 AVERAGE    56

..........................................................


THE MUSKEGON CLIMATE NORMALS FOR TODAY
                         NORMAL    RECORD    YEAR
 MAXIMUM TEMPERATURE (F)   78        90      1954
                                             1987
 MINIMUM TEMPERATURE (F)   57        39      1914
                                             1997


SUNRISE AND SUNSET
JUNE 15 2021..........SUNRISE   6:05 AM EDT   SUNSET   9:27 PM EDT
JUNE 16 2021..........SUNRISE   6:05 AM EDT   SUNSET   9:27 PM EDT


-  INDICATES NEGATIVE NUMBERS.
R  INDICATES RECORD WAS SET OR TIED.
MM INDICATES DATA IS MISSING.
T  INDICATES TRACE AMOUNT.




$$
