555
CDUS43 KGRR 162133
CLIMKG


CLIMATE REPORT
NATIONAL WEATHER SERVICE GRAND RAPIDS, MI
531 PM EDT WED OCT 16 2019


...................................

...THE MUSKEGON MI CLIMATE SUMMARY FOR OCTOBER 16 2019...
VALID TODAY AS OF 0500 PM LOCAL TIME.

CLIMATE NORMAL PERIOD 1981 TO 2010
CLIMATE RECORD PERIOD 1896 TO 2019


WEATHER ITEM   OBSERVED TIME   RECORD YEAR NORMAL DEPARTURE LAST
                VALUE   (LST)  VALUE       VALUE  FROM      YEAR
                                                  NORMAL
..................................................................
TEMPERATURE (F)
 TODAY
  MAXIMUM         50    130 PM  81    1968  59     -9       56
                                      1947
  MINIMUM         45    417 AM  25    1977  42      3       43
  AVERAGE         48                        50     -2       50

PRECIPITATION (IN)
  TODAY            0.19          1.61 2016   0.09   0.10     0.00
  MONTH TO DATE    5.00                      1.61   3.39     4.93
  SINCE SEP 1     10.85                      5.50   5.35     9.44
  SINCE JAN 1     37.98                     26.08  11.90    36.27

SNOWFALL (IN)
  TODAY            0.0           T    1992   0.0    0.0      0.0
  MONTH TO DATE    0.0                       0.0    0.0      0.0
  SINCE SEP 1      0.0                       0.0    0.0      0.0
  SINCE JUL 1      0.0                       0.0    0.0      0.0
  SNOW DEPTH       0

DEGREE DAYS
 HEATING
  TODAY           17                        15      2       15
  MONTH TO DATE  174                       195    -21      159
  SINCE SEP 1    212                       338   -126      239
  SINCE JUL 1    216                       368   -152      241

 COOLING
  TODAY            0                         0      0        0
  MONTH TO DATE    8                         2      6       21
  SINCE SEP 1     95                        56     39      135
  SINCE JAN 1    640                       563     77      912
..................................................................


WIND (MPH)
  RESULTANT WIND SPEED  16   RESULTANT WIND DIRECTION  NW (300)
  HIGHEST WIND SPEED    28   HIGHEST WIND DIRECTION     N (340)
  HIGHEST GUST SPEED    46   HIGHEST GUST DIRECTION    NW (310)
  AVERAGE WIND SPEED    18.1


SKY COVER
  AVERAGE SKY COVER 1.0


WEATHER CONDITIONS
 THE FOLLOWING WEATHER WAS RECORDED TODAY.
  RAIN
  LIGHT RAIN
  FOG


RELATIVE HUMIDITY (PERCENT)
 HIGHEST    86           500 AM
 LOWEST     66          1200 AM
 AVERAGE    76

..........................................................


THE MUSKEGON MI CLIMATE NORMALS FOR TOMORROW
                         NORMAL    RECORD    YEAR
 MAXIMUM TEMPERATURE (F)   58        78      1968
                                             1947
                                             1910
 MINIMUM TEMPERATURE (F)   42        25      1982
                                             1977


SUNRISE AND SUNSET
OCTOBER 16 2019.......SUNRISE   800 AM EDT   SUNSET   701 PM EDT
OCTOBER 17 2019.......SUNRISE   801 AM EDT   SUNSET   659 PM EDT


-  INDICATES NEGATIVE NUMBERS.
R  INDICATES RECORD WAS SET OR TIED.
MM INDICATES DATA IS MISSING.
T  INDICATES TRACE AMOUNT.




$$

63
