000
CDUS43 KGRR 112124
CLIMKG


CLIMATE REPORT
NATIONAL WEATHER SERVICE GRAND RAPIDS, MI
524 PM EDT TUE AUG 11 2020


...................................

...THE MUSKEGON MI CLIMATE SUMMARY FOR AUGUST 11 2020...
VALID TODAY AS OF 0500 PM LOCAL TIME.

CLIMATE NORMAL PERIOD 1981 TO 2010
CLIMATE RECORD PERIOD 1896 TO 2020


WEATHER ITEM   OBSERVED TIME   RECORD YEAR NORMAL DEPARTURE LAST
                VALUE   (LST)  VALUE       VALUE  FROM      YEAR
                                                  NORMAL
..................................................................
TEMPERATURE (F)
 TODAY
  MAXIMUM         81    334 PM  91    1947  79      2       82
  MINIMUM         67    628 AM  47    1968  62      5       59
                                      1965
  AVERAGE         74                        71      3       71

PRECIPITATION (IN)
  TODAY            T             1.57 1941   0.11  -0.11      T
  MONTH TO DATE    2.01                      1.16   0.85     0.71
  SINCE JUN 1      6.77                      6.08   0.69     6.80
  SINCE JAN 1     25.29                     18.35   6.94    25.68

SNOWFALL (IN)
  TODAY            0.0          MM      MM   0.0    0.0      0.0
  MONTH TO DATE    0.0                       0.0    0.0      0.0
  SINCE JUN 1      0.0                       0.0    0.0      0.0
  SINCE JUL 1      0.0                       0.0    0.0      0.0
  SNOW DEPTH       0

DEGREE DAYS
 HEATING
  TODAY            0                         0      0        0
  MONTH TO DATE    3                         0      3        0
  SINCE JUN 1     32                        77    -45       58
  SINCE JUL 1      3                        11     -8        1

 COOLING
  TODAY            9                         6      3        6
  MONTH TO DATE   72                        66      6       63
  SINCE JUN 1    575                       373    202      431
  SINCE JAN 1    624                       402    222      434
..................................................................


WIND (MPH)
  RESULTANT WIND SPEED   6   RESULTANT WIND DIRECTION   W (290)
  HIGHEST WIND SPEED    14   HIGHEST WIND DIRECTION     W (290)
  HIGHEST GUST SPEED    20   HIGHEST GUST DIRECTION    NW (300)
  AVERAGE WIND SPEED     7.0


SKY COVER
  AVERAGE SKY COVER 0.3


WEATHER CONDITIONS
 THE FOLLOWING WEATHER WAS RECORDED TODAY.
  NO SIGNIFICANT WEATHER WAS OBSERVED.


RELATIVE HUMIDITY (PERCENT)
 HIGHEST    87           100 AM
 LOWEST     39           300 PM
 AVERAGE    63

..........................................................


THE MUSKEGON MI CLIMATE NORMALS FOR TOMORROW
                         NORMAL    RECORD    YEAR
 MAXIMUM TEMPERATURE (F)   79        91      1993
                                             1988
                                             1918
 MINIMUM TEMPERATURE (F)   62        45      1979


SUNRISE AND SUNSET
AUGUST 11 2020........SUNRISE   647 AM EDT   SUNSET   853 PM EDT
AUGUST 12 2020........SUNRISE   648 AM EDT   SUNSET   851 PM EDT


-  INDICATES NEGATIVE NUMBERS.
R  INDICATES RECORD WAS SET OR TIED.
MM INDICATES DATA IS MISSING.
T  INDICATES TRACE AMOUNT.




$$
