000
CDUS44 KMEG 210641
CLIMKL


CLIMATE REPORT
NATIONAL WEATHER SERVICE MEMPHIS TN
140 AM CDT WED OCT 21 2020


...................................

...THE JACKSON CLIMATE SUMMARY FOR OCTOBER 20 2020...

CLIMATE NORMAL PERIOD 1981 TO 2010
CLIMATE RECORD PERIOD 1948 TO 2020


WEATHER ITEM   OBSERVED TIME   RECORD YEAR NORMAL DEPARTURE LAST
                VALUE   (LST)  VALUE       VALUE  FROM      YEAR
                                                  NORMAL
..................................................................
TEMPERATURE (F)
 YESTERDAY
  MAXIMUM         82    157 PM  89    1953  72     10       78
  MINIMUM         59   1147 PM  32    1999  47     12       60
                                      1989
  AVERAGE         71                        59     12       69

PRECIPITATION (IN)
  YESTERDAY        0.00          1.64 1985   0.12  -0.12     0.00
  MONTH TO DATE    0.89                      2.41  -1.52     3.85
  SINCE SEP 1      4.49                      5.79  -1.30     4.92
  SINCE JAN 1     45.99                     41.66   4.33    51.63

DEGREE DAYS
 HEATING
  YESTERDAY        0                         7     -7        0
  MONTH TO DATE  104                        95      9      100
  SINCE SEP 1    129                       121      8      100
  SINCE JUL 1    129                       121      8      100

 COOLING
  YESTERDAY        6                         1      5        4
  MONTH TO DATE   24                        38    -14       83
  SINCE SEP 1    222                       258    -36      487
  SINCE JAN 1   1597                      1681    -84     1948
..................................................................


WIND (MPH)
  HIGHEST WIND SPEED    13   HIGHEST WIND DIRECTION     S (200)
  HIGHEST GUST SPEED    19   HIGHEST GUST DIRECTION     S (180)
  AVERAGE WIND SPEED     3.5


SKY COVER
  POSSIBLE SUNSHINE  MM
  AVERAGE SKY COVER 0.3


WEATHER CONDITIONS
 THE FOLLOWING WEATHER WAS RECORDED YESTERDAY.
  FOG
  FOG W/VISIBILITY <= 1/4 MILE


RELATIVE HUMIDITY (PERCENT)
 HIGHEST   100           700 AM
 LOWEST     54           400 PM
 AVERAGE    77

..........................................................


THE JACKSON CLIMATE NORMALS FOR TODAY
                         NORMAL    RECORD    YEAR
 MAXIMUM TEMPERATURE (F)   72        89      1963
                                             1953
 MINIMUM TEMPERATURE (F)   46        28      1952


SUNRISE AND SUNSET
OCTOBER 21 2020.......SUNRISE   708 AM CDT   SUNSET   612 PM CDT
OCTOBER 22 2020.......SUNRISE   709 AM CDT   SUNSET   611 PM CDT


-  INDICATES NEGATIVE NUMBERS.
R  INDICATES RECORD WAS SET OR TIED.
MM INDICATES DATA IS MISSING.
T  INDICATES TRACE AMOUNT.




$$
