000
CDUS44 KMEG 102248
CLIMKL


CLIMATE REPORT
NATIONAL WEATHER SERVICE MEMPHIS TN
447 PM CST MON DEC 10 2018


...................................

...THE JACKSON CLIMATE SUMMARY FOR DECEMBER 10 2018...
VALID TODAY AS OF 0400 PM LOCAL TIME.

CLIMATE NORMAL PERIOD 1981 TO 2010
CLIMATE RECORD PERIOD 1948 TO 2018


WEATHER ITEM   OBSERVED TIME   RECORD YEAR NORMAL DEPARTURE LAST
                VALUE   (LST)  VALUE       VALUE  FROM      YEAR
                                                  NORMAL
..................................................................
TEMPERATURE (F)
 TODAY
  MAXIMUM         39    259 PM  73    1965  52    -13       53
  MINIMUM         27    720 AM   7    1995  32     -5       17
  AVERAGE         33                        42     -9       35

PRECIPITATION (IN)
  TODAY            0.00          1.24 1994   0.19  -0.19     0.00
  MONTH TO DATE    1.39                      1.84  -0.45     0.89
  SINCE DEC 1      1.39                      1.84  -0.45     0.89
  SINCE JAN 1     73.18                     49.76  23.42    43.82

DEGREE DAYS
 HEATING
  TODAY           32                        23      9       30
  MONTH TO DATE  257                       220     37      214
  SINCE DEC 1    257                       220     37      214
  SINCE JUL 1   1058                       887    171      815

 COOLING
  TODAY            0                         0      0        0
  MONTH TO DATE    0                         0      0        0
  SINCE DEC 1      0                         0      0        0
  SINCE JAN 1   2173                      1697    476     1812
..................................................................


WIND (MPH)
  HIGHEST WIND SPEED     9   HIGHEST WIND DIRECTION    NW (310)
  HIGHEST GUST SPEED    13   HIGHEST GUST DIRECTION     N (360)
  AVERAGE WIND SPEED     6.4


SKY COVER
  POSSIBLE SUNSHINE  MM
  AVERAGE SKY COVER 0.0


WEATHER CONDITIONS
 THE FOLLOWING WEATHER WAS RECORDED TODAY.
  NO SIGNIFICANT WEATHER WAS OBSERVED.


RELATIVE HUMIDITY (PERCENT)
 HIGHEST    85          1200 AM
 LOWEST     70           200 PM
 AVERAGE    78

..........................................................


THE JACKSON CLIMATE NORMALS FOR TOMORROW
                         NORMAL    RECORD    YEAR
 MAXIMUM TEMPERATURE (F)   51        74      2015
                                             2007
 MINIMUM TEMPERATURE (F)   32         6      1962


SUNRISE AND SUNSET
DECEMBER 10 2018......SUNRISE   654 AM CST   SUNSET   443 PM CST
DECEMBER 11 2018......SUNRISE   655 AM CST   SUNSET   443 PM CST


-  INDICATES NEGATIVE NUMBERS.
R  INDICATES RECORD WAS SET OR TIED.
MM INDICATES DATA IS MISSING.
T  INDICATES TRACE AMOUNT.




$$
