000
CDUS44 KMEG 250747
CLIMKL


CLIMATE REPORT
NATIONAL WEATHER SERVICE MEMPHIS TN
146 AM CST TUE FEB 25 2020


...................................

...THE JACKSON CLIMATE SUMMARY FOR FEBRUARY 24 2020...

CLIMATE NORMAL PERIOD 1981 TO 2010
CLIMATE RECORD PERIOD 1948 TO 2020


WEATHER ITEM   OBSERVED TIME   RECORD YEAR NORMAL DEPARTURE LAST
                VALUE   (LST)  VALUE       VALUE  FROM      YEAR
                                                  NORMAL
..................................................................
TEMPERATURE (F)
 YESTERDAY
  MAXIMUM         58    841 PM  76    2017  56      2       58
                                      2000
                                      1957
  MINIMUM         44   1217 AM  16    1967  34     10       29
  AVERAGE         51                        45      6       44

PRECIPITATION (IN)
  YESTERDAY        0.83          1.56 1965   0.15   0.68     0.00
  MONTH TO DATE    5.90                      3.59   2.31    10.22
  SINCE DEC 1     15.88                     13.01   2.87    20.07
  SINCE JAN 1     11.21                      7.66   3.55    14.76

DEGREE DAYS
 HEATING
  YESTERDAY       14                        20     -6       21
  MONTH TO DATE  502                       557    -55      432
  SINCE DEC 1   1737                      2139   -402     1902
  SINCE JUL 1   2537                      2806   -269     2703

 COOLING
  YESTERDAY        0                         0      0        0
  MONTH TO DATE    0                         0      0        2
  SINCE DEC 1      0                         1     -1        2
  SINCE JAN 1      0                         0      0        2
..................................................................


WIND (MPH)
  HIGHEST WIND SPEED    20   HIGHEST WIND DIRECTION     W (250)
  HIGHEST GUST SPEED    25   HIGHEST GUST DIRECTION     W (260)
  AVERAGE WIND SPEED     9.1


SKY COVER
  POSSIBLE SUNSHINE  MM
  AVERAGE SKY COVER 0.9


WEATHER CONDITIONS
 THE FOLLOWING WEATHER WAS RECORDED YESTERDAY.
  THUNDERSTORM
  HEAVY RAIN
  RAIN
  LIGHT RAIN
  FOG


RELATIVE HUMIDITY (PERCENT)
 HIGHEST   100           400 AM
 LOWEST     77          1000 PM
 AVERAGE    89

..........................................................


THE JACKSON CLIMATE NORMALS FOR TODAY
                         NORMAL    RECORD    YEAR
 MAXIMUM TEMPERATURE (F)   56        79      1981
 MINIMUM TEMPERATURE (F)   34         9      1967


SUNRISE AND SUNSET
FEBRUARY 25 2020......SUNRISE   631 AM CST   SUNSET   547 PM CST
FEBRUARY 26 2020......SUNRISE   630 AM CST   SUNSET   548 PM CST


-  INDICATES NEGATIVE NUMBERS.
R  INDICATES RECORD WAS SET OR TIED.
MM INDICATES DATA IS MISSING.
T  INDICATES TRACE AMOUNT.




$$
