000
CDUS44 KMEG 132150
CLIMKL


CLIMATE REPORT
NATIONAL WEATHER SERVICE MEMPHIS TN
449 PM CDT SUN OCT 13 2019


...................................

...THE JACKSON CLIMATE SUMMARY FOR OCTOBER 13 2019...
VALID TODAY AS OF 0400 PM LOCAL TIME.

CLIMATE NORMAL PERIOD 1981 TO 2010
CLIMATE RECORD PERIOD 1948 TO 2019


WEATHER ITEM   OBSERVED TIME   RECORD YEAR NORMAL DEPARTURE LAST
                VALUE   (LST)  VALUE       VALUE  FROM      YEAR
                                                  NORMAL
..................................................................
TEMPERATURE (F)
 TODAY
  MAXIMUM         69    254 PM  91    1963  74     -5       59
  MINIMUM         34    549 AM  27    2006  49    -15       52
  AVERAGE         52                        61     -9       56

PRECIPITATION (IN)
  TODAY            0.00          1.63 2001   0.12  -0.12     0.06
  MONTH TO DATE    3.47                      1.57   1.90     0.70
  SINCE SEP 1      4.54                      4.95  -0.41    13.76
  SINCE JAN 1     51.25                     40.82  10.43    63.52

DEGREE DAYS
 HEATING
  TODAY           13                         5      8        9
  MONTH TO DATE   38                        52    -14       30
  SINCE SEP 1     38                        78    -40       33
  SINCE JUL 1     38                        78    -40       33

 COOLING
  TODAY            0                         2     -2        0
  MONTH TO DATE   79                        31     48      120
  SINCE SEP 1    483                       251    232      440
  SINCE JAN 1   1944                      1674    270     2168
..................................................................


WIND (MPH)
  HIGHEST WIND SPEED    12   HIGHEST WIND DIRECTION     W (280)
  HIGHEST GUST SPEED    14   HIGHEST GUST DIRECTION     W (260)
  AVERAGE WIND SPEED     2.5


SKY COVER
  POSSIBLE SUNSHINE  MM
  AVERAGE SKY COVER 0.0


WEATHER CONDITIONS
 THE FOLLOWING WEATHER WAS RECORDED TODAY.
  NO SIGNIFICANT WEATHER WAS OBSERVED.


RELATIVE HUMIDITY (PERCENT)
 HIGHEST   100           100 AM
 LOWEST     33           300 PM
 AVERAGE    67

..........................................................


THE JACKSON CLIMATE NORMALS FOR TOMORROW
                         NORMAL    RECORD    YEAR
 MAXIMUM TEMPERATURE (F)   74        89      1963
 MINIMUM TEMPERATURE (F)   48        32      1979


SUNRISE AND SUNSET
OCTOBER 13 2019.......SUNRISE   700 AM CDT   SUNSET   623 PM CDT
OCTOBER 14 2019.......SUNRISE   701 AM CDT   SUNSET   622 PM CDT


-  INDICATES NEGATIVE NUMBERS.
R  INDICATES RECORD WAS SET OR TIED.
MM INDICATES DATA IS MISSING.
T  INDICATES TRACE AMOUNT.




$$
