000
CDUS44 KMEG 190633
CLIMKL


CLIMATE REPORT
NATIONAL WEATHER SERVICE MEMPHIS TN
132 AM CDT TUE JUN 19 2018


...................................

...THE JACKSON CLIMATE SUMMARY FOR JUNE 18 2018...

CLIMATE NORMAL PERIOD 1981 TO 2010
CLIMATE RECORD PERIOD 1948 TO 2018


WEATHER ITEM   OBSERVED TIME   RECORD YEAR NORMAL DEPARTURE LAST
                VALUE   (LST)  VALUE       VALUE  FROM      YEAR
                                                  NORMAL
..................................................................
TEMPERATURE (F)
 YESTERDAY
  MAXIMUM         93    245 PM 100    1952  88      5       90
  MINIMUM         71    507 AM  53    1999  66      5       72
  AVERAGE         82                        77      5       81

PRECIPITATION (IN)
  YESTERDAY        0.00          2.67 2006   0.15  -0.15     0.10
  MONTH TO DATE    2.47                      3.07  -0.60     0.92
  SINCE JUN 1      2.47                      3.07  -0.60     0.92
  SINCE JAN 1     37.27                     26.61  10.66    23.57

DEGREE DAYS
 HEATING
  YESTERDAY        0                         0      0        0
  MONTH TO DATE    0                         0      0        0
  SINCE JUN 1      0                         0      0        0
  SINCE JUL 1   3497                      3572    -75     2520

 COOLING
  YESTERDAY       17                        12      5       16
  MONTH TO DATE  249                       182     67      208
  SINCE JUN 1    249                       182     67      208
  SINCE JAN 1    608                       397    211      476
..................................................................


WIND (MPH)
  HIGHEST WIND SPEED    10   HIGHEST WIND DIRECTION     W (260)
  HIGHEST GUST SPEED    14   HIGHEST GUST DIRECTION     W (260)
  AVERAGE WIND SPEED     5.3


SKY COVER
  POSSIBLE SUNSHINE  MM
  AVERAGE SKY COVER 0.1


WEATHER CONDITIONS
 THE FOLLOWING WEATHER WAS RECORDED YESTERDAY.
  NO SIGNIFICANT WEATHER WAS OBSERVED.


RELATIVE HUMIDITY (PERCENT)
 HIGHEST   100           500 AM
 LOWEST     47           200 PM
 AVERAGE    74

..........................................................


THE JACKSON CLIMATE NORMALS FOR TODAY
                         NORMAL    RECORD    YEAR
 MAXIMUM TEMPERATURE (F)   88       103      1952
 MINIMUM TEMPERATURE (F)   66        54      1965


SUNRISE AND SUNSET
JUNE 19 2018..........SUNRISE   540 AM CDT   SUNSET   814 PM CDT
JUNE 20 2018..........SUNRISE   540 AM CDT   SUNSET   814 PM CDT


-  INDICATES NEGATIVE NUMBERS.
R  INDICATES RECORD WAS SET OR TIED.
MM INDICATES DATA IS MISSING.
T  INDICATES TRACE AMOUNT.




$$
