000
CDUS43 KDVN 222125
CLIMLI


CLIMATE REPORT
NATIONAL WEATHER SERVICE QUAD CITIES IA IL
423 PM CDT MON OCT 22 2018


...................................

...THE MOLINE IL CLIMATE SUMMARY FOR OCTOBER 22 2018...
VALID TODAY AS OF 0400 PM LOCAL TIME.

CLIMATE NORMAL PERIOD 1981 TO 2010
CLIMATE RECORD PERIOD 1872 TO 2018


WEATHER ITEM   OBSERVED TIME   RECORD YEAR NORMAL DEPARTURE LAST
                VALUE   (LST)  VALUE       VALUE  FROM      YEAR
                                                  NORMAL
..................................................................
TEMPERATURE (F)
 TODAY
  MAXIMUM         68    241 PM  84    1963  62      6       71
                                      1947
                                      1927
  MINIMUM         41    528 AM  21    1976  41      0       49
  AVERAGE         55                        51      4       60

PRECIPITATION (IN)
  TODAY            0.00          1.94 1941   0.10  -0.10     0.33
  MONTH TO DATE    4.32                      2.09   2.23     6.07
  SINCE SEP 1      9.49                      5.18   4.31     8.46
  SINCE JAN 1     39.01                     32.34   6.67    34.58

SNOWFALL (IN)
  TODAY            0.0          MM      MM   0.0    0.0      0.0
  MONTH TO DATE    0.2                       0.0    0.2      0.0
  SINCE SEP 1      0.2                       0.0    0.2      0.0
  SINCE JUL 1      0.2                       0.0    0.2      0.0
  SNOW DEPTH       0

DEGREE DAYS
 HEATING
  TODAY           10                        14     -4        5
  MONTH TO DATE  268                       236     32       72
  SINCE SEP 1    334                       332      2      120
  SINCE JUL 1    334                       340     -6      121

 COOLING
  TODAY            0                         0      0        0
  MONTH TO DATE   34                        11     23       33
  SINCE SEP 1    205                       117     88      182
  SINCE JAN 1   1334                      1000    334      993
..................................................................


WIND (MPH)
  HIGHEST WIND SPEED    12   HIGHEST WIND DIRECTION    SW (240)
  HIGHEST GUST SPEED    16   HIGHEST GUST DIRECTION     W (280)
  AVERAGE WIND SPEED     5.1


SKY COVER
  POSSIBLE SUNSHINE  MM
  AVERAGE SKY COVER 0.0


WEATHER CONDITIONS
 THE FOLLOWING WEATHER WAS RECORDED TODAY.
  HAZE


RELATIVE HUMIDITY (PERCENT)
 HIGHEST    82           800 AM
 LOWEST     32           200 PM
 AVERAGE    57

..........................................................


THE MOLINE IL CLIMATE NORMALS FOR TOMORROW
                         NORMAL    RECORD    YEAR
 MAXIMUM TEMPERATURE (F)   61        85      1963
 MINIMUM TEMPERATURE (F)   40        23      1981


SUNRISE AND SUNSET
OCTOBER 22 2018.......SUNRISE   722 AM CDT   SUNSET   610 PM CDT
OCTOBER 23 2018.......SUNRISE   723 AM CDT   SUNSET   609 PM CDT


-  INDICATES NEGATIVE NUMBERS.
R  INDICATES RECORD WAS SET OR TIED.
MM INDICATES DATA IS MISSING.
T  INDICATES TRACE AMOUNT.




$$
