000
CDUS43 KDVN 161007
CLIMLI


CLIMATE REPORT
NATIONAL WEATHER SERVICE QUAD CITIES IA IL
407 AM CST SAT FEB 16 2019


...................................

...THE MOLINE IL CLIMATE SUMMARY FOR FEBRUARY 15 2019...

CLIMATE NORMAL PERIOD 1981 TO 2010
CLIMATE RECORD PERIOD 1872 TO 2019


WEATHER ITEM   OBSERVED TIME   RECORD YEAR NORMAL DEPARTURE LAST
                VALUE   (LST)  VALUE       VALUE  FROM      YEAR
                                                  NORMAL
..................................................................
TEMPERATURE (F)
 YESTERDAY
  MAXIMUM         15    445 PM  73    1921  36    -21       50
  MINIMUM          5    748 AM -14    1905  18    -13       34
  AVERAGE         10                        27    -17       42

PRECIPITATION (IN)
  YESTERDAY        0.00          1.05 1954   0.06  -0.06     0.00
  MONTH TO DATE    1.82                      0.73   1.09     1.10
  SINCE DEC 1      7.73                      4.40   3.33     2.03
  SINCE JAN 1      4.78                      2.22   2.56     1.51

SNOWFALL (IN)
  YESTERDAY        0.0          MM      MM   0.3   -0.3      0.0
  MONTH TO DATE    2.5                       4.1   -1.6     14.7
  SINCE DEC 1     33.8                      22.8   11.0     26.5
  SINCE JUL 1     52.4                      24.0   28.4     26.5
  SNOW DEPTH       T

DEGREE DAYS
 HEATING
  YESTERDAY       55                        38     17       23
  MONTH TO DATE  608                       603      5      706
  SINCE DEC 1   2992                      3106   -114     3179
  SINCE JUL 1   4417                      4337     80     4252

 COOLING
  YESTERDAY        0                         0      0        0
  MONTH TO DATE    0                         0      0        0
  SINCE DEC 1      0                         0      0        0
  SINCE JAN 1      0                         0      0        0
..................................................................


WIND (MPH)
  HIGHEST WIND SPEED    24   HIGHEST WIND DIRECTION     W (280)
  HIGHEST GUST SPEED    33   HIGHEST GUST DIRECTION    NW (300)
  AVERAGE WIND SPEED    12.1


SKY COVER
  POSSIBLE SUNSHINE  MM
  AVERAGE SKY COVER 0.1


WEATHER CONDITIONS
 THE FOLLOWING WEATHER WAS RECORDED YESTERDAY.
  NO SIGNIFICANT WEATHER WAS OBSERVED.


RELATIVE HUMIDITY (PERCENT)
 HIGHEST    76           600 AM
 LOWEST     61           300 PM
 AVERAGE    69

..........................................................


THE MOLINE IL CLIMATE NORMALS FOR TODAY
                         NORMAL    RECORD    YEAR
 MAXIMUM TEMPERATURE (F)   36        60      1921
 MINIMUM TEMPERATURE (F)   19       -14      1958


SUNRISE AND SUNSET
FEBRUARY 16 2019......SUNRISE   656 AM CST   SUNSET   537 PM CST
FEBRUARY 17 2019......SUNRISE   655 AM CST   SUNSET   538 PM CST


-  INDICATES NEGATIVE NUMBERS.
R  INDICATES RECORD WAS SET OR TIED.
MM INDICATES DATA IS MISSING.
T  INDICATES TRACE AMOUNT.




$$
