000
CDUS43 KDVN 152129
CLIMLI


CLIMATE REPORT
NATIONAL WEATHER SERVICE QUAD CITIES IA IL
426 PM CDT TUE OCT 15 2019


...................................

...THE MOLINE IL CLIMATE SUMMARY FOR OCTOBER 15 2019...
VALID TODAY AS OF 0400 PM LOCAL TIME.

CLIMATE NORMAL PERIOD 1981 TO 2010
CLIMATE RECORD PERIOD 1872 TO 2019


WEATHER ITEM   OBSERVED TIME   RECORD YEAR NORMAL DEPARTURE LAST
                VALUE   (LST)  VALUE       VALUE  FROM      YEAR
                                                  NORMAL
..................................................................
TEMPERATURE (F)
 TODAY
  MAXIMUM         69    129 PM  88    1963  65      4       50
  MINIMUM         38    102 AM  21    1937  43     -5       34
  AVERAGE         54                        54      0       42

PRECIPITATION (IN)
  TODAY            0.00          1.76 1967   0.09  -0.09     0.10
  MONTH TO DATE    1.59                      1.41   0.18     4.30
  SINCE SEP 1      9.40                      4.50   4.90     9.47
  SINCE JAN 1     44.09                     31.66  12.43    38.99

SNOWFALL (IN)
  TODAY            0.0          MM      MM   0.0    0.0      0.2
  MONTH TO DATE    0.0                       0.0    0.0      0.2
  SINCE SEP 1      0.0                       0.0    0.0      0.2
  SINCE JUL 1      0.0                       0.0    0.0      0.2
  SNOW DEPTH       0

DEGREE DAYS
 HEATING
  TODAY           11                        12     -1       23
  MONTH TO DATE  133                       145    -12      143
  SINCE SEP 1    138                       241   -103      209
  SINCE JUL 1    138                       249   -111      209

 COOLING
  TODAY            0                         0      0        0
  MONTH TO DATE   20                        11      9       34
  SINCE SEP 1    235                       117    118      205
  SINCE JAN 1   1249                      1000    249     1334
..................................................................


WIND (MPH)
  HIGHEST WIND SPEED    28   HIGHEST WIND DIRECTION     W (280)
  HIGHEST GUST SPEED    36   HIGHEST GUST DIRECTION     W (280)
  AVERAGE WIND SPEED    10.3


SKY COVER
  POSSIBLE SUNSHINE  MM
  AVERAGE SKY COVER 0.3


WEATHER CONDITIONS
 THE FOLLOWING WEATHER WAS RECORDED TODAY.
  HAZE


RELATIVE HUMIDITY (PERCENT)
 HIGHEST    92           100 AM
 LOWEST     45           200 PM
 AVERAGE    69

..........................................................


THE MOLINE IL CLIMATE NORMALS FOR TOMORROW
                         NORMAL    RECORD    YEAR
 MAXIMUM TEMPERATURE (F)   64        88      1910
 MINIMUM TEMPERATURE (F)   42        26      1952


SUNRISE AND SUNSET
OCTOBER 15 2019.......SUNRISE   714 AM CDT   SUNSET   621 PM CDT
OCTOBER 16 2019.......SUNRISE   715 AM CDT   SUNSET   620 PM CDT


-  INDICATES NEGATIVE NUMBERS.
R  INDICATES RECORD WAS SET OR TIED.
MM INDICATES DATA IS MISSING.
T  INDICATES TRACE AMOUNT.




$$
