000
CDUS43 KDVN 112124
CLIMLI

CLIMATE REPORT
NATIONAL WEATHER SERVICE QUAD CITIES IA IL
424 PM CDT TUE AUG 11 2020

...................................

...THE MOLINE IL CLIMATE SUMMARY FOR AUGUST 11 2020...
VALID TODAY AS OF 0400 PM LOCAL TIME.

CLIMATE NORMAL PERIOD 1981 TO 2010
CLIMATE RECORD PERIOD 1872 TO 2020


WEATHER ITEM   OBSERVED TIME   RECORD YEAR NORMAL DEPARTURE LAST
                VALUE   (LST)  VALUE       VALUE  FROM      YEAR
                                                  NORMAL
...................................................................
TEMPERATURE (F)
 TODAY
  MAXIMUM         82    300 PM  98    1941  84     -2       86
  MINIMUM         MM        MM  48    1968  64     MM       68
  AVERAGE         MM                        74     MM       77

PRECIPITATION (IN)
  TODAY            0.00          4.39 1949   0.15  -0.15     1.70
  MONTH TO DATE    0.02                      1.55  -1.53     2.32
  SINCE JUN 1      9.02                     10.33  -1.31     8.01
  SINCE JAN 1     22.82                     24.19  -1.37    33.09

SNOWFALL (IN)
  TODAY            0.0          MM      MM   0.0    0.0      0.0
  MONTH TO DATE    0.0                       0.0    0.0      0.0
  SINCE JUN 1      0.0                       0.0    0.0      0.0
  SINCE JUL 1      0.0                       0.0    0.0      0.0
  SNOW DEPTH       0

DEGREE DAYS
 HEATING
  TODAY           MM                         0     MM        0
  MONTH TO DATE    0                         0      0        0
  SINCE JUN 1      0                        21    -21        2
  SINCE JUL 1      0                         2     -2        0

 COOLING
  TODAY           MM                         9     MM       12
  MONTH TO DATE   55                       106    -51      113
  SINCE JUN 1    693                       644     49      804
  SINCE JAN 1    751                       720     31      870
...................................................................


WIND (MPH)
  HIGHEST WIND SPEED     8   HIGHEST WIND DIRECTION     E (110)
  HIGHEST GUST SPEED    MM   HIGHEST GUST DIRECTION    MM
  AVERAGE WIND SPEED     4.9


SKY COVER
  POSSIBLE SUNSHINE  MM
  AVERAGE SKY COVER 0.0


WEATHER CONDITIONS
THE FOLLOWING WEATHER WAS RECORDED TODAY.
  NO SIGNIFICANT WEATHER WAS OBSERVED.


RELATIVE HUMIDITY (PERCENT)
 HIGHEST    50          1000 AM
 LOWEST     41          1200 PM
 AVERAGE    46

..........................................................


THE MOLINE IL CLIMATE NORMALS FOR TOMORROW
                         NORMAL    RECORD    YEAR
 MAXIMUM TEMPERATURE (F)   84       100      1936
 MINIMUM TEMPERATURE (F)   64        47      1967
                                             1979


SUNRISE AND SUNSET
AUGUST 11 2020........SUNRISE   608 AM CDT   SUNSET   806 PM CDT
AUGUST 12 2020........SUNRISE   609 AM CDT   SUNSET   805 PM CDT


-  INDICATES NEGATIVE NUMBERS.
R  INDICATES RECORD WAS SET OR TIED.
MM INDICATES DATA IS MISSING.
T  INDICATES TRACE AMOUNT.




$$
