000
CDUS43 KDVN 142124
CLIMLI

CLIMATE REPORT
NATIONAL WEATHER SERVICE QUAD CITIES IA IL
424 PM CDT MON JUN 14 2021

...................................

...THE MOLINE IL CLIMATE SUMMARY FOR JUNE 14 2021...
VALID TODAY AS OF 0400 PM LOCAL TIME.

CLIMATE NORMAL PERIOD 1991 TO 2020
CLIMATE RECORD PERIOD 1872 TO 2021


WEATHER ITEM   OBSERVED TIME   RECORD YEAR NORMAL DEPARTURE LAST
                VALUE   (LST)  VALUE       VALUE  FROM      YEAR
                                                  NORMAL
...................................................................
TEMPERATURE (F)
 TODAY
  MAXIMUM         87    255 PM 101    1987  83      4       78
  MINIMUM         68    439 AM  43    1933  61      7       53
  AVERAGE         78                        72      6       66

PRECIPITATION (IN)
  TODAY            0.00          4.43 1930   0.17  -0.17      T
  MONTH TO DATE    0.18                      2.34  -2.16     2.83
  SINCE JUN 1      0.18                      2.34  -2.16     2.83
  SINCE JAN 1     16.55                     16.93  -0.38    16.63

SNOWFALL (IN)
  TODAY            0.0          MM      MM   0.0    0.0      0.0
  MONTH TO DATE    0.0                       0.0    0.0      0.0
  SINCE JUN 1      0.0                       0.0    0.0      0.0
  SINCE JUL 1     43.2                      36.1    7.1     41.5
  SNOW DEPTH       0

DEGREE DAYS
 HEATING
  TODAY            0                         0      0        0
  MONTH TO DATE    0                        12    -12        0
  SINCE JUN 1      0                        12    -12        0
  SINCE JUL 1   5946                      6020    -74     5781

 COOLING
  TODAY           13                         7      6        1
  MONTH TO DATE  165                        84     81      120
  SINCE JUN 1    165                        84     81      120
  SINCE JAN 1    266                       173     93      178
...................................................................


WIND (MPH)
  HIGHEST WIND SPEED    15   HIGHEST WIND DIRECTION    NW (330)
  HIGHEST GUST SPEED    22   HIGHEST GUST DIRECTION    NE (50)
  AVERAGE WIND SPEED     8.3


SKY COVER
  POSSIBLE SUNSHINE  MM
  AVERAGE SKY COVER 0.0


WEATHER CONDITIONS
THE FOLLOWING WEATHER WAS RECORDED TODAY.
  NO SIGNIFICANT WEATHER WAS OBSERVED.


RELATIVE HUMIDITY (PERCENT)
 HIGHEST    65           500 AM
 LOWEST     27           300 PM
 AVERAGE    46

..........................................................


THE MOLINE IL CLIMATE NORMALS FOR TOMORROW
                         NORMAL    RECORD    YEAR
 MAXIMUM TEMPERATURE (F)   83        96      2016
 MINIMUM TEMPERATURE (F)   61        45      1917


SUNRISE AND SUNSET
JUNE 14 2021..........SUNRISE   528 AM CDT   SUNSET   837 PM CDT
JUNE 15 2021..........SUNRISE   528 AM CDT   SUNSET   838 PM CDT


-  INDICATES NEGATIVE NUMBERS.
R  INDICATES RECORD WAS SET OR TIED.
MM INDICATES DATA IS MISSING.
T  INDICATES TRACE AMOUNT.




$$
