000
CDUS45 KBYZ 210722
CLIMLS


CLIMATE REPORT
NATIONAL WEATHER SERVICE BILLINGS MT
1221 AM MST THU FEB 21 2019


...................................

...THE MILES CITY MT CLIMATE SUMMARY FOR FEBRUARY 20 2019...

CLIMATE NORMAL PERIOD 1981 TO 2010
CLIMATE RECORD PERIOD 1937 TO 2019


WEATHER ITEM   OBSERVED TIME   RECORD YEAR NORMAL DEPARTURE LAST
                VALUE   (LST)  VALUE       VALUE  FROM      YEAR
                                                  NORMAL
..................................................................
TEMPERATURE (F)
 YESTERDAY
  MAXIMUM         13    458 PM  66    1995  37    -24        1
  MINIMUM        -20    552 AM -29    1959  14    -34      -15
  AVERAGE         -3                        26    -29       -7

PRECIPITATION (IN)
  YESTERDAY        0.00          0.25 1968   0.01  -0.01      T
  MONTH TO DATE    0.16                      0.15   0.01     0.54
  SINCE OCT 1      2.33                      2.07   0.26     1.97
  SINCE JAN 1      0.23                      0.47  -0.24     0.78

DEGREE DAYS
 HEATING
  YESTERDAY       68                        39     29       72
  MONTH TO DATE 1238                       835    403     1193
  SINCE DEC 1   3663                      3632     31     4062
  SINCE JUL 1   5538                      5431    107     5805

 COOLING
  YESTERDAY        0                         0      0        0
  MONTH TO DATE    0                         0      0        0
  SINCE DEC 1      0                         0      0        0
  SINCE JAN 1      0                         0      0        0
..................................................................


WIND (MPH)
  HIGHEST WIND SPEED    12   HIGHEST WIND DIRECTION     W (280)
  HIGHEST GUST SPEED    13   HIGHEST GUST DIRECTION     W (280)
  AVERAGE WIND SPEED     6.3


SKY COVER
  POSSIBLE SUNSHINE  MM
  AVERAGE SKY COVER 0.3


WEATHER CONDITIONS
 THE FOLLOWING WEATHER WAS RECORDED YESTERDAY.
  FOG
  HAZE


RELATIVE HUMIDITY (PERCENT)
 HIGHEST    92          1000 AM
 LOWEST     70           400 PM
 AVERAGE    81

..........................................................


THE MILES CITY MT CLIMATE NORMALS FOR TODAY
                         NORMAL    RECORD    YEAR
 MAXIMUM TEMPERATURE (F)   37        70      1995
 MINIMUM TEMPERATURE (F)   15       -18      2018
                                             2011


SUNRISE AND SUNSET
FEBRUARY 21 2019......SUNRISE   657 AM MST   SUNSET   538 PM MST
FEBRUARY 22 2019......SUNRISE   655 AM MST   SUNSET   539 PM MST


-  INDICATES NEGATIVE NUMBERS.
R  INDICATES RECORD WAS SET OR TIED.
MM INDICATES DATA IS MISSING.
T  INDICATES TRACE AMOUNT.




$$
