000
CDUS45 KBYZ 182322
CLIMLS


CLIMATE REPORT
NATIONAL WEATHER SERVICE BILLINGS MT
421 PM MST SUN NOV 18 2018


...................................

...THE MILES CITY MT CLIMATE SUMMARY FOR NOVEMBER 18 2018...
VALID TODAY AS OF 0400 PM LOCAL TIME.

CLIMATE NORMAL PERIOD 1981 TO 2010
CLIMATE RECORD PERIOD 1937 TO 2018


WEATHER ITEM   OBSERVED TIME   RECORD YEAR NORMAL DEPARTURE LAST
                VALUE   (LST)  VALUE       VALUE  FROM      YEAR
                                                  NORMAL
..................................................................
TEMPERATURE (F)
 TODAY
  MAXIMUM         40    307 PM  72    2008  42     -2       43
  MINIMUM         15    308 AM  -5    1955  20     -5       22
  AVERAGE         28                        31     -3       33

PRECIPITATION (IN)
  TODAY            0.00          0.20 1941   0.01  -0.01     0.00
  MONTH TO DATE    0.76                      0.27   0.49     0.20
  SINCE OCT 1      1.40                      1.19   0.21     0.92
  SINCE JAN 1     17.71                     12.03   5.68     6.06

DEGREE DAYS
 HEATING
  TODAY           37                        34      3       32
  MONTH TO DATE  629                       536     93      652
  SINCE SEP 1   1487                      1313    174     1443
  SINCE JUL 1   1521                      1347    174     1447

 COOLING
  TODAY            0                         0      0        0
  MONTH TO DATE    0                         0      0        0
  SINCE SEP 1     49                        58     -9       91
  SINCE JAN 1    667                       730    -63      985
..................................................................


WIND (MPH)
  HIGHEST WIND SPEED    17   HIGHEST WIND DIRECTION     W (260)
  HIGHEST GUST SPEED    22   HIGHEST GUST DIRECTION     W (260)
  AVERAGE WIND SPEED     8.5


SKY COVER
  POSSIBLE SUNSHINE  MM
  AVERAGE SKY COVER 0.4


WEATHER CONDITIONS
 THE FOLLOWING WEATHER WAS RECORDED TODAY.
  NO SIGNIFICANT WEATHER WAS OBSERVED.


RELATIVE HUMIDITY (PERCENT)
 HIGHEST   100           500 AM
 LOWEST     40           200 PM
 AVERAGE    70

..........................................................


THE MILES CITY MT CLIMATE NORMALS FOR TOMORROW
                         NORMAL    RECORD    YEAR
 MAXIMUM TEMPERATURE (F)   41        72      2003
 MINIMUM TEMPERATURE (F)   19        -9      1985


SUNRISE AND SUNSET
NOVEMBER 18 2018......SUNRISE   710 AM MST   SUNSET   427 PM MST
NOVEMBER 19 2018......SUNRISE   711 AM MST   SUNSET   427 PM MST


-  INDICATES NEGATIVE NUMBERS.
R  INDICATES RECORD WAS SET OR TIED.
MM INDICATES DATA IS MISSING.
T  INDICATES TRACE AMOUNT.




$$
