000
CDUS45 KBYZ 272221
CLIMLS


CLIMATE REPORT
NATIONAL WEATHER SERVICE BILLINGS MT
421 PM MDT WED MAY 27 2020


...................................

...THE MILES CITY MT CLIMATE SUMMARY FOR MAY 27 2020...
VALID TODAY AS OF 0400 PM LOCAL TIME.

CLIMATE NORMAL PERIOD 1981 TO 2010
CLIMATE RECORD PERIOD 1937 TO 2020


WEATHER ITEM   OBSERVED TIME   RECORD YEAR NORMAL DEPARTURE LAST
                VALUE   (LST)  VALUE       VALUE  FROM      YEAR
                                                  NORMAL
..................................................................
TEMPERATURE (F)
 TODAY
  MAXIMUM         71    258 PM  96    1969  72     -1       61
  MINIMUM         47    445 AM  30    1965  47      0       47
  AVERAGE         59                        59      0       54

PRECIPITATION (IN)
  TODAY            0.00          0.80 1987   0.08  -0.08     0.76
  MONTH TO DATE    3.68                      1.84   1.84     2.85
  SINCE OCT 1      5.67                      5.96  -0.29     7.67
  SINCE JAN 1      5.20                      4.36   0.84     5.57

DEGREE DAYS
 HEATING
  TODAY            6                         7     -1       11
  MONTH TO DATE  317                       278     39      426
  SINCE MAR 1   1919                      1790    129     2215
  SINCE JUL 1   7467                      7517    -50     8266

 COOLING
  TODAY            0                         1     -1        0
  MONTH TO DATE    3                        14    -11        3
  SINCE MAR 1      3                        15    -12        3
  SINCE JAN 1      3                        15    -12        3
..................................................................


WIND (MPH)
  HIGHEST WIND SPEED    17   HIGHEST WIND DIRECTION     N (20)
  HIGHEST GUST SPEED    20   HIGHEST GUST DIRECTION     N (20)
  AVERAGE WIND SPEED     7.8


SKY COVER
  POSSIBLE SUNSHINE  MM
  AVERAGE SKY COVER 0.4


WEATHER CONDITIONS
 THE FOLLOWING WEATHER WAS RECORDED TODAY.
  NO SIGNIFICANT WEATHER WAS OBSERVED.


RELATIVE HUMIDITY (PERCENT)
 HIGHEST   100           200 AM
 LOWEST     40           300 PM
 AVERAGE    70

..........................................................


THE MILES CITY MT CLIMATE NORMALS FOR TOMORROW
                         NORMAL    RECORD    YEAR
 MAXIMUM TEMPERATURE (F)   72        95      1937
 MINIMUM TEMPERATURE (F)   47        24      1947


SUNRISE AND SUNSET
MAY 27 2020...........SUNRISE   518 AM MDT   SUNSET   844 PM MDT
MAY 28 2020...........SUNRISE   517 AM MDT   SUNSET   845 PM MDT


-  INDICATES NEGATIVE NUMBERS.
R  INDICATES RECORD WAS SET OR TIED.
MM INDICATES DATA IS MISSING.
T  INDICATES TRACE AMOUNT.




$$
