808
CDUS45 KBYZ 190721
CLIMLS


CLIMATE REPORT
NATIONAL WEATHER SERVICE BILLINGS MT
121 AM MDT SAT OCT 19 2019


...................................

...THE MILES CITY MT CLIMATE SUMMARY FOR OCTOBER 18 2019...

CLIMATE NORMAL PERIOD 1981 TO 2010
CLIMATE RECORD PERIOD 1937 TO 2019


WEATHER ITEM   OBSERVED TIME   RECORD YEAR NORMAL DEPARTURE LAST
                VALUE   (LST)  VALUE       VALUE  FROM      YEAR
                                                  NORMAL
..................................................................
TEMPERATURE (F)
 YESTERDAY
  MAXIMUM         61    320 PM  82    2003  58      3       70
                                      1955
  MINIMUM         35   1135 PM  21    1976  33      2       36
  AVERAGE         48                        46      2       53

PRECIPITATION (IN)
  YESTERDAY        T             1.88 1971   0.03  -0.03     0.00
  MONTH TO DATE    0.09                      0.61  -0.52     0.48
  SINCE OCT 1      0.09                      0.61  -0.52     0.48
  SINCE JAN 1     14.21                     11.45   2.76    16.79

DEGREE DAYS
 HEATING
  YESTERDAY       17                        19     -2       12
  MONTH TO DATE  394                       285    109      423
  SINCE SEP 1    584                       487     97      631
  SINCE JUL 1    608                       516     92      665

 COOLING
  YESTERDAY        0                         0      0        0
  MONTH TO DATE    0                         0      0        0
  SINCE SEP 1     72                        56     16       49
  SINCE JAN 1    601                       728   -127      667
..................................................................


WIND (MPH)
  HIGHEST WIND SPEED    25   HIGHEST WIND DIRECTION    NW (300)
  HIGHEST GUST SPEED    32   HIGHEST GUST DIRECTION    NW (300)
  AVERAGE WIND SPEED    12.4


SKY COVER
  POSSIBLE SUNSHINE  MM
  AVERAGE SKY COVER 0.3


WEATHER CONDITIONS
 THE FOLLOWING WEATHER WAS RECORDED YESTERDAY.
  LIGHT RAIN


RELATIVE HUMIDITY (PERCENT)
 HIGHEST    71           200 AM
 LOWEST     25           200 PM
 AVERAGE    48

..........................................................


THE MILES CITY MT CLIMATE NORMALS FOR TODAY
                         NORMAL    RECORD    YEAR
 MAXIMUM TEMPERATURE (F)   58        86      1947
 MINIMUM TEMPERATURE (F)   33        15      1976


SUNRISE AND SUNSET
OCTOBER 19 2019.......SUNRISE   726 AM MDT   SUNSET   610 PM MDT
OCTOBER 20 2019.......SUNRISE   728 AM MDT   SUNSET   608 PM MDT


-  INDICATES NEGATIVE NUMBERS.
R  INDICATES RECORD WAS SET OR TIED.
MM INDICATES DATA IS MISSING.
T  INDICATES TRACE AMOUNT.




$$
