000
CDUS45 KBYZ 192240
CLIMLS

CLIMATE REPORT
NATIONAL WEATHER SERVICE BILLINGS MT
440 PM MDT MON OCT 19 2020

...................................

...THE MILES CITY MT CLIMATE SUMMARY FOR OCTOBER 19 2020...
VALID TODAY AS OF 0400 PM LOCAL TIME.

CLIMATE NORMAL PERIOD 1981 TO 2010
CLIMATE RECORD PERIOD 1937 TO 2020


WEATHER ITEM   OBSERVED TIME   RECORD YEAR NORMAL DEPARTURE LAST
                VALUE   (LST)  VALUE       VALUE  FROM      YEAR
                                                  NORMAL
...................................................................
TEMPERATURE (F)
 TODAY
  MAXIMUM         32    259 PM  86    1947  58    -26       56
  MINIMUM         20    649 AM  15    1976  33    -13       33
  AVERAGE         26                        45    -19       45

PRECIPITATION (IN)
  TODAY            0.01          0.29 1943   0.03  -0.02     0.00
  MONTH TO DATE    0.64                      0.64   0.00     0.09
  SINCE OCT 1      0.64                      0.64   0.00     0.09
  SINCE JAN 1     10.26                     11.48  -1.22    14.21

DEGREE DAYS
 HEATING
  TODAY           39                        20     19       20
  MONTH TO DATE  283                       305    -22      414
  SINCE SEP 1    433                       507    -74      604
  SINCE JUL 1    445                       536    -91      628

 COOLING
  TODAY            0                         0      0        0
  MONTH TO DATE    4                         0      4        0
  SINCE SEP 1     49                        56     -7       72
  SINCE JAN 1    731                       728      3      601
...................................................................


WIND (MPH)
  HIGHEST WIND SPEED    15   HIGHEST WIND DIRECTION    NE (40)
  HIGHEST GUST SPEED    19   HIGHEST GUST DIRECTION    NE (50)
  AVERAGE WIND SPEED     9.5


SKY COVER
  POSSIBLE SUNSHINE  MM
  AVERAGE SKY COVER 1.0


WEATHER CONDITIONS
THE FOLLOWING WEATHER WAS RECORDED TODAY.
  LIGHT SNOW
  FOG


RELATIVE HUMIDITY (PERCENT)
 HIGHEST    92           600 AM
 LOWEST     81          1000 AM
 AVERAGE    87

..........................................................


THE MILES CITY MT CLIMATE NORMALS FOR TOMORROW
                         NORMAL    RECORD    YEAR
 MAXIMUM TEMPERATURE (F)   57        82      2003
 MINIMUM TEMPERATURE (F)   32        13      1987


SUNRISE AND SUNSET
OCTOBER 19 2020.......SUNRISE   727 AM MDT   SUNSET   609 PM MDT
OCTOBER 20 2020.......SUNRISE   729 AM MDT   SUNSET   607 PM MDT


-  INDICATES NEGATIVE NUMBERS.
R  INDICATES RECORD WAS SET OR TIED.
MM INDICATES DATA IS MISSING.
T  INDICATES TRACE AMOUNT.




$$
