000
CDUS45 KBYZ 200721
CLIMLS


CLIMATE REPORT
NATIONAL WEATHER SERVICE BILLINGS MT
121 AM MDT MON AUG 20 2018


...................................

...THE MILES CITY MT CLIMATE SUMMARY FOR AUGUST 19 2018...

CLIMATE NORMAL PERIOD 1981 TO 2010
CLIMATE RECORD PERIOD 1937 TO 2018


WEATHER ITEM   OBSERVED TIME   RECORD YEAR NORMAL DEPARTURE LAST
                VALUE   (LST)  VALUE       VALUE  FROM      YEAR
                                                  NORMAL
..................................................................
TEMPERATURE (F)
 YESTERDAY
  MAXIMUM         71    230 PM 101    2008  87    -16       89
  MINIMUM         54   1159 PM  40    1950  58     -4       55
  AVERAGE         63                        72     -9       72

PRECIPITATION (IN)
  YESTERDAY        0.04          1.13 1972   0.03   0.01     0.00
  MONTH TO DATE    0.36                      0.61  -0.25     0.15
  SINCE OCT 1     15.69                     11.06   4.63     4.42
  SINCE JAN 1     14.50                      9.46   5.04     3.33

DEGREE DAYS
 HEATING
  YESTERDAY        2                         1      1        0
  MONTH TO DATE    2                         3     -1        4
  SINCE JUN 1     53                       104    -51       23
  SINCE JUL 1      5                        15    -10        4

 COOLING
  YESTERDAY        0                         8     -8        7
  MONTH TO DATE  195                       183     12      100
  SINCE JUN 1    554                       578    -24      743
  SINCE JAN 1    591                       598     -7      764
..................................................................


WIND (MPH)
  HIGHEST WIND SPEED    16   HIGHEST WIND DIRECTION     W (260)
  HIGHEST GUST SPEED    18   HIGHEST GUST DIRECTION     N (340)
  AVERAGE WIND SPEED     6.2


SKY COVER
  POSSIBLE SUNSHINE  MM
  AVERAGE SKY COVER 0.3


WEATHER CONDITIONS
 THE FOLLOWING WEATHER WAS RECORDED YESTERDAY.
  LIGHT RAIN
  FOG
  HAZE


RELATIVE HUMIDITY (PERCENT)
 HIGHEST   100          1200 AM
 LOWEST     28           500 PM
 AVERAGE    64

..........................................................


THE MILES CITY MT CLIMATE NORMALS FOR TODAY
                         NORMAL    RECORD    YEAR
 MAXIMUM TEMPERATURE (F)   87       100      1969
 MINIMUM TEMPERATURE (F)   57        44      1950
                                             1939


SUNRISE AND SUNSET
AUGUST 20 2018........SUNRISE   609 AM MDT   SUNSET   804 PM MDT
AUGUST 21 2018........SUNRISE   610 AM MDT   SUNSET   802 PM MDT


-  INDICATES NEGATIVE NUMBERS.
R  INDICATES RECORD WAS SET OR TIED.
MM INDICATES DATA IS MISSING.
T  INDICATES TRACE AMOUNT.




$$
