000
CDUS41 KCAR 182026
CLIMLT


CLIMATE REPORT
NATIONAL WEATHER SERVICE CARIBOU, ME
425 PM EDT THU OCT 18 2018


...................................

...THE MILLINOCKET ME CLIMATE SUMMARY FOR OCTOBER 18 2018...
VALID TODAY AS OF 0400 PM LOCAL TIME.

CLIMATE NORMAL PERIOD 1981 TO 2010
CLIMATE RECORD PERIOD 1903 TO 2018


WEATHER ITEM   OBSERVED TIME   RECORD YEAR NORMAL DEPARTURE LAST
                VALUE   (LST)  VALUE       VALUE  FROM      YEAR
                                                  NORMAL
..................................................................
TEMPERATURE (F)
 TODAY
  MAXIMUM         40    143 PM  83    1947  54    -14       64
  MINIMUM         33    701 AM  21    1978  35     -2       36
  AVERAGE         37                        45     -8       50

PRECIPITATION (IN)
  TODAY            T             1.28 1927   0.13  -0.13     0.00
  MONTH TO DATE    2.75                      2.50   0.25     1.61
  SINCE SEP 1      4.57                      6.22  -1.65     5.03
  SINCE JAN 1     29.26                     33.15  -3.89    29.67

SNOWFALL (IN)
  TODAY           MM            MM      MM  MM     MM       MM
  MONTH TO DATE   MM                        MM     MM       MM
  SINCE SEP 1     MM                        MM     MM       MM
  SINCE JUL 1     MM                        MM     MM       MM
  SNOW DEPTH      MM

DEGREE DAYS
 HEATING
  TODAY           28                        20      8       15
  MONTH TO DATE  327                       313     14      215
  SINCE SEP 1    539                       562    -23      336
  SINCE JUL 1    554                       641    -87      435

 COOLING
  TODAY            0                         0      0        0
  MONTH TO DATE    0                         0      0        0
  SINCE SEP 1     40                        17     23       47
  SINCE JAN 1    458                       268    190      263
..................................................................


WIND (MPH)
  HIGHEST WIND SPEED    30   HIGHEST WIND DIRECTION    NW (310)
  HIGHEST GUST SPEED    44   HIGHEST GUST DIRECTION    NW (300)
  AVERAGE WIND SPEED    16.7


SKY COVER
  POSSIBLE SUNSHINE  MM
  AVERAGE SKY COVER 0.8


WEATHER CONDITIONS
 THE FOLLOWING WEATHER WAS RECORDED TODAY.
  NO SIGNIFICANT WEATHER WAS OBSERVED.


RELATIVE HUMIDITY (PERCENT)
 HIGHEST    70          1200 AM
 LOWEST     40          1100 AM
 AVERAGE    55

..........................................................


THE MILLINOCKET ME CLIMATE NORMALS FOR TOMORROW
                         NORMAL    RECORD    YEAR
 MAXIMUM TEMPERATURE (F)   54        78      1963
 MINIMUM TEMPERATURE (F)   35        16      1972


SUNRISE AND SUNSET
OCTOBER 18 2018.......SUNRISE   655 AM EDT   SUNSET   544 PM EDT
OCTOBER 19 2018.......SUNRISE   657 AM EDT   SUNSET   542 PM EDT


-  INDICATES NEGATIVE NUMBERS.
R  INDICATES RECORD WAS SET OR TIED.
MM INDICATES DATA IS MISSING.
T  INDICATES TRACE AMOUNT.




$$
