000
CDUS41 KCAR 240554
CLIMLT


CLIMATE REPORT
NATIONAL WEATHER SERVICE CARIBOU, ME
149 AM EDT TUE APR 24 2018


...................................

...THE MILLINOCKET ME CLIMATE SUMMARY FOR APRIL 23 2018...

CLIMATE NORMAL PERIOD 1981 TO 2010
CLIMATE RECORD PERIOD 1903 TO 2018


WEATHER ITEM   OBSERVED TIME   RECORD YEAR NORMAL DEPARTURE LAST
                VALUE   (LST)  VALUE       VALUE  FROM      YEAR
                                                  NORMAL
..................................................................
TEMPERATURE (F)
 YESTERDAY
  MAXIMUM         62    507 PM  80    2007  55      7       57
  MINIMUM         24    446 AM  17    1933  34    -10       33
  AVERAGE         43                        45     -2       45

PRECIPITATION (IN)
  YESTERDAY        0.00          1.98 2012   0.11  -0.11     0.00
  MONTH TO DATE    2.24                      2.79  -0.55     2.89
  SINCE MAR 1      3.96                      5.85  -1.89     4.47
  SINCE JAN 1      9.83                     10.96  -1.13     9.66

SNOWFALL (IN)
  YESTERDAY       MM            MM      MM  MM     MM       MM
  MONTH TO DATE   MM                        MM     MM       MM
  SINCE MAR 1     MM                        MM     MM       MM
  SINCE JUL 1     MM                        MM     MM       MM
  SNOW DEPTH      MM

DEGREE DAYS
 HEATING
  YESTERDAY       22                        20      2       20
  MONTH TO DATE  703                       592    111      562
  SINCE MAR 1   1773                      1739     34     1863
  SINCE JUL 1   7517                      7791   -274     7358

 COOLING
  YESTERDAY        0                         0      0        0
  MONTH TO DATE    0                         0      0        0
  SINCE MAR 1      0                         0      0        0
  SINCE JAN 1      0                         0      0        0
..................................................................


WIND (MPH)
  HIGHEST WIND SPEED    14   HIGHEST WIND DIRECTION    NW (310)
  HIGHEST GUST SPEED    21   HIGHEST GUST DIRECTION     W (290)
  AVERAGE WIND SPEED     3.8


SKY COVER
  POSSIBLE SUNSHINE  MM
  AVERAGE SKY COVER 0.0


WEATHER CONDITIONS
 THE FOLLOWING WEATHER WAS RECORDED YESTERDAY.
  NO SIGNIFICANT WEATHER WAS OBSERVED.


RELATIVE HUMIDITY (PERCENT)
 HIGHEST    75           500 AM
 LOWEST     14           300 PM
 AVERAGE    45

..........................................................


THE MILLINOCKET ME CLIMATE NORMALS FOR TODAY
                         NORMAL    RECORD    YEAR
 MAXIMUM TEMPERATURE (F)   56        82      1913
 MINIMUM TEMPERATURE (F)   35        20      1930


SUNRISE AND SUNSET
APRIL 24 2018.........SUNRISE   534 AM EDT   SUNSET   733 PM EDT
APRIL 25 2018.........SUNRISE   532 AM EDT   SUNSET   734 PM EDT


-  INDICATES NEGATIVE NUMBERS.
R  INDICATES RECORD WAS SET OR TIED.
MM INDICATES DATA IS MISSING.
T  INDICATES TRACE AMOUNT.




$$
