617
CDUS41 KCAR 190546
CLIMLT


CLIMATE REPORT
NATIONAL WEATHER SERVICE CARIBOU, ME
145 AM EDT SAT OCT 19 2019


...................................

...THE MILLINOCKET ME CLIMATE SUMMARY FOR OCTOBER 18 2019...

CLIMATE NORMAL PERIOD 1981 TO 2010
CLIMATE RECORD PERIOD 1903 TO 2019


WEATHER ITEM   OBSERVED TIME   RECORD YEAR NORMAL DEPARTURE LAST
                VALUE   (LST)  VALUE       VALUE  FROM      YEAR
                                                  NORMAL
..................................................................
TEMPERATURE (F)
 YESTERDAY
  MAXIMUM         51    219 PM  83    1947  54     -3       40
  MINIMUM         41    540 AM  21    1978  35      6       29
  AVERAGE         46                        45      1       35

PRECIPITATION (IN)
  YESTERDAY        0.01          1.28 1927   0.13  -0.12     0.00
  MONTH TO DATE    1.97                      2.50  -0.53     2.75
  SINCE SEP 1      5.23                      6.22  -0.99     4.57
  SINCE JAN 1     32.88                     33.15  -0.27    29.26

SNOWFALL (IN)
  YESTERDAY       MM                        MM     MM       MM
  MONTH TO DATE   MM                        MM     MM       MM
  SINCE SEP 1     MM                        MM     MM       MM
  SINCE JUL 1     MM                        MM     MM       MM
  SNOW DEPTH      MM

DEGREE DAYS
 HEATING
  YESTERDAY       19                        20     -1       30
  MONTH TO DATE  304                       313     -9      329
  SINCE SEP 1    545                       562    -17      541
  SINCE JUL 1    573                       641    -68      556

 COOLING
  YESTERDAY        0                         0      0        0
  MONTH TO DATE    0                         0      0        0
  SINCE SEP 1      5                        17    -12       40
  SINCE JAN 1    302                       268     34      458
..................................................................


WIND (MPH)
  HIGHEST WIND SPEED    22   HIGHEST WIND DIRECTION    NW (310)
  HIGHEST GUST SPEED    30   HIGHEST GUST DIRECTION    NW (310)
  AVERAGE WIND SPEED    11.5


SKY COVER
  POSSIBLE SUNSHINE  MM
  AVERAGE SKY COVER 0.9


WEATHER CONDITIONS
 THE FOLLOWING WEATHER WAS RECORDED YESTERDAY.
  LIGHT RAIN


RELATIVE HUMIDITY (PERCENT)
 HIGHEST    93          1200 AM
 LOWEST     59          1100 AM
 AVERAGE    76

..........................................................


THE MILLINOCKET ME CLIMATE NORMALS FOR TODAY
                         NORMAL    RECORD    YEAR
 MAXIMUM TEMPERATURE (F)   54        78      1963
 MINIMUM TEMPERATURE (F)   35        16      1972


SUNRISE AND SUNSET
OCTOBER 19 2019.......SUNRISE   656 AM EDT   SUNSET   543 PM EDT
OCTOBER 20 2019.......SUNRISE   658 AM EDT   SUNSET   541 PM EDT


-  INDICATES NEGATIVE NUMBERS.
R  INDICATES RECORD WAS SET OR TIED.
MM INDICATES DATA IS MISSING.
T  INDICATES TRACE AMOUNT.




$$
