000
CDUS41 KCAR 122026
CLIMLT


CLIMATE REPORT
NATIONAL WEATHER SERVICE CARIBOU, ME
426 PM EDT WED AUG 12 2020


...................................

...THE MILLINOCKET ME CLIMATE SUMMARY FOR AUGUST 12 2020...
VALID TODAY AS OF 0400 PM LOCAL TIME.

CLIMATE NORMAL PERIOD 1981 TO 2010
CLIMATE RECORD PERIOD 1903 TO 2020


WEATHER ITEM   OBSERVED TIME   RECORD YEAR NORMAL DEPARTURE LAST
                VALUE   (LST)  VALUE       VALUE  FROM      YEAR
                                                  NORMAL
..................................................................
TEMPERATURE (F)
 TODAY
  MAXIMUM         88        MM  94    1944  78     10       75
  MINIMUM         71        MM  38    1919  56     15       62
  AVERAGE         80                        67     13       69

PRECIPITATION (IN)
  TODAY            0.00          2.22 1973   0.11  -0.11     0.40
  MONTH TO DATE    0.56                      1.46  -0.90     1.86
  SINCE JUN 1      6.46                      9.38  -2.92     9.04
  SINCE JAN 1     19.39                     24.45  -5.06    25.53

SNOWFALL (IN)
  TODAY           MM                        MM     MM       MM
  MONTH TO DATE   MM                        MM     MM       MM
  SINCE JUN 1     MM                        MM     MM       MM
  SINCE JUL 1     MM                        MM     MM       MM
  SNOW DEPTH      MM

DEGREE DAYS
 HEATING
  TODAY            0                         1     -1        0
  MONTH TO DATE    0                        12    -12        2
  SINCE JUN 1    114                       152    -38      100
  SINCE JUL 1     17                        36    -19        2

 COOLING
  TODAY           15                         3     12        4
  MONTH TO DATE  108                        36     72       41
  SINCE JUN 1    429                       202    227      263
  SINCE JAN 1    471                       208    263      263
..................................................................


WIND (MPH)
  HIGHEST WIND SPEED    10   HIGHEST WIND DIRECTION     W (290)
  HIGHEST GUST SPEED    17   HIGHEST GUST DIRECTION     W (290)
  AVERAGE WIND SPEED     4.0


SKY COVER
  POSSIBLE SUNSHINE  MM
  AVERAGE SKY COVER 0.3


WEATHER CONDITIONS
 THE FOLLOWING WEATHER WAS RECORDED TODAY.
  FOG


RELATIVE HUMIDITY (PERCENT)
 HIGHEST    93           200 AM
 LOWEST     40           100 PM
 AVERAGE    67

..........................................................


THE MILLINOCKET ME CLIMATE NORMALS FOR TOMORROW
                         NORMAL    RECORD    YEAR
 MAXIMUM TEMPERATURE (F)   77        95      2002
                                             1947
 MINIMUM TEMPERATURE (F)   56        40      1946
                                             1941


SUNRISE AND SUNSET
AUGUST 12 2020........SUNRISE   532 AM EDT   SUNSET   747 PM EDT
AUGUST 13 2020........SUNRISE   533 AM EDT   SUNSET   745 PM EDT


-  INDICATES NEGATIVE NUMBERS.
R  INDICATES RECORD WAS SET OR TIED.
MM INDICATES DATA IS MISSING.
T  INDICATES TRACE AMOUNT.




$$
