781
CDUS41 KCAR 260550
CLIMLT

CLIMATE REPORT
NATIONAL WEATHER SERVICE CARIBOU ME
150 AM EDT SUN MAY 26 2024

...................................

...THE MILLINOCKET ME CLIMATE SUMMARY FOR MAY 25 2024...

CLIMATE NORMAL PERIOD: 1991 TO 2020
CLIMATE RECORD PERIOD: 1903 TO 2024


WEATHER ITEM   OBSERVED TIME   RECORD YEAR NORMAL DEPARTURE LAST
                VALUE   (LST)  VALUE       VALUE  FROM      YEAR
                                                  NORMAL
...................................................................
TEMPERATURE (F)
 YESTERDAY
  MAXIMUM         72   4:50 PM  94    1977  68      4       54
  MINIMUM         50   4:29 AM  25    1956  45      5       42
  AVERAGE         61                        56      5       48

PRECIPITATION (IN)
  YESTERDAY        0.00          1.28 1909   0.11  -0.11     0.06
  MONTH TO DATE    1.02                      2.71  -1.69     3.16
  SINCE MAR 1      9.09                      9.19  -0.10     7.46
  SINCE JAN 1     11.75                     14.02  -2.27    12.92

DEGREE DAYS
 HEATING
  YESTERDAY        4                         9     -5       17
  MONTH TO DATE  203                       321   -118      336
  SINCE MAR 1   1864                      2219   -355     2033
  SINCE JUL 1   7052                      8182  -1130     7178

 COOLING
  YESTERDAY        0                         0      0        0
  MONTH TO DATE   17                         0     17        0
  SINCE MAR 1     17                         0     17        0
  SINCE JAN 1     17                         0     17        0
...................................................................


WIND (MPH)
  HIGHEST WIND SPEED    15   HIGHEST WIND DIRECTION    NW (300)
  HIGHEST GUST SPEED    22   HIGHEST GUST DIRECTION     W (290)
  AVERAGE WIND SPEED     6.6


SKY COVER
  POSSIBLE SUNSHINE  MM
  AVERAGE SKY COVER 0.0


WEATHER CONDITIONS
THE FOLLOWING WEATHER WAS RECORDED YESTERDAY.
  NO SIGNIFICANT WEATHER WAS OBSERVED.


RELATIVE HUMIDITY (PERCENT)
 HIGHEST    80          11:00 PM
 LOWEST     33           3:00 PM
 AVERAGE    57

..........................................................


THE MILLINOCKET ME CLIMATE NORMALS FOR TODAY
                         NORMAL    RECORD    YEAR
 MAXIMUM TEMPERATURE (F)   68        91      2021
 MINIMUM TEMPERATURE (F)   45        26      1907


SUNRISE AND SUNSET
MAY 26 2024...........SUNRISE   4:53 AM EDT   SUNSET   8:12 PM EDT
MAY 27 2024...........SUNRISE   4:52 AM EDT   SUNSET   8:13 PM EDT


-  INDICATES NEGATIVE NUMBERS.
*  INDICATES RECORD WAS SET OR TIED.
MM INDICATES DATA IS MISSING.
T  INDICATES TRACE AMOUNT.




$$