000
CDUS41 KCAR 190549
CLIMLT


CLIMATE REPORT
NATIONAL WEATHER SERVICE CARIBOU, ME
148 AM EDT THU JUL 19 2018


...................................

...THE MILLINOCKET ME CLIMATE SUMMARY FOR JULY 18 2018...

CLIMATE NORMAL PERIOD 1981 TO 2010
CLIMATE RECORD PERIOD 1903 TO 2018


WEATHER ITEM   OBSERVED TIME   RECORD YEAR NORMAL DEPARTURE LAST
                VALUE   (LST)  VALUE       VALUE  FROM      YEAR
                                                  NORMAL
..................................................................
TEMPERATURE (F)
 YESTERDAY
  MAXIMUM         74    436 PM  97    1953  79     -5       76
  MINIMUM         55   1159 PM  43    1936  58     -3       62
  AVERAGE         65                        68     -3       69

PRECIPITATION (IN)
  YESTERDAY        T             1.63 1965   0.11  -0.11     0.00
  MONTH TO DATE    2.33                      2.36  -0.03     0.79
  SINCE JUN 1      4.90                      6.43  -1.53     6.95
  SINCE JAN 1     18.72                     21.50  -2.78    22.63

SNOWFALL (IN)
  YESTERDAY       MM            MM      MM  MM     MM       MM
  MONTH TO DATE   MM                        MM     MM       MM
  SINCE JUN 1     MM                        MM     MM       MM
  SINCE JUL 1     MM                        MM     MM       MM
  SNOW DEPTH      MM

DEGREE DAYS
 HEATING
  YESTERDAY        0                         1     -1        0
  MONTH TO DATE    4                        18    -14       13
  SINCE JUN 1    153                       134     19      133
  SINCE JUL 1      4                        18    -14       13

 COOLING
  YESTERDAY        0                         4     -4        4
  MONTH TO DATE  108                        69     39       55
  SINCE JUN 1    152                       118     34      107
  SINCE JAN 1    161                       124     37      116
..................................................................


WIND (MPH)
  HIGHEST WIND SPEED    17   HIGHEST WIND DIRECTION    NW (310)
  HIGHEST GUST SPEED    23   HIGHEST GUST DIRECTION    NW (300)
  AVERAGE WIND SPEED     7.5


SKY COVER
  POSSIBLE SUNSHINE  MM
  AVERAGE SKY COVER 0.4


WEATHER CONDITIONS
 THE FOLLOWING WEATHER WAS RECORDED YESTERDAY.
  LIGHT RAIN


RELATIVE HUMIDITY (PERCENT)
 HIGHEST    93          1200 AM
 LOWEST     41           400 PM
 AVERAGE    67

..........................................................


THE MILLINOCKET ME CLIMATE NORMALS FOR TODAY
                         NORMAL    RECORD    YEAR
 MAXIMUM TEMPERATURE (F)   79        95      1907
 MINIMUM TEMPERATURE (F)   58        41      1944


SUNRISE AND SUNSET
JULY 19 2018..........SUNRISE   504 AM EDT   SUNSET   818 PM EDT
JULY 20 2018..........SUNRISE   505 AM EDT   SUNSET   817 PM EDT


-  INDICATES NEGATIVE NUMBERS.
R  INDICATES RECORD WAS SET OR TIED.
MM INDICATES DATA IS MISSING.
T  INDICATES TRACE AMOUNT.




$$
