000
CDUS41 KCAR 190549
CLIMLT


CLIMATE REPORT
NATIONAL WEATHER SERVICE CARIBOU, ME
1249 AM EST SAT JAN 19 2019


...................................

...THE MILLINOCKET ME CLIMATE SUMMARY FOR JANUARY 18 2019...

CLIMATE NORMAL PERIOD 1981 TO 2010
CLIMATE RECORD PERIOD 1903 TO 2019


WEATHER ITEM   OBSERVED TIME   RECORD YEAR NORMAL DEPARTURE LAST
                VALUE   (LST)  VALUE       VALUE  FROM      YEAR
                                                  NORMAL
..................................................................
TEMPERATURE (F)
 YESTERDAY
  MAXIMUM         26   1035 PM  52    2006  23      3       28
  MINIMUM         -3    203 AM -35    1905   3     -6       11
  AVERAGE         12                        13     -1       20

PRECIPITATION (IN)
  YESTERDAY        0.12          1.62 1994   0.08   0.04      T
  MONTH TO DATE    1.80                      1.86  -0.06     2.25
  SINCE DEC 1      5.01                      5.39  -0.38     4.93
  SINCE JAN 1      1.80                      1.86  -0.06     2.25

SNOWFALL (IN)
  YESTERDAY       MM            MM      MM  MM     MM       MM
  MONTH TO DATE   MM                        MM     MM       MM
  SINCE DEC 1     MM                        MM     MM       MM
  SINCE JUL 1     MM                        MM     MM       MM
  SNOW DEPTH      MM

DEGREE DAYS
 HEATING
  YESTERDAY       53                        52      1       45
  MONTH TO DATE  902                       910     -8      938
  SINCE DEC 1   2281                      2232     49     2432
  SINCE JUL 1   4263                      4075    188     3969

 COOLING
  YESTERDAY        0                         0      0        0
  MONTH TO DATE    0                         0      0        0
  SINCE DEC 1      0                         0      0        0
  SINCE JAN 1      0                         0      0        0
..................................................................


WIND (MPH)
  HIGHEST WIND SPEED    18   HIGHEST WIND DIRECTION    NW (300)
  HIGHEST GUST SPEED    25   HIGHEST GUST DIRECTION    NW (310)
  AVERAGE WIND SPEED     2.7


SKY COVER
  POSSIBLE SUNSHINE  MM
  AVERAGE SKY COVER 0.9


WEATHER CONDITIONS
 THE FOLLOWING WEATHER WAS RECORDED YESTERDAY.
  SNOW
  LIGHT SNOW
  FOG
  HAZE


RELATIVE HUMIDITY (PERCENT)
 HIGHEST    92           600 PM
 LOWEST     75           500 AM
 AVERAGE    84

..........................................................


THE MILLINOCKET ME CLIMATE NORMALS FOR TODAY
                         NORMAL    RECORD    YEAR
 MAXIMUM TEMPERATURE (F)   23        51      1990
 MINIMUM TEMPERATURE (F)    3       -41      1925


SUNRISE AND SUNSET
JANUARY 19 2019.......SUNRISE   709 AM EST   SUNSET   422 PM EST
JANUARY 20 2019.......SUNRISE   708 AM EST   SUNSET   424 PM EST


-  INDICATES NEGATIVE NUMBERS.
R  INDICATES RECORD WAS SET OR TIED.
MM INDICATES DATA IS MISSING.
T  INDICATES TRACE AMOUNT.




$$
