000
CDUS44 KSHV 152137
CLIMLU


CLIMATE REPORT
NATIONAL WEATHER SERVICE SHREVEPORT, LA
437 PM CDT MON OCT 15 2018


...................................

...THE MONROE CLIMATE SUMMARY FOR OCTOBER 15 2018...
VALID TODAY AS OF 0400 PM LOCAL TIME.

CLIMATE NORMAL PERIOD 1981 TO 2010
CLIMATE RECORD PERIOD 1893 TO 2018


WEATHER ITEM   OBSERVED TIME   RECORD YEAR NORMAL DEPARTURE LAST
                VALUE   (LST)  VALUE       VALUE  FROM      YEAR
                                                  NORMAL
..................................................................
TEMPERATURE (F)
 TODAY
  MAXIMUM         82   1035 AM  96    2015  80      2       89
  MINIMUM         65    615 AM  35    1969  53     12       60
  AVERAGE         74                        66      8       75

PRECIPITATION (IN)
  TODAY            0.00          2.57 1975   0.16  -0.16      T
  MONTH TO DATE    3.08                      2.19   0.89      T
  SINCE DEC 1     47.71                     46.59   1.12    52.36
  SINCE JAN 1     44.19                     41.30   2.89    47.53

SNOWFALL (IN)
  TODAY            0.0
  MONTH TO DATE    0.0
  SINCE SEP 1      0.0
  SINCE JUL 1      0.0
  SNOW DEPTH       0

DEGREE DAYS
 HEATING
  TODAY            0                         2     -2        0
  MONTH TO DATE    1                        22    -21        0
  SINCE SEP 1      1                        28    -27        0
  SINCE JUL 1      1                        28    -27        0

 COOLING
  TODAY            9                         4      5       10
  MONTH TO DATE  178                        78    100      160
  SINCE SEP 1    645                       435    210      516
  SINCE JAN 1   2887                      2442    445     2543
..................................................................


WIND (MPH)
  HIGHEST WIND SPEED    25   HIGHEST WIND DIRECTION     N (340)
  HIGHEST GUST SPEED    30   HIGHEST GUST DIRECTION     N (340)
  AVERAGE WIND SPEED     7.0


SKY COVER
  POSSIBLE SUNSHINE  MM
  AVERAGE SKY COVER 0.5


WEATHER CONDITIONS
 THE FOLLOWING WEATHER WAS RECORDED TODAY.
  FOG
  HAZE


RELATIVE HUMIDITY (PERCENT)
 HIGHEST   100           400 AM
 LOWEST     73          1200 PM
 AVERAGE    87

..........................................................


THE MONROE CLIMATE NORMALS FOR TOMORROW
                         NORMAL    RECORD    YEAR
 MAXIMUM TEMPERATURE (F)   79        92      2011
                                             1935
 MINIMUM TEMPERATURE (F)   53        34      1961


SUNRISE AND SUNSET
OCTOBER 15 2018.......SUNRISE   712 AM CDT   SUNSET   635 PM CDT
OCTOBER 16 2018.......SUNRISE   713 AM CDT   SUNSET   634 PM CDT


-  INDICATES NEGATIVE NUMBERS.
R  INDICATES RECORD WAS SET OR TIED.
MM INDICATES DATA IS MISSING.
T  INDICATES TRACE AMOUNT.




$$
