000
CDUS44 KSHV 220742
CLIMLU


CLIMATE REPORT
NATIONAL WEATHER SERVICE SHREVEPORT, LA
242 AM CDT TUE MAY 22 2018


...................................

...THE MONROE CLIMATE SUMMARY FOR MAY 21 2018...

CLIMATE NORMAL PERIOD 1981 TO 2010
CLIMATE RECORD PERIOD 1893 TO 2018


WEATHER ITEM   OBSERVED TIME   RECORD YEAR NORMAL DEPARTURE LAST
                VALUE   (LST)  VALUE       VALUE  FROM      YEAR
                                                  NORMAL
..................................................................
TEMPERATURE (F)
 YESTERDAY
  MAXIMUM         92    440 PM  98    1978  87      5       76
  MINIMUM         68    439 AM  48    1954  64      4       63
  AVERAGE         80                        75      5       70

PRECIPITATION (IN)
  YESTERDAY        0.99          1.66 1997   0.15   0.84     0.21
  MONTH TO DATE    1.86                      3.56  -1.70     1.96
  SINCE DEC 1     28.32                     27.71   0.61    27.26
  SINCE JAN 1     24.80                     22.42   2.38    22.43

SNOWFALL (IN)
  YESTERDAY        0.0
  MONTH TO DATE    0.0
  SINCE MAR 1      0.0
  SINCE JUL 1      1.5
  SNOW DEPTH       0

DEGREE DAYS
 HEATING
  YESTERDAY        0                         0      0        0
  MONTH TO DATE    0                         3     -3       11
  SINCE MAR 1    306                       333    -27      203
  SINCE JUL 1   2087                      2227   -140     1399

 COOLING
  YESTERDAY       15                        11      4        5
  MONTH TO DATE  261                       171     90      137
  SINCE MAR 1    361                       307     54      375
  SINCE JAN 1    398                       318     80      434
..................................................................


WIND (MPH)
  HIGHEST WIND SPEED    17   HIGHEST WIND DIRECTION    NE (40)
  HIGHEST GUST SPEED    23   HIGHEST GUST DIRECTION     E (110)
  AVERAGE WIND SPEED     4.9


SKY COVER
  POSSIBLE SUNSHINE  MM
  AVERAGE SKY COVER 0.2


WEATHER CONDITIONS
 THE FOLLOWING WEATHER WAS RECORDED YESTERDAY.
  THUNDERSTORM
  HEAVY RAIN
  RAIN
  LIGHT RAIN
  FOG


RELATIVE HUMIDITY (PERCENT)
 HIGHEST   100           300 AM
 LOWEST     44           300 PM
 AVERAGE    72

..........................................................


THE MONROE CLIMATE NORMALS FOR TODAY
                         NORMAL    RECORD    YEAR
 MAXIMUM TEMPERATURE (F)   87        96      1904
 MINIMUM TEMPERATURE (F)   65        50      1919


SUNRISE AND SUNSET
MAY 22 2018...........SUNRISE   606 AM CDT   SUNSET   804 PM CDT
MAY 23 2018...........SUNRISE   605 AM CDT   SUNSET   805 PM CDT


-  INDICATES NEGATIVE NUMBERS.
R  INDICATES RECORD WAS SET OR TIED.
MM INDICATES DATA IS MISSING.
T  INDICATES TRACE AMOUNT.




$$
