000
CDUS44 KSHV 280743
CLIMLU


CLIMATE REPORT
NATIONAL WEATHER SERVICE SHREVEPORT, LA
240 AM CDT MON MAY 28 2018


...................................

...THE MONROE CLIMATE SUMMARY FOR MAY 27 2018...

CLIMATE NORMAL PERIOD 1981 TO 2010
CLIMATE RECORD PERIOD 1893 TO 2018


WEATHER ITEM   OBSERVED TIME   RECORD YEAR NORMAL DEPARTURE LAST
                VALUE   (LST)  VALUE       VALUE  FROM      YEAR
                                                  NORMAL
..................................................................
TEMPERATURE (F)
 YESTERDAY
  MAXIMUM         88    435 PM  98    1906  88      0       92
  MINIMUM         68    446 AM  50    1961  66      2       74
  AVERAGE         78                        77      1       83

PRECIPITATION (IN)
  YESTERDAY        0.00          2.22 1954   0.17  -0.17     0.00
  MONTH TO DATE    3.27                      4.54  -1.27     3.64
  SINCE DEC 1     29.73                     28.69   1.04    28.94
  SINCE JAN 1     26.21                     23.40   2.81    24.11

SNOWFALL (IN)
  YESTERDAY        0.0
  MONTH TO DATE    0.0
  SINCE MAR 1      0.0
  SINCE JUL 1      1.5
  SNOW DEPTH       0

DEGREE DAYS
 HEATING
  YESTERDAY        0                         0      0        0
  MONTH TO DATE    0                         3     -3       12
  SINCE MAR 1    306                       333    -27      204
  SINCE JUL 1   2087                      2227   -140     1400

 COOLING
  YESTERDAY       13                        12      1       18
  MONTH TO DATE  353                       239    114      173
  SINCE MAR 1    453                       375     78      411
  SINCE JAN 1    490                       386    104      470
..................................................................


WIND (MPH)
  HIGHEST WIND SPEED    10   HIGHEST WIND DIRECTION    NE (60)
  HIGHEST GUST SPEED    14   HIGHEST GUST DIRECTION     E (80)
  AVERAGE WIND SPEED     3.8


SKY COVER
  POSSIBLE SUNSHINE  MM
  AVERAGE SKY COVER 0.1


WEATHER CONDITIONS
 THE FOLLOWING WEATHER WAS RECORDED YESTERDAY.
  FOG


RELATIVE HUMIDITY (PERCENT)
 HIGHEST   100           200 AM
 LOWEST     53           300 PM
 AVERAGE    77

..........................................................


THE MONROE CLIMATE NORMALS FOR TODAY
                         NORMAL    RECORD    YEAR
 MAXIMUM TEMPERATURE (F)   88        98      1926
 MINIMUM TEMPERATURE (F)   66        47      1961


SUNRISE AND SUNSET
MAY 28 2018...........SUNRISE   603 AM CDT   SUNSET   808 PM CDT
MAY 29 2018...........SUNRISE   603 AM CDT   SUNSET   809 PM CDT


-  INDICATES NEGATIVE NUMBERS.
R  INDICATES RECORD WAS SET OR TIED.
MM INDICATES DATA IS MISSING.
T  INDICATES TRACE AMOUNT.




$$
