606
CDUS44 KSHV 140734
CLIMLU


CLIMATE REPORT
NATIONAL WEATHER SERVICE SHREVEPORT, LA
234 AM CDT MON OCT 14 2019


...................................

...THE MONROE CLIMATE SUMMARY FOR OCTOBER 13 2019...

CLIMATE NORMAL PERIOD 1981 TO 2010
CLIMATE RECORD PERIOD 1893 TO 2019


WEATHER ITEM   OBSERVED TIME   RECORD YEAR NORMAL DEPARTURE LAST
                VALUE   (LST)  VALUE       VALUE  FROM      YEAR
                                                  NORMAL
..................................................................
TEMPERATURE (F)
 YESTERDAY
  MAXIMUM         69    143 PM  95    1963  80    -11       80
  MINIMUM         48   1254 AM  35    1977  54     -6       62
  AVERAGE         59                        67     -8       71

PRECIPITATION (IN)
  YESTERDAY        0.01          2.99 2009   0.15  -0.14     0.11
  MONTH TO DATE    1.43                      1.88  -0.45     3.08
  SINCE DEC 1     58.38                     46.28  12.10    47.71
  SINCE JAN 1     47.35                     40.99   6.36    44.19

SNOWFALL (IN)
  YESTERDAY       MM
  MONTH TO DATE    0.0
  SINCE SEP 1      0.0
  SINCE JUL 1      0.0
  SNOW DEPTH       0

DEGREE DAYS
 HEATING
  YESTERDAY        6                         2      4        0
  MONTH TO DATE   13                        18     -5        1
  SINCE SEP 1     13                        24    -11        1
  SINCE JUL 1     13                        24    -11        1

 COOLING
  YESTERDAY        0                         4     -4        6
  MONTH TO DATE  134                        70     64      155
  SINCE SEP 1    681                       427    254      622
  SINCE JAN 1   2733                      2434    299     2864
..................................................................


WIND (MPH)
  HIGHEST WIND SPEED    10   HIGHEST WIND DIRECTION     N (360)
  HIGHEST GUST SPEED    12   HIGHEST GUST DIRECTION     N (360)
  AVERAGE WIND SPEED     1.8


SKY COVER
  POSSIBLE SUNSHINE  MM
  AVERAGE SKY COVER 0.8


WEATHER CONDITIONS
 THE FOLLOWING WEATHER WAS RECORDED YESTERDAY.
  LIGHT RAIN


RELATIVE HUMIDITY (PERCENT)
 HIGHEST    86           100 AM
 LOWEST     49           200 PM
 AVERAGE    68

..........................................................


THE MONROE CLIMATE NORMALS FOR TODAY
                         NORMAL    RECORD    YEAR
 MAXIMUM TEMPERATURE (F)   80        95      1910
 MINIMUM TEMPERATURE (F)   53        34      1977


SUNRISE AND SUNSET
OCTOBER 14 2019.......SUNRISE   711 AM CDT   SUNSET   637 PM CDT
OCTOBER 15 2019.......SUNRISE   712 AM CDT   SUNSET   636 PM CDT


-  INDICATES NEGATIVE NUMBERS.
R  INDICATES RECORD WAS SET OR TIED.
MM INDICATES DATA IS MISSING.
T  INDICATES TRACE AMOUNT.




$$
