159
CDUS44 KSHV 230909
CLIMLU


CLIMATE REPORT
NATIONAL WEATHER SERVICE SHREVEPORT, LA
309 AM CST WED JAN 23 2019


...................................

...THE MONROE CLIMATE SUMMARY FOR JANUARY 22 2019...

CLIMATE NORMAL PERIOD 1981 TO 2010
CLIMATE RECORD PERIOD 1893 TO 2019


WEATHER ITEM   OBSERVED TIME   RECORD YEAR NORMAL DEPARTURE LAST
                VALUE   (LST)  VALUE       VALUE  FROM      YEAR
                                                  NORMAL
..................................................................
TEMPERATURE (F)
 YESTERDAY
  MAXIMUM         67    529 PM  80    1938  58      9       66
  MINIMUM         47    103 AM  15    1935  36     11       45
  AVERAGE         57                        47     10       56

PRECIPITATION (IN)
  YESTERDAY        T             2.25 1923   0.16  -0.16     0.14
  MONTH TO DATE    5.91                      3.51   2.40     2.10
  SINCE DEC 1     16.94                      8.80   8.14     5.62
  SINCE JAN 1      5.91                      3.51   2.40     2.10

SNOWFALL (IN)
  YESTERDAY       MM
  MONTH TO DATE    0.0
  SINCE DEC 1      0.0
  SINCE JUL 1      0.4
  SNOW DEPTH       0

DEGREE DAYS
 HEATING
  YESTERDAY        8                        19    -11        9
  MONTH TO DATE  346                       418    -72      546
  SINCE DEC 1    799                       948   -149     1027
  SINCE JUL 1   1255                      1320    -65     1331

 COOLING
  YESTERDAY        0                         0      0        0
  MONTH TO DATE    0                         0      0        0
  SINCE DEC 1      0                         7     -7       11
  SINCE JAN 1      0                         0      0        0
..................................................................


WIND (MPH)
  HIGHEST WIND SPEED    18   HIGHEST WIND DIRECTION     S (160)
  HIGHEST GUST SPEED    27   HIGHEST GUST DIRECTION     S (170)
  AVERAGE WIND SPEED    10.0


SKY COVER
  POSSIBLE SUNSHINE  MM
  AVERAGE SKY COVER 1.0


WEATHER CONDITIONS
 THE FOLLOWING WEATHER WAS RECORDED YESTERDAY.
  LIGHT RAIN


RELATIVE HUMIDITY (PERCENT)
 HIGHEST    78          1100 PM
 LOWEST     58           100 PM
 AVERAGE    68

..........................................................


THE MONROE CLIMATE NORMALS FOR TODAY
                         NORMAL    RECORD    YEAR
 MAXIMUM TEMPERATURE (F)   58        79      2002
                                             1938
                                             1933
 MINIMUM TEMPERATURE (F)   36        13      1963


SUNRISE AND SUNSET
JANUARY 23 2019.......SUNRISE   708 AM CST   SUNSET   533 PM CST
JANUARY 24 2019.......SUNRISE   707 AM CST   SUNSET   534 PM CST


-  INDICATES NEGATIVE NUMBERS.
R  INDICATES RECORD WAS SET OR TIED.
MM INDICATES DATA IS MISSING.
T  INDICATES TRACE AMOUNT.




$$
