000
CDUS44 KSHV 250847
CLIMLU

CLIMATE REPORT
NATIONAL WEATHER SERVICE SHREVEPORT, LA
247 AM CST WED NOV 25 2020

...................................

...THE MONROE CLIMATE SUMMARY FOR NOVEMBER 24 2020...

CLIMATE NORMAL PERIOD: 1981 TO 2010
CLIMATE RECORD PERIOD: 1893 TO 2020


WEATHER ITEM   OBSERVED TIME   RECORD YEAR NORMAL DEPARTURE LAST
                VALUE   (LST)  VALUE       VALUE  FROM      YEAR
                                                  NORMAL
...................................................................
TEMPERATURE (F)
 YESTERDAY
  MAXIMUM         74   3:23 PM  86    1973  65      9       65
  MINIMUM         39   2:33 AM  19    1970  42     -3       34
  AVERAGE         57                        54      3       50

PRECIPITATION (IN)
  YESTERDAY        0.00          2.17 2000   0.16  -0.16     0.00
  MONTH TO DATE    0.21                      3.77  -3.56     1.64
  SINCE SEP 1     16.09                     12.18   3.91    12.02
  SINCE JAN 1     65.11                     47.66  17.45    57.21

SNOWFALL (IN)
  YESTERDAY        0.0
  MONTH TO DATE    0.0
  SINCE SEP 1      0.0
  SINCE JUL 1      0.0
  SNOW DEPTH       0

DEGREE DAYS
 HEATING
  YESTERDAY        8                        12     -4       15
  MONTH TO DATE  111                       205    -94      334
  SINCE SEP 1    187                       295   -108      432
  SINCE JUL 1    187                       295   -108      432

 COOLING
  YESTERDAY        0                         0      0        0
  MONTH TO DATE   22                        22      0        1
  SINCE SEP 1    519                       499     20      701
  SINCE JAN 1   2527                      2506     21     2753
...................................................................


WIND (MPH)
  HIGHEST WIND SPEED    18   HIGHEST WIND DIRECTION     S (170)
  HIGHEST GUST SPEED    30   HIGHEST GUST DIRECTION     S (180)
  AVERAGE WIND SPEED     6.9


SKY COVER
  POSSIBLE SUNSHINE  MM
  AVERAGE SKY COVER 0.3


WEATHER CONDITIONS
THE FOLLOWING WEATHER WAS RECORDED YESTERDAY.
  NO SIGNIFICANT WEATHER WAS OBSERVED.


RELATIVE HUMIDITY (PERCENT)
 HIGHEST    93           2:00 AM
 LOWEST     51           2:00 PM
 AVERAGE    72

..........................................................


THE MONROE CLIMATE NORMALS FOR TODAY
                         NORMAL    RECORD    YEAR
 MAXIMUM TEMPERATURE (F)   65        84      1927
 MINIMUM TEMPERATURE (F)   42        24      1950
                                             1975


SUNRISE AND SUNSET
NOVEMBER 25 2020......SUNRISE   6:47 AM CST   SUNSET   5:03 PM CST
NOVEMBER 26 2020......SUNRISE   6:48 AM CST   SUNSET   5:03 PM CST


-  INDICATES NEGATIVE NUMBERS.
R  INDICATES RECORD WAS SET OR TIED.
MM INDICATES DATA IS MISSING.
T  INDICATES TRACE AMOUNT.




$$
