000
CDUS46 KPQR 231148
CLIMMV


CLIMATE REPORT
NATIONAL WEATHER SERVICE PORTLAND OREGON
347 AM PST WED JAN 23 2019


...................................

...THE MCMINNVILLE OR CLIMATE SUMMARY FOR JANUARY 22 2019...

CLIMATE NORMAL PERIOD 1981 TO 2010
CLIMATE RECORD PERIOD 1894 TO 2019


WEATHER ITEM   OBSERVED TIME   RECORD YEAR NORMAL DEPARTURE LAST
                VALUE   (LST)  VALUE       VALUE  FROM      YEAR
                                                  NORMAL
..................................................................
TEMPERATURE (F)
 YESTERDAY
  MAXIMUM         48   1159 PM  58    2016  48      0       51
                                      1958
  MINIMUM         38    306 AM  10    1927  34      4       37
  AVERAGE         43                        41      2       44

PRECIPITATION (IN)
  YESTERDAY        0.21          1.53 1954   0.17   0.04     0.23
  MONTH TO DATE    3.76                      4.55  -0.79     3.58
  SINCE OCT 1     15.99                     20.58  -4.59    19.12
  SINCE JAN 1      3.76                      4.55  -0.79     3.58

DEGREE DAYS
 HEATING
  YESTERDAY       22                        24     -2       21
  MONTH TO DATE  494                       540    -46      414
  SINCE JUL 1   2270                      2545   -275     2160

 COOLING
  YESTERDAY        0                         0      0        0
  MONTH TO DATE    0                         0      0        0
  SINCE JAN 1      0                         0      0        0
..................................................................


WIND (MPH)
  HIGHEST WIND SPEED    26   HIGHEST WIND DIRECTION     S (170)
  HIGHEST GUST SPEED    32   HIGHEST GUST DIRECTION     S (160)
  AVERAGE WIND SPEED    11.0


SKY COVER
  POSSIBLE SUNSHINE  MM
  AVERAGE SKY COVER 1.0


WEATHER CONDITIONS
 THE FOLLOWING WEATHER WAS RECORDED YESTERDAY.
  LIGHT RAIN
  FOG


RELATIVE HUMIDITY (PERCENT)
 HIGHEST   100          1200 AM
 LOWEST     82           900 AM
 AVERAGE    91

..........................................................


THE MCMINNVILLE OR CLIMATE NORMALS FOR TODAY
                         NORMAL    RECORD    YEAR
 MAXIMUM TEMPERATURE (F)   49        61      1970
 MINIMUM TEMPERATURE (F)   34         5      1943


SUNRISE AND SUNSET
JANUARY 23 2019.......SUNRISE   742 AM PST   SUNSET   507 PM PST
JANUARY 24 2019.......SUNRISE   741 AM PST   SUNSET   509 PM PST


-  INDICATES NEGATIVE NUMBERS.
R  INDICATES RECORD WAS SET OR TIED.
MM INDICATES DATA IS MISSING.
T  INDICATES TRACE AMOUNT.




$$
