000
CDUS46 KPQR 230231
CLIMMV


CLIMATE REPORT
NATIONAL WEATHER SERVICE PORTLAND OREGON
631 PM PST THU FEB 22 2018


...................................

...THE MCMINNVILLE OR CLIMATE SUMMARY FOR FEBRUARY 22 2018...
VALID TODAY AS OF 0600 PM LOCAL TIME.

CLIMATE NORMAL PERIOD 1981 TO 2010
CLIMATE RECORD PERIOD 1894 TO 2018


WEATHER ITEM   OBSERVED TIME   RECORD YEAR NORMAL DEPARTURE LAST
                VALUE   (LST)  VALUE       VALUE  FROM      YEAR
                                                  NORMAL
..................................................................
TEMPERATURE (F)
 TODAY
  MAXIMUM         40    314 PM  66    1958  52    -12       46
  MINIMUM         33    746 AM  23    1920  35     -2       33
  AVERAGE         37                        43     -6       40

PRECIPITATION (IN)
  TODAY            0.01                      0.13  -0.12     0.02
  MONTH TO DATE    1.03                      3.50  -2.47    11.15
  SINCE OCT 1     22.84                     25.63  -2.79    38.64
  SINCE JAN 1      7.30                      9.60  -2.30    14.83

DEGREE DAYS
 HEATING
  TODAY           28                                        25
  MONTH TO DATE  474                                       465
  SINCE DEC 1   1829                                      2243
  SINCE JUL 1   2802                                      3145

 COOLING
  TODAY            0                                         0
  MONTH TO DATE    0                                         0
  SINCE DEC 1      0                                         0
  SINCE JAN 1      0                                         0
..................................................................


WIND (MPH)
  HIGHEST WIND SPEED    20   HIGHEST WIND DIRECTION     N (360)
  HIGHEST GUST SPEED    23   HIGHEST GUST DIRECTION     N (10)
  AVERAGE WIND SPEED    10.1


SKY COVER
  POSSIBLE SUNSHINE  MM
  AVERAGE SKY COVER 0.8


WEATHER CONDITIONS
 THE FOLLOWING WEATHER WAS RECORDED TODAY.
  LIGHT SNOW
  FOG


RELATIVE HUMIDITY (PERCENT)
 HIGHEST   100          1200 AM
 LOWEST     59           500 PM
 AVERAGE    80

..........................................................


THE MCMINNVILLE OR CLIMATE NORMALS FOR TOMORROW
                         NORMAL    RECORD    YEAR
 MAXIMUM TEMPERATURE (F)   52        66      2005
                                             1921
 MINIMUM TEMPERATURE (F)   35        22      1957


SUNRISE AND SUNSET
FEBRUARY 22 2018......SUNRISE   702 AM PST   SUNSET   550 PM PST
FEBRUARY 23 2018......SUNRISE   701 AM PST   SUNSET   552 PM PST


-  INDICATES NEGATIVE NUMBERS.
R  INDICATES RECORD WAS SET OR TIED.
MM INDICATES DATA IS MISSING.
T  INDICATES TRACE AMOUNT.




$$
