000
CDUS46 KPQR 231144
CLIMMV


CLIMATE REPORT
NATIONAL WEATHER SERVICE PORTLAND OREGON
444 AM PDT WED OCT 23 2019


...................................

...THE MCMINNVILLE OR CLIMATE SUMMARY FOR OCTOBER 22 2019...

CLIMATE NORMAL PERIOD 1981 TO 2010
CLIMATE RECORD PERIOD 1894 TO 2019


WEATHER ITEM   OBSERVED TIME   RECORD YEAR NORMAL DEPARTURE LAST
                VALUE   (LST)  VALUE       VALUE  FROM      YEAR
                                                  NORMAL
..................................................................
TEMPERATURE (F)
 YESTERDAY
  MAXIMUM         66    250 PM  83    1929  60      6       67
  MINIMUM         45   1155 PM  29    1905  40      5       35
  AVERAGE         56                        50      6       51

PRECIPITATION (IN)
  YESTERDAY        0.11          2.10 1943   0.13  -0.02     0.00
  MONTH TO DATE    2.58                      2.02   0.56     0.47
  SINCE OCT 1      2.58                      2.02   0.56     0.47
  SINCE JAN 1     22.53                     25.73  -3.20    19.07

DEGREE DAYS
 HEATING
  YESTERDAY        9                        15     -6       14
  MONTH TO DATE  304                       260     44      219
  SINCE JUL 1    442                       476    -34      415

 COOLING
  YESTERDAY        0                         0      0        0
  MONTH TO DATE    0                         0      0        0
  SINCE JAN 1    282                       214     68      319
..................................................................


WIND (MPH)
  HIGHEST WIND SPEED    15   HIGHEST WIND DIRECTION     S (200)
  HIGHEST GUST SPEED    19   HIGHEST GUST DIRECTION     S (190)
  AVERAGE WIND SPEED     5.8


SKY COVER
  POSSIBLE SUNSHINE  MM
  AVERAGE SKY COVER 0.5


WEATHER CONDITIONS
 THE FOLLOWING WEATHER WAS RECORDED YESTERDAY.
  LIGHT RAIN
  FOG


RELATIVE HUMIDITY (PERCENT)
 HIGHEST    93           200 AM
 LOWEST     56           400 PM
 AVERAGE    75

..........................................................


THE MCMINNVILLE OR CLIMATE NORMALS FOR TODAY
                         NORMAL    RECORD    YEAR
 MAXIMUM TEMPERATURE (F)   60        86      1929
 MINIMUM TEMPERATURE (F)   40        28      1945


SUNRISE AND SUNSET
OCTOBER 23 2019.......SUNRISE   639 AM PST   SUNSET   514 PM PST
OCTOBER 24 2019.......SUNRISE   640 AM PST   SUNSET   512 PM PST


-  INDICATES NEGATIVE NUMBERS.
R  INDICATES RECORD WAS SET OR TIED.
MM INDICATES DATA IS MISSING.
T  INDICATES TRACE AMOUNT.




$$
