399
CDUS46 KPQR 250221
CLIMMV


CLIMATE REPORT
NATIONAL WEATHER SERVICE PORTLAND OREGON
720 PM PDT THU MAY 24 2018


...................................

...THE MCMINNVILLE OR CLIMATE SUMMARY FOR MAY 24 2018...
VALID TODAY AS OF 0700 PM LOCAL TIME.

CLIMATE NORMAL PERIOD 1981 TO 2010
CLIMATE RECORD PERIOD 1894 TO 2018


WEATHER ITEM   OBSERVED TIME   RECORD YEAR NORMAL DEPARTURE LAST
                VALUE   (LST)  VALUE       VALUE  FROM      YEAR
                                                  NORMAL
..................................................................
TEMPERATURE (F)
 TODAY
  MAXIMUM         73    405 PM  92    1992  69      4       66
  MINIMUM         54    540 AM  31    1955  45      9       42
  AVERAGE         64                        57      7       54

PRECIPITATION (IN)
  TODAY            0.00                      0.07  -0.07     0.00
  MONTH TO DATE    0.20                      1.73  -1.53     1.94
  SINCE OCT 1     31.74                     35.24  -3.50    52.45
  SINCE JAN 1     16.20                     19.21  -3.01    28.64

DEGREE DAYS
 HEATING
  TODAY            1                                        11
  MONTH TO DATE  140                                       205
  SINCE MAR 1   1188                                      1192
  SINCE JUL 1   4145                                      4488

 COOLING
  TODAY            0                                         0
  MONTH TO DATE    2                                        20
  SINCE MAR 1      2                                        20
  SINCE JAN 1      2                                        20
..................................................................


WIND (MPH)
  HIGHEST WIND SPEED    10   HIGHEST WIND DIRECTION    SW (240)
  HIGHEST GUST SPEED    13   HIGHEST GUST DIRECTION     S (180)
  AVERAGE WIND SPEED     3.6


SKY COVER
  POSSIBLE SUNSHINE  MM
  AVERAGE SKY COVER 0.8


WEATHER CONDITIONS
 THE FOLLOWING WEATHER WAS RECORDED TODAY.
  NO SIGNIFICANT WEATHER WAS OBSERVED.


RELATIVE HUMIDITY (PERCENT)
 HIGHEST    93           400 AM
 LOWEST     61           200 PM
 AVERAGE    77

..........................................................


THE MCMINNVILLE OR CLIMATE NORMALS FOR TOMORROW
                         NORMAL    RECORD    YEAR
 MAXIMUM TEMPERATURE (F)   69        96      1928
 MINIMUM TEMPERATURE (F)   45        31      1975


SUNRISE AND SUNSET
MAY 24 2018...........SUNRISE   434 AM PST   SUNSET   745 PM PST
MAY 25 2018...........SUNRISE   433 AM PST   SUNSET   747 PM PST


-  INDICATES NEGATIVE NUMBERS.
R  INDICATES RECORD WAS SET OR TIED.
MM INDICATES DATA IS MISSING.
T  INDICATES TRACE AMOUNT.




$$
