000
CDUS46 KPQR 171146
CLIMMV


CLIMATE REPORT
NATIONAL WEATHER SERVICE PORTLAND OREGON
446 AM PDT FRI AUG 17 2018


...................................

...THE MCMINNVILLE OR CLIMATE SUMMARY FOR AUGUST 16 2018...

CLIMATE NORMAL PERIOD 1981 TO 2010
CLIMATE RECORD PERIOD 1894 TO 2018


WEATHER ITEM   OBSERVED TIME   RECORD YEAR NORMAL DEPARTURE LAST
                VALUE   (LST)  VALUE       VALUE  FROM      YEAR
                                                  NORMAL
..................................................................
TEMPERATURE (F)
 YESTERDAY
  MAXIMUM         82    339 PM 108    1927  82      0       87
  MINIMUM         55    539 AM  38    1955  51      4       50
  AVERAGE         69                        66      3       69

PRECIPITATION (IN)
  YESTERDAY        0.00          0.38 1912   0.02  -0.02     0.00
  MONTH TO DATE    0.08                      0.23  -0.15     0.19
  SINCE OCT 1     32.80                     38.01  -5.21    53.51
  SINCE JAN 1     17.26                     21.98  -4.72    29.70

DEGREE DAYS
 HEATING
  YESTERDAY        0                         1     -1        0
  MONTH TO DATE    0                        16    -16        4
  SINCE JUL 1     25                        60    -35        9

 COOLING
  YESTERDAY        4                         3      1        4
  MONTH TO DATE   88                        48     40      127
  SINCE JAN 1    274                       148    126      325
..................................................................


WIND (MPH)
  HIGHEST WIND SPEED    15   HIGHEST WIND DIRECTION    SW (220)
  HIGHEST GUST SPEED    20   HIGHEST GUST DIRECTION    NE (30)
  AVERAGE WIND SPEED     4.7


SKY COVER
  POSSIBLE SUNSHINE  MM
  AVERAGE SKY COVER 0.1


WEATHER CONDITIONS
 THE FOLLOWING WEATHER WAS RECORDED YESTERDAY.
  HAZE


RELATIVE HUMIDITY (PERCENT)
 HIGHEST   100           400 AM
 LOWEST     39           300 PM
 AVERAGE    70

..........................................................


THE MCMINNVILLE OR CLIMATE NORMALS FOR TODAY
                         NORMAL    RECORD    YEAR
 MAXIMUM TEMPERATURE (F)   82       102      1977
 MINIMUM TEMPERATURE (F)   51        34      1970


SUNRISE AND SUNSET
AUGUST 17 2018........SUNRISE   516 AM PST   SUNSET   716 PM PST
AUGUST 18 2018........SUNRISE   518 AM PST   SUNSET   714 PM PST


-  INDICATES NEGATIVE NUMBERS.
R  INDICATES RECORD WAS SET OR TIED.
MM INDICATES DATA IS MISSING.
T  INDICATES TRACE AMOUNT.




$$
