000
CDUS46 KPQR 250221
CLIMMV


CLIMATE REPORT
NATIONAL WEATHER SERVICE PORTLAND OREGON
721 PM PDT SUN MAY 24 2020


...................................

...THE MCMINNVILLE OR CLIMATE SUMMARY FOR MAY 24 2020...
VALID TODAY AS OF 0700 PM LOCAL TIME.

CLIMATE NORMAL PERIOD 1981 TO 2010
CLIMATE RECORD PERIOD 1894 TO 2020


WEATHER ITEM   OBSERVED TIME   RECORD YEAR NORMAL DEPARTURE LAST
                VALUE   (LST)  VALUE       VALUE  FROM      YEAR
                                                  NORMAL
..................................................................
TEMPERATURE (F)
 TODAY
  MAXIMUM         73    259 PM  92    1992  69      4       64
  MINIMUM         45    524 AM  31    1955  45      0       50
  AVERAGE         59                        57      2       57

PRECIPITATION (IN)
  TODAY            0.00                      0.07  -0.07      T
  MONTH TO DATE    2.17                      1.73   0.44     1.09
  SINCE OCT 1     24.87                     35.24 -10.37    28.04
  SINCE JAN 1     16.03                     19.21  -3.18    15.81

DEGREE DAYS
 HEATING
  TODAY            6                                         8
  MONTH TO DATE  225                                       171
  SINCE MAR 1   1266                                      1156
  SINCE JUL 1   4484                                      4412

 COOLING
  TODAY            0                                         0
  MONTH TO DATE   14                                         0
  SINCE MAR 1     14                                         0
  SINCE JAN 1     14                                         0
..................................................................


WIND (MPH)
  HIGHEST WIND SPEED     7   HIGHEST WIND DIRECTION     S (190)
  HIGHEST GUST SPEED     8   HIGHEST GUST DIRECTION     E (110)
  AVERAGE WIND SPEED     0.7


SKY COVER
  POSSIBLE SUNSHINE  MM
  AVERAGE SKY COVER 0.4


WEATHER CONDITIONS
 THE FOLLOWING WEATHER WAS RECORDED TODAY.
  NO SIGNIFICANT WEATHER WAS OBSERVED.


RELATIVE HUMIDITY (PERCENT)
 HIGHEST    93           200 AM
 LOWEST     40           100 PM
 AVERAGE    67

..........................................................


THE MCMINNVILLE OR CLIMATE NORMALS FOR TOMORROW
                         NORMAL    RECORD    YEAR
 MAXIMUM TEMPERATURE (F)   69        96      1928
 MINIMUM TEMPERATURE (F)   45        31      1975
                                             1964


SUNRISE AND SUNSET
MAY 24 2020...........SUNRISE   433 AM PST   SUNSET   746 PM PST
MAY 25 2020...........SUNRISE   433 AM PST   SUNSET   747 PM PST


-  INDICATES NEGATIVE NUMBERS.
R  INDICATES RECORD WAS SET OR TIED.
MM INDICATES DATA IS MISSING.
T  INDICATES TRACE AMOUNT.




$$
