000
CDUS46 KPQR 302323
CLIMMV


CLIMATE REPORT
NATIONAL WEATHER SERVICE PORTLAND OREGON
423 PM PDT FRI OCT 30 2020


...................................

...THE MCMINNVILLE OR CLIMATE SUMMARY FOR OCTOBER 30 2020...
VALID TODAY AS OF 0400 PM LOCAL TIME.

CLIMATE NORMAL PERIOD 1981 TO 2010
CLIMATE RECORD PERIOD 1894 TO 2020


WEATHER ITEM   OBSERVED TIME   RECORD YEAR NORMAL DEPARTURE LAST
                VALUE   (LST)  VALUE       VALUE  FROM      YEAR
                                                  NORMAL
..................................................................
TEMPERATURE (F)
 TODAY
  MAXIMUM         63    258 PM  79    1931  57      6       56
  MINIMUM         46    413 AM  23    1972  39      7       32
  AVERAGE         55                        48      7       44

PRECIPITATION (IN)
  TODAY            0.01                      0.14  -0.13     0.00
  MONTH TO DATE    1.48                      3.01  -1.53     2.58
  SINCE OCT 1      1.48                      3.01  -1.53     2.58
  SINCE JAN 1     21.57                     26.72  -5.15    22.53

DEGREE DAYS
 HEATING
  TODAY           10                                        21
  MONTH TO DATE  299                                       448
  SINCE SEP 1    364                                       568
  SINCE JUL 1    407                                       586

 COOLING
  TODAY            0                                         0
  MONTH TO DATE    0                                         0
  SINCE SEP 1     75                                        32
  SINCE JAN 1    343                                       282
..................................................................


WIND (MPH)
  HIGHEST WIND SPEED    12   HIGHEST WIND DIRECTION     S (190)
  HIGHEST GUST SPEED    14   HIGHEST GUST DIRECTION     S (200)
  AVERAGE WIND SPEED     3.4


SKY COVER
  POSSIBLE SUNSHINE  MM
  AVERAGE SKY COVER 0.9


WEATHER CONDITIONS
 THE FOLLOWING WEATHER WAS RECORDED TODAY.
  LIGHT RAIN
  FOG
  FOG W/VISIBILITY <= 1/4 MILE


RELATIVE HUMIDITY (PERCENT)
 HIGHEST   100          1200 AM
 LOWEST     60           300 PM
 AVERAGE    80

..........................................................


THE MCMINNVILLE OR CLIMATE NORMALS FOR TOMORROW
                         NORMAL    RECORD    YEAR
 MAXIMUM TEMPERATURE (F)   57        72      1954
 MINIMUM TEMPERATURE (F)   39        24      2019


SUNRISE AND SUNSET
OCTOBER 30 2020.......SUNRISE   650 AM PST   SUNSET   502 PM PST
OCTOBER 31 2020.......SUNRISE   651 AM PST   SUNSET   501 PM PST


-  INDICATES NEGATIVE NUMBERS.
R  INDICATES RECORD WAS SET OR TIED.
MM INDICATES DATA IS MISSING.
T  INDICATES TRACE AMOUNT.




$$
