000
CDUS46 KPQR 161145
CLIMMV


CLIMATE REPORT
NATIONAL WEATHER SERVICE PORTLAND OREGON
444 AM PDT TUE OCT 16 2018


...................................

...THE MCMINNVILLE OR CLIMATE SUMMARY FOR OCTOBER 15 2018...

CLIMATE NORMAL PERIOD 1981 TO 2010
CLIMATE RECORD PERIOD 1894 TO 2018


WEATHER ITEM   OBSERVED TIME   RECORD YEAR NORMAL DEPARTURE LAST
                VALUE   (LST)  VALUE       VALUE  FROM      YEAR
                                                  NORMAL
..................................................................
TEMPERATURE (F)
 YESTERDAY
  MAXIMUM         78    233 PM  89    1931  63     15       66
  MINIMUM         46    632 AM  27    1897  41      5       35
  AVERAGE         62                        52     10       51

PRECIPITATION (IN)
  YESTERDAY        0.00          1.06 1947   0.09  -0.09     0.00
  MONTH TO DATE    0.47                      1.19  -0.72     0.50
  SINCE OCT 1      0.47                      1.19  -0.72     0.50
  SINCE JAN 1     19.07                     24.90  -5.83    32.24

DEGREE DAYS
 HEATING
  YESTERDAY        3                        13    -10       14
  MONTH TO DATE  142                       160    -18      184
  SINCE JUL 1    338                       376    -38      284

 COOLING
  YESTERDAY        0                         0      0        0
  MONTH TO DATE    0                         0      0        0
  SINCE JAN 1    319                       214    105      507
..................................................................


WIND (MPH)
  HIGHEST WIND SPEED    12   HIGHEST WIND DIRECTION     N (360)
  HIGHEST GUST SPEED    14   HIGHEST GUST DIRECTION     N (10)
  AVERAGE WIND SPEED     8.0


SKY COVER
  POSSIBLE SUNSHINE  MM
  AVERAGE SKY COVER 0.0


WEATHER CONDITIONS
 THE FOLLOWING WEATHER WAS RECORDED YESTERDAY.
  NO SIGNIFICANT WEATHER WAS OBSERVED.


RELATIVE HUMIDITY (PERCENT)
 HIGHEST    46           700 AM
 LOWEST     18           300 PM
 AVERAGE    32

..........................................................


THE MCMINNVILLE OR CLIMATE NORMALS FOR TODAY
                         NORMAL    RECORD    YEAR
 MAXIMUM TEMPERATURE (F)   62        88      1936
 MINIMUM TEMPERATURE (F)   41        27      1946


SUNRISE AND SUNSET
OCTOBER 16 2018.......SUNRISE   630 AM PST   SUNSET   525 PM PST
OCTOBER 17 2018.......SUNRISE   631 AM PST   SUNSET   524 PM PST


-  INDICATES NEGATIVE NUMBERS.
R  INDICATES RECORD WAS SET OR TIED.
MM INDICATES DATA IS MISSING.
T  INDICATES TRACE AMOUNT.




$$
