000
CDUS44 KMOB 170645
CLIMOB


CLIMATE REPORT
NATIONAL WEATHER SERVICE MOBILE AL
1245 AM CST MON DEC 17 2018


...................................

...THE MOBILE CLIMATE SUMMARY FOR DECEMBER 16 2018...

CLIMATE NORMAL PERIOD 1981 TO 2010
CLIMATE RECORD PERIOD 1842 TO 2018


WEATHER ITEM   OBSERVED TIME   RECORD YEAR NORMAL DEPARTURE LAST
                VALUE   (LST)  VALUE       VALUE  FROM      YEAR
                                                  NORMAL
..................................................................
TEMPERATURE (F)
 YESTERDAY
  MAXIMUM         61    230 PM  81    1971  62     -1       60
  MINIMUM         46    821 PM  16    1901  42      4       39
  AVERAGE         54                        52      2       50

PRECIPITATION (IN)
  YESTERDAY        0.00          2.48 1902   0.15  -0.15     0.00
  MONTH TO DATE    5.35                      2.53   2.82     1.80
  SINCE MAR 1     49.66                     52.85  -3.19    69.00
  SINCE JAN 1     59.24                     63.62  -4.38    81.21

SNOWFALL (IN)
  YESTERDAY        0.0           0.0  2001   0.0    0.0      0.0
                                      2000
  MONTH TO DATE    0.0                       0.0    0.0      1.0
  SINCE MAR 1      0.0                       0.1   -0.1      1.0
  SINCE JUL 1      0.0                       0.0    0.0      1.0
  SNOW DEPTH       0

DEGREE DAYS
 HEATING
  YESTERDAY       11                        13     -2       15
  MONTH TO DATE  188                       190     -2      219
  SINCE DEC 1    188                       190     -2      219
  SINCE JUL 1    474                       448     26      435

 COOLING
  YESTERDAY        0                         0      0        0
  MONTH TO DATE   14                         8      6        2
  SINCE DEC 1     14                         8      6        2
  SINCE JAN 1   3084                      2511    573     2781
..................................................................


WIND (MPH)
  HIGHEST WIND SPEED    14   HIGHEST WIND DIRECTION     N (360)
  HIGHEST GUST SPEED    18   HIGHEST GUST DIRECTION     N (20)
  AVERAGE WIND SPEED     4.3


SKY COVER
  POSSIBLE SUNSHINE  MM
  AVERAGE SKY COVER 0.8


WEATHER CONDITIONS
 THE FOLLOWING WEATHER WAS RECORDED YESTERDAY.
  NO SIGNIFICANT WEATHER WAS OBSERVED.


RELATIVE HUMIDITY (PERCENT)
 HIGHEST    93           100 AM
 LOWEST     60           200 PM
 AVERAGE    77

..........................................................


THE MOBILE CLIMATE NORMALS FOR TODAY
                         NORMAL    RECORD    YEAR
 MAXIMUM TEMPERATURE (F)   62        78      2008
                                             1971
 MINIMUM TEMPERATURE (F)   42        25      1963


SUNRISE AND SUNSET
DECEMBER 17 2018......SUNRISE   644 AM CST   SUNSET   454 PM CST
DECEMBER 18 2018......SUNRISE   645 AM CST   SUNSET   455 PM CST


-  INDICATES NEGATIVE NUMBERS.
R  INDICATES RECORD WAS SET OR TIED.
MM INDICATES DATA IS MISSING.
T  INDICATES TRACE AMOUNT.




$$
