582
CDUS44 KMOB 242227
CLIMOB


CLIMATE REPORT
NATIONAL WEATHER SERVICE MOBILE AL
527 PM CDT SUN JUN 24 2018


...................................

...THE MOBILE CLIMATE SUMMARY FOR JUNE 24 2018...
VALID TODAY AS OF 0500 PM LOCAL TIME.

CLIMATE NORMAL PERIOD 1981 TO 2010
CLIMATE RECORD PERIOD 1842 TO 2018


WEATHER ITEM   OBSERVED TIME   RECORD YEAR NORMAL DEPARTURE LAST
                VALUE   (LST)  VALUE       VALUE  FROM      YEAR
                                                  NORMAL
..................................................................
TEMPERATURE (F)
 TODAY
  MAXIMUM         93    255 PM 101    2009  90      3       90
  MINIMUM         76    453 AM  62    2001  72      4       75
  AVERAGE         85                        81      4       83

PRECIPITATION (IN)
  TODAY            0.00          3.59 1929   0.23  -0.23     0.14
  MONTH TO DATE    6.38                      4.75   1.63    11.95
  SINCE MAR 1     19.03                     20.82  -1.79    31.73
  SINCE JAN 1     28.61                     31.59  -2.98    43.94

DEGREE DAYS
 COOLING
  TODAY           20                        16      4       18
  MONTH TO DATE  398                       347     51      331
  SINCE JUN 1    398                       347     51      331
  SINCE JAN 1   1005                       792    213      932
..................................................................


WIND (MPH)
  HIGHEST WIND SPEED    16   HIGHEST WIND DIRECTION     S (200)
  HIGHEST GUST SPEED    22   HIGHEST GUST DIRECTION    SW (240)
  AVERAGE WIND SPEED     7.2


SKY COVER
  POSSIBLE SUNSHINE  MM
  AVERAGE SKY COVER 0.3


WEATHER CONDITIONS
 THE FOLLOWING WEATHER WAS RECORDED TODAY.
  NO SIGNIFICANT WEATHER WAS OBSERVED.


RELATIVE HUMIDITY (PERCENT)
 HIGHEST    97           600 AM
 LOWEST     56           200 PM
 AVERAGE    77

..........................................................


THE MOBILE CLIMATE NORMALS FOR TOMORROW
                         NORMAL    RECORD    YEAR
 MAXIMUM TEMPERATURE (F)   90       100      1914
 MINIMUM TEMPERATURE (F)   72        61      1974


SUNRISE AND SUNSET
JUNE 24 2018..........SUNRISE   552 AM CDT   SUNSET   759 PM CDT
JUNE 25 2018..........SUNRISE   552 AM CDT   SUNSET   800 PM CDT


-  INDICATES NEGATIVE NUMBERS.
R  INDICATES RECORD WAS SET OR TIED.
MM INDICATES DATA IS MISSING.
T  INDICATES TRACE AMOUNT.




$$
