000
CDUS44 KMOB 200641
CLIMOB


CLIMATE REPORT
NATIONAL WEATHER SERVICE MOBILE AL
138 AM CDT TUE OCT 20 2020


...................................

...THE MOBILE CLIMATE SUMMARY FOR OCTOBER 19 2020...

CLIMATE NORMAL PERIOD 1981 TO 2010
CLIMATE RECORD PERIOD 1842 TO 2020


WEATHER ITEM   OBSERVED TIME   RECORD YEAR NORMAL DEPARTURE LAST
                VALUE   (LST)  VALUE       VALUE  FROM      YEAR
                                                  NORMAL
..................................................................
TEMPERATURE (F)
 YESTERDAY
  MAXIMUM         85   1231 PM  88    2018  78      7       81
                                      1949
  MINIMUM         61    602 AM  38    1989  57      4       60
  AVERAGE         73                        67      6       71

PRECIPITATION (IN)
  YESTERDAY        0.00          2.04 1887   0.11  -0.11     0.30
  MONTH TO DATE    0.99                      2.22  -1.23     2.47
  SINCE MAR 1     39.76                     43.72  -3.96    39.41
  SINCE JAN 1     49.34                     54.49  -5.15    48.90

DEGREE DAYS
 HEATING
  YESTERDAY        0                         2     -2        0
  MONTH TO DATE    6                        18    -12        8
  SINCE SEP 1      8                        20    -12        8
  SINCE JUL 1      8                        20    -12        8

 COOLING
  YESTERDAY        8                         4      4        6
  MONTH TO DATE  129                       117     12      230
  SINCE SEP 1    479                       494    -15      785
  SINCE JAN 1   2485                      2421     64     3065
..................................................................


WIND (MPH)
  HIGHEST WIND SPEED    14   HIGHEST WIND DIRECTION    SE (130)
  HIGHEST GUST SPEED    20   HIGHEST GUST DIRECTION    SE (120)
  AVERAGE WIND SPEED     5.2


SKY COVER
  POSSIBLE SUNSHINE  MM
  AVERAGE SKY COVER 0.1


WEATHER CONDITIONS
 THE FOLLOWING WEATHER WAS RECORDED YESTERDAY.
  FOG


RELATIVE HUMIDITY (PERCENT)
 HIGHEST   100          1200 AM
 LOWEST     55          1200 PM
 AVERAGE    78

..........................................................


THE MOBILE CLIMATE NORMALS FOR TODAY
                         NORMAL    RECORD    YEAR
 MAXIMUM TEMPERATURE (F)   78        89      2016
                                             2004
 MINIMUM TEMPERATURE (F)   56        33      1989


SUNRISE AND SUNSET
OCTOBER 20 2020.......SUNRISE   659 AM CDT   SUNSET   616 PM CDT
OCTOBER 21 2020.......SUNRISE   700 AM CDT   SUNSET   615 PM CDT


-  INDICATES NEGATIVE NUMBERS.
R  INDICATES RECORD WAS SET OR TIED.
MM INDICATES DATA IS MISSING.
T  INDICATES TRACE AMOUNT.




$$
