000
CDUS44 KMOB 272241
CLIMOB


CLIMATE REPORT
NATIONAL WEATHER SERVICE MOBILE AL
537 PM CDT WED MAY 27 2020


...................................

...THE MOBILE CLIMATE SUMMARY FOR MAY 27 2020...
VALID TODAY AS OF 0500 PM LOCAL TIME.

CLIMATE NORMAL PERIOD 1981 TO 2010
CLIMATE RECORD PERIOD 1842 TO 2020


WEATHER ITEM   OBSERVED TIME   RECORD YEAR NORMAL DEPARTURE LAST
                VALUE   (LST)  VALUE       VALUE  FROM      YEAR
                                                  NORMAL
..................................................................
TEMPERATURE (F)
 TODAY
  MAXIMUM         79    919 AM 100    1953  87     -8       91
  MINIMUM         63   1003 AM  49    1961  67     -4       72
  AVERAGE         71                        77     -6       82

PRECIPITATION (IN)
  TODAY            1.64          3.89 1976   0.17   1.47     0.00
  MONTH TO DATE    4.90                      4.42   0.48     3.86
  SINCE MAR 1      9.38                     15.35  -5.97    11.79
  SINCE JAN 1     18.96                     26.12  -7.16    21.28

DEGREE DAYS
 COOLING
  TODAY            6                        12     -6       17
  MONTH TO DATE  188                       238    -50      317
  SINCE MAR 1    460                       381     79      482
  SINCE JAN 1    491                       397     94      554
..................................................................


WIND (MPH)
  HIGHEST WIND SPEED    33   HIGHEST WIND DIRECTION     W (290)
  HIGHEST GUST SPEED    47   HIGHEST GUST DIRECTION     W (290)
  AVERAGE WIND SPEED     4.8


SKY COVER
  POSSIBLE SUNSHINE  MM
  AVERAGE SKY COVER 0.7


WEATHER CONDITIONS
 THE FOLLOWING WEATHER WAS RECORDED TODAY.
  THUNDERSTORM
  HEAVY RAIN
  RAIN
  LIGHT RAIN
  FOG


RELATIVE HUMIDITY (PERCENT)
 HIGHEST    93          1200 AM
 LOWEST     74           100 PM
 AVERAGE    84

..........................................................


THE MOBILE CLIMATE NORMALS FOR TOMORROW
                         NORMAL    RECORD    YEAR
 MAXIMUM TEMPERATURE (F)   87        98      1962
 MINIMUM TEMPERATURE (F)   67        50      1961


SUNRISE AND SUNSET
MAY 27 2020...........SUNRISE   552 AM CDT   SUNSET   749 PM CDT
MAY 28 2020...........SUNRISE   552 AM CDT   SUNSET   749 PM CDT


-  INDICATES NEGATIVE NUMBERS.
R  INDICATES RECORD WAS SET OR TIED.
MM INDICATES DATA IS MISSING.
T  INDICATES TRACE AMOUNT.




$$
