000
CDUS44 KMOB 130629
CLIMOB

CLIMATE REPORT
NATIONAL WEATHER SERVICE MOBILE AL
129 AM CDT THU MAY 13 2021

...................................

...THE MOBILE CLIMATE SUMMARY FOR MAY 12 2021...

CLIMATE NORMAL PERIOD: 1991 TO 2020
CLIMATE RECORD PERIOD: 1842 TO 2021


WEATHER ITEM   OBSERVED TIME   RECORD YEAR NORMAL DEPARTURE LAST
                VALUE   (LST)  VALUE       VALUE  FROM      YEAR
                                                  NORMAL
...................................................................
TEMPERATURE (F)
 YESTERDAY
  MAXIMUM         79   1:38 PM  96    1916  84     -5       82
  MINIMUM         63  11:47 PM  45    1952  63      0       52
  AVERAGE         71                        73     -2       67

PRECIPITATION (IN)
  YESTERDAY        1.14          2.83 1987   0.18   0.96     0.00
  MONTH TO DATE    5.93                      2.04   3.89     0.10
  SINCE MAR 1     24.36                     13.19  11.17     4.58
  SINCE JAN 1     29.70                     23.32   6.38    14.16

DEGREE DAYS
 COOLING
  YESTERDAY        6                         9     -3        2
  MONTH TO DATE   69                        87    -18       35
  SINCE MAR 1    214                       246    -32      307
  SINCE JAN 1    239                       270    -31      338
...................................................................


WIND (MPH)
  HIGHEST WIND SPEED    20   HIGHEST WIND DIRECTION     N (10)
  HIGHEST GUST SPEED    26   HIGHEST GUST DIRECTION     N (10)
  AVERAGE WIND SPEED     8.3


SKY COVER
  AVERAGE SKY COVER 0.8


WEATHER CONDITIONS
THE FOLLOWING WEATHER WAS RECORDED YESTERDAY.
  THUNDERSTORM
  HEAVY RAIN
  RAIN
  LIGHT RAIN
  FOG


RELATIVE HUMIDITY (PERCENT)
 HIGHEST   100          12:00 AM
 LOWEST     65           1:00 PM
 AVERAGE    83

..........................................................


THE MOBILE CLIMATE NORMALS FOR TODAY
                         NORMAL    RECORD    YEAR
 MAXIMUM TEMPERATURE (F)   84        95      2018
 MINIMUM TEMPERATURE (F)   63        43      1960


SUNRISE AND SUNSET
MAY 13 2021...........SUNRISE   5:59 AM CDT   SUNSET   7:40 PM CDT
MAY 14 2021...........SUNRISE   5:59 AM CDT   SUNSET   7:40 PM CDT


-  INDICATES NEGATIVE NUMBERS.
R  INDICATES RECORD WAS SET OR TIED.
MM INDICATES DATA IS MISSING.
T  INDICATES TRACE AMOUNT.




$$
