476
CDUS44 KMOB 190645
CLIMOB


CLIMATE REPORT
NATIONAL WEATHER SERVICE MOBILE AL
145 AM CDT SAT OCT 19 2019


...................................

...THE MOBILE CLIMATE SUMMARY FOR OCTOBER 18 2019...

CLIMATE NORMAL PERIOD 1981 TO 2010
CLIMATE RECORD PERIOD 1842 TO 2019


WEATHER ITEM   OBSERVED TIME   RECORD YEAR NORMAL DEPARTURE LAST
                VALUE   (LST)  VALUE       VALUE  FROM      YEAR
                                                  NORMAL
..................................................................
TEMPERATURE (F)
 YESTERDAY
  MAXIMUM         64   1130 AM  89    1972  79    -15       83
  MINIMUM         58    629 PM  35    1948  57      1       60
  AVERAGE         61                        68     -7       72

PRECIPITATION (IN)
  YESTERDAY        T             3.46 1912   0.11  -0.11     0.00
  MONTH TO DATE    2.17                      2.11   0.06     0.08
  SINCE MAR 1     39.11                     43.61  -4.50    36.12
  SINCE JAN 1     48.60                     54.38  -5.78    45.70

DEGREE DAYS
 HEATING
  YESTERDAY        4                         2      2        0
  MONTH TO DATE    8                        16     -8        0
  SINCE SEP 1      8                        18    -10        0
  SINCE JUL 1      8                        18    -10        0

 COOLING
  YESTERDAY        0                         4     -4        7
  MONTH TO DATE  224                       113    111      238
  SINCE SEP 1    779                       490    289      761
  SINCE JAN 1   3059                      2417    642     2980
..................................................................


WIND (MPH)
  HIGHEST WIND SPEED    16   HIGHEST WIND DIRECTION    NE (30)
  HIGHEST GUST SPEED    22   HIGHEST GUST DIRECTION    NE (30)
  AVERAGE WIND SPEED    10.4


SKY COVER
  POSSIBLE SUNSHINE  MM
  AVERAGE SKY COVER 0.7


WEATHER CONDITIONS
 THE FOLLOWING WEATHER WAS RECORDED YESTERDAY.
  LIGHT RAIN
  FOG
  HAZE


RELATIVE HUMIDITY (PERCENT)
 HIGHEST    93           600 PM
 LOWEST     60          1100 AM
 AVERAGE    77

..........................................................


THE MOBILE CLIMATE NORMALS FOR TODAY
                         NORMAL    RECORD    YEAR
 MAXIMUM TEMPERATURE (F)   78        88      2018
                                             1949
 MINIMUM TEMPERATURE (F)   57        38      1989


SUNRISE AND SUNSET
OCTOBER 19 2019.......SUNRISE   658 AM CDT   SUNSET   618 PM CDT
OCTOBER 20 2019.......SUNRISE   659 AM CDT   SUNSET   616 PM CDT


-  INDICATES NEGATIVE NUMBERS.
R  INDICATES RECORD WAS SET OR TIED.
MM INDICATES DATA IS MISSING.
T  INDICATES TRACE AMOUNT.




$$
