000
CDUS46 KSTO 210043
CLIMOD


CLIMATE REPORT
NATIONAL WEATHER SERVICE SACRAMENTO, CA
542 PM PDT WED JUN 20 2018


...................................

...THE MODESTO CA CLIMATE SUMMARY FOR JUNE 20 2018...
VALID TODAY AS OF 0500 PM LOCAL TIME.

CLIMATE NORMAL PERIOD 1981 TO 2010
CLIMATE RECORD PERIOD 1931 TO 2018


WEATHER ITEM   OBSERVED TIME   RECORD YEAR NORMAL DEPARTURE LAST
                VALUE   (LST)  VALUE       VALUE  FROM      YEAR
                                                  NORMAL
..................................................................
TEMPERATURE (F)
 TODAY
  MAXIMUM         94    231 PM 109    2017  91      3      109
  MINIMUM         62    552 AM  48    1943  61      1       73
  AVERAGE         78

PRECIPITATION (IN)
  TODAY            0.00          0.04 1938   0.00   0.00     0.00
  MONTH TO DATE    0.00                      0.10  -0.10      T
  SINCE OCT 1      8.17                     12.81  -4.64    16.93
  SINCE JAN 1      7.14                      8.73  -1.59    11.90

SNOWFALL (IN)
  TODAY            0.0          MM      MM
  MONTH TO DATE    0.0
  SINCE JUN 1      0.0
  SINCE JUL 1      0.0

DEGREE DAYS
 HEATING
  TODAY            0                         0      0        0
  MONTH TO DATE    0                         0      0        6
  SINCE JUN 1      0                         0      0        6
  SINCE JUL 1   1996                      2168   -172     1814

 COOLING
  TODAY           13                        11      2       26
  MONTH TO DATE  192                       179     13      234
  SINCE JUN 1    192                       179     13      234
  SINCE JAN 1    338                       378    -40      456
..................................................................


WIND (MPH)
  RESULTANT WIND SPEED   8   RESULTANT WIND DIRECTION  NW (330)
  HIGHEST WIND SPEED    21   HIGHEST WIND DIRECTION    NW (310)
  HIGHEST GUST SPEED    24   HIGHEST GUST DIRECTION    NW (300)


SKY COVER
  POSSIBLE SUNSHINE  MM
  AVERAGE SKY COVER 0.0


WEATHER CONDITIONS
 THE FOLLOWING WEATHER WAS RECORDED TODAY.
  NO SIGNIFICANT WEATHER WAS OBSERVED.


RELATIVE HUMIDITY (PERCENT)
 HIGHEST    67           600 AM
 LOWEST     18           400 PM
 AVERAGE    43

..........................................................


THE MODESTO CA CLIMATE NORMALS FOR TOMORROW
                         NORMAL    RECORD    YEAR
 MAXIMUM TEMPERATURE (F)   91       109      1973
 MINIMUM TEMPERATURE (F)   61        48      1943


SUNRISE AND SUNSET
JUNE 20 2018..........SUNRISE   542 AM PDT   SUNSET   828 PM PDT
JUNE 21 2018..........SUNRISE   543 AM PDT   SUNSET   829 PM PDT


-  INDICATES NEGATIVE NUMBERS.
R  INDICATES RECORD WAS SET OR TIED.
MM INDICATES DATA IS MISSING.
T  INDICATES TRACE AMOUNT.




$$
