000
CDUS46 KSTO 280043
CLIMOD


CLIMATE REPORT
NATIONAL WEATHER SERVICE SACRAMENTO, CA
542 PM PDT WED MAY 27 2020


...................................

...THE MODESTO CA CLIMATE SUMMARY FOR MAY 27 2020...
VALID TODAY AS OF 0500 PM LOCAL TIME.

CLIMATE NORMAL PERIOD 1981 TO 2010
CLIMATE RECORD PERIOD 1931 TO 2020


WEATHER ITEM   OBSERVED TIME   RECORD YEAR NORMAL DEPARTURE LAST
                VALUE   (LST)  VALUE       VALUE  FROM      YEAR
                                                  NORMAL
..................................................................
TEMPERATURE (F)
 TODAY
  MAXIMUM        104R   305 PM 100    1984  85     19       70
  MINIMUM         68    458 AM  46    1961  57     11       47
  AVERAGE         86

PRECIPITATION (IN)
  TODAY            0.00          0.64 1990   0.02  -0.02     0.00
  MONTH TO DATE    0.01                      0.58  -0.57     1.29
  SINCE OCT 1      6.87                     12.66  -5.79    13.35
  SINCE JAN 1      3.64                      8.58  -4.94     8.86

SNOWFALL (IN)
  TODAY            0.0          MM      MM
  MONTH TO DATE    0.0
  SINCE MAR 1      0.0
  SINCE JUL 1      0.0

DEGREE DAYS
 HEATING
  TODAY            0                         0      0        6
  MONTH TO DATE    7                        33    -26       57
  SINCE MAR 1    417                       399     18      414
  SINCE JUL 1   2037                      2167   -130     2108

 COOLING
  TODAY           21                         7     14        0
  MONTH TO DATE  153                       127     26       39
  SINCE MAR 1    223                       171     52       99
  SINCE JAN 1    223                       171     52       99
..................................................................


WIND (MPH)
  RESULTANT WIND SPEED   4   RESULTANT WIND DIRECTION   N (360)
  HIGHEST WIND SPEED    14   HIGHEST WIND DIRECTION     N (340)
  HIGHEST GUST SPEED    19   HIGHEST GUST DIRECTION     N (360)


SKY COVER
  POSSIBLE SUNSHINE  MM
  AVERAGE SKY COVER 0.0


WEATHER CONDITIONS
 THE FOLLOWING WEATHER WAS RECORDED TODAY.
  NO SIGNIFICANT WEATHER WAS OBSERVED.


RELATIVE HUMIDITY (PERCENT)
 HIGHEST    70           500 AM
 LOWEST     18           300 PM
 AVERAGE    44

..........................................................


THE MODESTO CA CLIMATE NORMALS FOR TOMORROW
                         NORMAL    RECORD    YEAR
 MAXIMUM TEMPERATURE (F)   86       105      1984
 MINIMUM TEMPERATURE (F)   57        43      1969


SUNRISE AND SUNSET
MAY 27 2020...........SUNRISE   546 AM PDT   SUNSET   817 PM PDT
MAY 28 2020...........SUNRISE   545 AM PDT   SUNSET   817 PM PDT


-  INDICATES NEGATIVE NUMBERS.
R  INDICATES RECORD WAS SET OR TIED.
MM INDICATES DATA IS MISSING.
T  INDICATES TRACE AMOUNT.




$$
