176
CDUS46 KSTO 190845
CLIMOD


CLIMATE REPORT
NATIONAL WEATHER SERVICE SACRAMENTO, CA
145 AM PDT SAT OCT 19 2019


...................................

...THE MODESTO CA CLIMATE SUMMARY FOR OCTOBER 18 2019...

CLIMATE NORMAL PERIOD 1981 TO 2010
CLIMATE RECORD PERIOD 1931 TO 2019


WEATHER ITEM   OBSERVED TIME   RECORD YEAR NORMAL DEPARTURE LAST
                VALUE   (LST)  VALUE       VALUE  FROM      YEAR
                                                  NORMAL
..................................................................
TEMPERATURE (F)
 YESTERDAY
  MAXIMUM         74    321 PM  92    1988  78     -4       81
  MINIMUM         47    633 AM  38    1938  52     -5       48
  AVERAGE         61

PRECIPITATION (IN)
  YESTERDAY        0.00          0.33 1953   0.02  -0.02     0.00
  MONTH TO DATE    0.00                      0.31  -0.31     0.01
  SINCE OCT 1      0.00                      0.31  -0.31     0.01
  SINCE JAN 1      8.98                      9.34  -0.36     7.15

SNOWFALL (IN)
  YESTERDAY        0.0           0.0  2002
                                      2001
  MONTH TO DATE    0.0
  SINCE SEP 1      0.0
  SINCE JUL 1      0.0
  SNOW DEPTH       0

DEGREE DAYS
 HEATING
  YESTERDAY        4                         2      2        0
  MONTH TO DATE   34                        17     17        5
  SINCE SEP 1     46                        20     26        5
  SINCE JUL 1     46                        20     26        5

 COOLING
  YESTERDAY        0                         2     -2        0
  MONTH TO DATE   14                        71    -57       50
  SINCE SEP 1    282                       347    -65      305
  SINCE JAN 1   1717                      1683     34     1731
..................................................................


WIND (MPH)
  RESULTANT WIND SPEED   7   RESULTANT WIND DIRECTION  NW (320)
  HIGHEST WIND SPEED    16   HIGHEST WIND DIRECTION    NW (300)
  HIGHEST GUST SPEED    20   HIGHEST GUST DIRECTION    NW (300)


SKY COVER
  POSSIBLE SUNSHINE  MM
  AVERAGE SKY COVER 0.0


WEATHER CONDITIONS
 THE FOLLOWING WEATHER WAS RECORDED YESTERDAY.
  NO SIGNIFICANT WEATHER WAS OBSERVED.


RELATIVE HUMIDITY (PERCENT)
 HIGHEST    77           700 AM
 LOWEST     37           500 PM
 AVERAGE    57

..........................................................


THE MODESTO CA CLIMATE NORMALS FOR TODAY
                         NORMAL    RECORD    YEAR
 MAXIMUM TEMPERATURE (F)   78        88      1991
 MINIMUM TEMPERATURE (F)   52        37      1949


SUNRISE AND SUNSET
OCTOBER 19 2019.......SUNRISE   716 AM PDT   SUNSET   621 PM PDT
OCTOBER 20 2019.......SUNRISE   717 AM PDT   SUNSET   620 PM PDT


-  INDICATES NEGATIVE NUMBERS.
R  INDICATES RECORD WAS SET OR TIED.
MM INDICATES DATA IS MISSING.
T  INDICATES TRACE AMOUNT.




$$
