000
CDUS46 KSTO 160043
CLIMOD


CLIMATE REPORT
NATIONAL WEATHER SERVICE SACRAMENTO, CA
442 PM PST SAT DEC 15 2018


...................................

...THE MODESTO CA CLIMATE SUMMARY FOR DECEMBER 15 2018...
VALID TODAY AS OF 0400 PM LOCAL TIME.

CLIMATE NORMAL PERIOD 1981 TO 2010
CLIMATE RECORD PERIOD 1931 TO 2018


WEATHER ITEM   OBSERVED TIME   RECORD YEAR NORMAL DEPARTURE LAST
                VALUE   (LST)  VALUE       VALUE  FROM      YEAR
                                                  NORMAL
..................................................................
TEMPERATURE (F)
 TODAY
  MAXIMUM         62    221 PM  71    1958  55      7       61
  MINIMUM         36    658 AM  19    1932  40     -4       33
  AVERAGE         49

PRECIPITATION (IN)
  TODAY            0.00          1.09 1962   0.07  -0.07     0.00
  MONTH TO DATE    0.63                      0.87  -0.24     0.00
  SINCE OCT 1      3.05                      2.91   0.14     0.98
  SINCE JAN 1     10.19                     11.94  -1.75    12.88

SNOWFALL (IN)
  TODAY            0.0          MM      MM
  MONTH TO DATE    0.0
  SINCE DEC 1      0.0
  SINCE JUL 1      0.0

DEGREE DAYS
 HEATING
  TODAY           16                        18     -2       18
  MONTH TO DATE  237                       245     -8      246
  SINCE DEC 1    237                       245     -8      246
  SINCE JUL 1    557                       606    -49      513

 COOLING
  TODAY            0                         0      0        0
  MONTH TO DATE    0                         0      0        0
  SINCE DEC 1      0                         0      0        0
  SINCE JAN 1   1746                      1699     47     2120
..................................................................


WIND (MPH)
  RESULTANT WIND SPEED   3   RESULTANT WIND DIRECTION  SE (130)
  HIGHEST WIND SPEED    10   HIGHEST WIND DIRECTION    SE (120)
  HIGHEST GUST SPEED    12   HIGHEST GUST DIRECTION    SE (120)


SKY COVER
  POSSIBLE SUNSHINE  MM
  AVERAGE SKY COVER 0.1


WEATHER CONDITIONS
 THE FOLLOWING WEATHER WAS RECORDED TODAY.
  FOG
  HAZE


RELATIVE HUMIDITY (PERCENT)
 HIGHEST   100           400 AM
 LOWEST     53           100 PM
 AVERAGE    77

..........................................................


THE MODESTO CA CLIMATE NORMALS FOR TOMORROW
                         NORMAL    RECORD    YEAR
 MAXIMUM TEMPERATURE (F)   55        71      1958
 MINIMUM TEMPERATURE (F)   40        22      1932


SUNRISE AND SUNSET
DECEMBER 15 2018......SUNRISE   712 AM PST   SUNSET   446 PM PST
DECEMBER 16 2018......SUNRISE   712 AM PST   SUNSET   447 PM PST


-  INDICATES NEGATIVE NUMBERS.
R  INDICATES RECORD WAS SET OR TIED.
MM INDICATES DATA IS MISSING.
T  INDICATES TRACE AMOUNT.




$$
