000
CDUS46 KSTO 220041
CLIMOD


CLIMATE REPORT
NATIONAL WEATHER SERVICE SACRAMENTO, CA
441 PM PST WED FEB 21 2018


...................................

...THE MODESTO CA CLIMATE SUMMARY FOR FEBRUARY 21 2018...
VALID TODAY AS OF 0400 PM LOCAL TIME.

CLIMATE NORMAL PERIOD 1981 TO 2010
CLIMATE RECORD PERIOD 1931 TO 2018


WEATHER ITEM   OBSERVED TIME   RECORD YEAR NORMAL DEPARTURE LAST
                VALUE   (LST)  VALUE       VALUE  FROM      YEAR
                                                  NORMAL
..................................................................
TEMPERATURE (F)
 TODAY
  MAXIMUM         57    349 PM  75    1991  65     -8       65
  MINIMUM         34    721 AM  29    1955  44    -10       50
  AVERAGE         46

PRECIPITATION (IN)
  TODAY            0.00          0.76 1944   0.09  -0.09      T
  MONTH TO DATE    0.00                      1.81  -1.81     3.48
  SINCE OCT 1      3.55                      8.50  -4.95    14.03
  SINCE JAN 1      2.52                      4.42  -1.90     9.00

SNOWFALL (IN)
  TODAY            0.0          MM      MM
  MONTH TO DATE    0.0
  SINCE DEC 1      0.0
  SINCE JUL 1      0.0

DEGREE DAYS
 HEATING
  TODAY           19                        11      8        7
  MONTH TO DATE  242                       267    -25      170
  SINCE DEC 1   1180                      1338   -158     1188
  SINCE JUL 1   1447                      1699   -252     1401

 COOLING
  TODAY            0                         0      0        0
  MONTH TO DATE    0                         0      0        0
  SINCE DEC 1      0                         0      0        0
  SINCE JAN 1      0                         0      0        0
..................................................................


WIND (MPH)
  RESULTANT WIND SPEED   3   RESULTANT WIND DIRECTION  NW (320)
  HIGHEST WIND SPEED    13   HIGHEST WIND DIRECTION    NW (320)
  HIGHEST GUST SPEED    17   HIGHEST GUST DIRECTION     N (350)


SKY COVER
  POSSIBLE SUNSHINE  MM
  AVERAGE SKY COVER 0.0


WEATHER CONDITIONS
 THE FOLLOWING WEATHER WAS RECORDED TODAY.
  NO SIGNIFICANT WEATHER WAS OBSERVED.


RELATIVE HUMIDITY (PERCENT)
 HIGHEST    82           300 AM
 LOWEST     22           300 PM
 AVERAGE    52

..........................................................


THE MODESTO CA CLIMATE NORMALS FOR TOMORROW
                         NORMAL    RECORD    YEAR
 MAXIMUM TEMPERATURE (F)   65        73      1985
 MINIMUM TEMPERATURE (F)   44        32      1975


SUNRISE AND SUNSET
FEBRUARY 21 2018......SUNRISE   646 AM PST   SUNSET   550 PM PST
FEBRUARY 22 2018......SUNRISE   644 AM PST   SUNSET   551 PM PST


-  INDICATES NEGATIVE NUMBERS.
R  INDICATES RECORD WAS SET OR TIED.
MM INDICATES DATA IS MISSING.
T  INDICATES TRACE AMOUNT.




$$
