000
CDUS46 KSTO 200042
CLIMOD


CLIMATE REPORT
NATIONAL WEATHER SERVICE SACRAMENTO, CA
541 PM PDT MON OCT 19 2020


...................................

...THE MODESTO CA CLIMATE SUMMARY FOR OCTOBER 19 2020...
VALID TODAY AS OF 0500 PM LOCAL TIME.

CLIMATE NORMAL PERIOD 1981 TO 2010
CLIMATE RECORD PERIOD 1931 TO 2020


WEATHER ITEM   OBSERVED TIME   RECORD YEAR NORMAL DEPARTURE LAST
                VALUE   (LST)  VALUE       VALUE  FROM      YEAR
                                                  NORMAL
..................................................................
TEMPERATURE (F)
 TODAY
  MAXIMUM         89R   354 PM  88    1991  78     11       75
  MINIMUM         54    426 AM  37    1949  52      2       47
  AVERAGE         72

PRECIPITATION (IN)
  TODAY            0.00          0.28 2004   0.02  -0.02     0.00
  MONTH TO DATE    0.00                      0.33  -0.33     0.00
  SINCE OCT 1      0.00                      0.33  -0.33     0.00
  SINCE JAN 1      3.71                      9.36  -5.65     8.98

SNOWFALL (IN)
  TODAY            0.0           0.0  2002
                                      2001
  MONTH TO DATE    0.0
  SINCE SEP 1      0.0
  SINCE JUL 1      0.0

DEGREE DAYS
 HEATING
  TODAY            0                         2     -2        4
  MONTH TO DATE    0                        19    -19       38
  SINCE SEP 1      0                        22    -22       50
  SINCE JUL 1      0                        22    -22       50

 COOLING
  TODAY            7                         2      5        0
  MONTH TO DATE  142                        73     69       14
  SINCE SEP 1    502                       349    153      282
  SINCE JAN 1   2111                      1685    426     1717
..................................................................


WIND (MPH)
  RESULTANT WIND SPEED   3   RESULTANT WIND DIRECTION  NW (320)
  HIGHEST WIND SPEED    15   HIGHEST WIND DIRECTION    NW (310)
  HIGHEST GUST SPEED    17   HIGHEST GUST DIRECTION    NW (310)


SKY COVER
  POSSIBLE SUNSHINE  MM
  AVERAGE SKY COVER 0.0


WEATHER CONDITIONS
 THE FOLLOWING WEATHER WAS RECORDED TODAY.
  NO SIGNIFICANT WEATHER WAS OBSERVED.


RELATIVE HUMIDITY (PERCENT)
 HIGHEST    86           600 AM
 LOWEST     23           300 PM
 AVERAGE    55

..........................................................


THE MODESTO CA CLIMATE NORMALS FOR TOMORROW
                         NORMAL    RECORD    YEAR
 MAXIMUM TEMPERATURE (F)   77        90      1964
 MINIMUM TEMPERATURE (F)   52        31      1949


SUNRISE AND SUNSET
OCTOBER 19 2020.......SUNRISE   716 AM PDT   SUNSET   620 PM PDT
OCTOBER 20 2020.......SUNRISE   717 AM PDT   SUNSET   619 PM PDT


-  INDICATES NEGATIVE NUMBERS.
R  INDICATES RECORD WAS SET OR TIED.
MM INDICATES DATA IS MISSING.
T  INDICATES TRACE AMOUNT.




$$
