000
CDUS46 KSTO 240044
CLIMOD


CLIMATE REPORT
NATIONAL WEATHER SERVICE SACRAMENTO, CA
544 PM PDT SUN SEP 23 2018


...................................

...THE MODESTO CA CLIMATE SUMMARY FOR SEPTEMBER 23 2018...
VALID TODAY AS OF 0500 PM LOCAL TIME.

CLIMATE NORMAL PERIOD 1981 TO 2010
CLIMATE RECORD PERIOD 1931 TO 2018


WEATHER ITEM   OBSERVED TIME   RECORD YEAR NORMAL DEPARTURE LAST
                VALUE   (LST)  VALUE       VALUE  FROM      YEAR
                                                  NORMAL
..................................................................
TEMPERATURE (F)
 TODAY
  MAXIMUM         92    231 PM 104    1939  88      4       80
  MINIMUM         57    617 AM  44    1945  58     -1       53
  AVERAGE         75

PRECIPITATION (IN)
  TODAY            0.00          0.52 1982   0.01  -0.01     0.00
  MONTH TO DATE    0.00                      0.16  -0.16      T
  SINCE OCT 1      8.17                     13.01  -4.84    16.93
  SINCE JAN 1      7.14                      8.93  -1.79    11.90

SNOWFALL (IN)
  TODAY            0.0          MM      MM
  MONTH TO DATE    0.0
  SINCE SEP 1      0.0
  SINCE JUL 1      0.0

DEGREE DAYS
 HEATING
  TODAY            0                         0      0        0
  MONTH TO DATE    0                         0      0        3
  SINCE SEP 1      0                         0      0        3
  SINCE JUL 1      0                         0      0        3

 COOLING
  TODAY           10                         8      2        2
  MONTH TO DATE  201                       226    -25      283
  SINCE SEP 1    201                       226    -25      283
  SINCE JAN 1   1627                      1562     65     2018
..................................................................


WIND (MPH)
  RESULTANT WIND SPEED   3   RESULTANT WIND DIRECTION  NW (320)
  HIGHEST WIND SPEED    13   HIGHEST WIND DIRECTION    NW (310)
  HIGHEST GUST SPEED    17   HIGHEST GUST DIRECTION    NW (330)


SKY COVER
  POSSIBLE SUNSHINE  MM
  AVERAGE SKY COVER 0.0


WEATHER CONDITIONS
 THE FOLLOWING WEATHER WAS RECORDED TODAY.
  NO SIGNIFICANT WEATHER WAS OBSERVED.


RELATIVE HUMIDITY (PERCENT)
 HIGHEST    72           600 AM
 LOWEST     17           200 PM
 AVERAGE    45

..........................................................


THE MODESTO CA CLIMATE NORMALS FOR TOMORROW
                         NORMAL    RECORD    YEAR
 MAXIMUM TEMPERATURE (F)   87       103      1997
 MINIMUM TEMPERATURE (F)   58        43      1931


SUNRISE AND SUNSET
SEPTEMBER 23 2018.....SUNRISE   653 AM PDT   SUNSET   659 PM PDT
SEPTEMBER 24 2018.....SUNRISE   653 AM PDT   SUNSET   657 PM PDT


-  INDICATES NEGATIVE NUMBERS.
R  INDICATES RECORD WAS SET OR TIED.
MM INDICATES DATA IS MISSING.
T  INDICATES TRACE AMOUNT.




$$
