000
CDUS43 KBIS 090737
CLIMOT


CLIMATE REPORT
NATIONAL WEATHER SERVICE BISMARCK ND
237 AM CDT SUN AUG 9 2020


...................................

...THE MINOT ND CLIMATE SUMMARY FOR AUGUST 8 2020...

CLIMATE NORMAL PERIOD 1981 TO 2010
CLIMATE RECORD PERIOD 1897 TO 2020


WEATHER ITEM   OBSERVED TIME   RECORD YEAR NORMAL DEPARTURE LAST
                VALUE   (LST)  VALUE       VALUE  FROM      YEAR
                                                  NORMAL
..................................................................
TEMPERATURE (F)
 YESTERDAY
  MAXIMUM         86    455 PM 104    1958  83      3       79
  MINIMUM         53    503 AM  37    1923  57     -4       49
                                      1921
  AVERAGE         70                        70      0       64

PRECIPITATION (IN)
  YESTERDAY        0.00          1.60 1904   0.06  -0.06     0.00
  MONTH TO DATE    1.04                      0.53   0.51     0.78
  SINCE JUN 1      7.18                      6.54   0.64     7.18
  SINCE JAN 1      9.35                     11.93  -2.58     9.04

DEGREE DAYS
 COOLING
  YESTERDAY        5                         6     -1        0
  MONTH TO DATE   39                        48     -9       62
  SINCE JUN 1    349                       290     59      347
  SINCE JAN 1    363                       306     57      370
..................................................................


WIND (MPH)
  HIGHEST WIND SPEED    16   HIGHEST WIND DIRECTION    SW (220)
  HIGHEST GUST SPEED    25   HIGHEST GUST DIRECTION    SW (230)
  AVERAGE WIND SPEED     6.9


SKY COVER
  POSSIBLE SUNSHINE  MM
  AVERAGE SKY COVER 0.0


WEATHER CONDITIONS
 THE FOLLOWING WEATHER WAS RECORDED YESTERDAY.
  NO SIGNIFICANT WEATHER WAS OBSERVED.


RELATIVE HUMIDITY (PERCENT)
 HIGHEST    77           400 AM
 LOWEST     25           500 PM
 AVERAGE    51

..........................................................


THE MINOT ND CLIMATE NORMALS FOR TODAY
                         NORMAL    RECORD    YEAR
 MAXIMUM TEMPERATURE (F)   83       100      1920
 MINIMUM TEMPERATURE (F)   57        40      1939
                                             1917


SUNRISE AND SUNSET
AUGUST  9 2020........SUNRISE   632 AM CDT   SUNSET   908 PM CDT
AUGUST 10 2020........SUNRISE   633 AM CDT   SUNSET   906 PM CDT


-  INDICATES NEGATIVE NUMBERS.
R  INDICATES RECORD WAS SET OR TIED.
MM INDICATES DATA IS MISSING.
T  INDICATES TRACE AMOUNT.




$$
