000
CDUS43 KBIS 180723
CLIMOT


CLIMATE REPORT
NATIONAL WEATHER SERVICE BISMARCK ND
123 AM CST TUE DEC 18 2018


...................................

...THE MINOT ND CLIMATE SUMMARY FOR DECEMBER 17 2018...

CLIMATE NORMAL PERIOD 1981 TO 2010
CLIMATE RECORD PERIOD 1897 TO 2018


WEATHER ITEM   OBSERVED TIME   RECORD YEAR NORMAL DEPARTURE LAST
                VALUE   (LST)  VALUE       VALUE  FROM      YEAR
                                                  NORMAL
..................................................................
TEMPERATURE (F)
 YESTERDAY
  MAXIMUM         42    309 PM  56    1997  23     19       41
  MINIMUM         18    203 AM -32    1906   7     11       21
  AVERAGE         30                        15     15       31

PRECIPITATION (IN)
  YESTERDAY        0.00          1.11 1967   0.01  -0.01     0.00
  MONTH TO DATE    T                         0.20  -0.20      T
  SINCE DEC 1      T                         0.20  -0.20      T
  SINCE JAN 1     10.89                     17.01  -6.12     7.55

DEGREE DAYS
 HEATING
  YESTERDAY       35                        50    -15       34
  MONTH TO DATE  652                       813   -161      584
  SINCE DEC 1    652                       813   -161      584
  SINCE JUL 1   2959                      2871     88     2462
..................................................................


WIND (MPH)
  HIGHEST WIND SPEED    21   HIGHEST WIND DIRECTION     S (160)
  HIGHEST GUST SPEED    30   HIGHEST GUST DIRECTION     S (170)
  AVERAGE WIND SPEED    10.9


SKY COVER
  POSSIBLE SUNSHINE  MM
  AVERAGE SKY COVER 0.0


WEATHER CONDITIONS
 THE FOLLOWING WEATHER WAS RECORDED YESTERDAY.
  NO SIGNIFICANT WEATHER WAS OBSERVED.


RELATIVE HUMIDITY (PERCENT)
 HIGHEST    91           700 AM
 LOWEST     46           200 PM
 AVERAGE    69

..........................................................


THE MINOT ND CLIMATE NORMALS FOR TODAY
                         NORMAL    RECORD    YEAR
 MAXIMUM TEMPERATURE (F)   23        53      1923
 MINIMUM TEMPERATURE (F)    6       -31      1922


SUNRISE AND SUNSET
DECEMBER 18 2018......SUNRISE   831 AM CST   SUNSET   452 PM CST
DECEMBER 19 2018......SUNRISE   832 AM CST   SUNSET   452 PM CST


-  INDICATES NEGATIVE NUMBERS.
R  INDICATES RECORD WAS SET OR TIED.
MM INDICATES DATA IS MISSING.
T  INDICATES TRACE AMOUNT.




$$
