488
CDUS43 KBIS 180032
CLIMOT


CLIMATE REPORT
NATIONAL WEATHER SERVICE BISMARCK ND
731 PM CDT THU OCT 17 2019


...................................

...THE MINOT ND CLIMATE SUMMARY FOR OCTOBER 17 2019...
VALID TODAY AS OF 0500 PM LOCAL TIME.

CLIMATE NORMAL PERIOD 1981 TO 2010
CLIMATE RECORD PERIOD 1897 TO 2019


WEATHER ITEM   OBSERVED TIME   RECORD YEAR NORMAL DEPARTURE LAST
                VALUE   (LST)  VALUE       VALUE  FROM      YEAR
                                                  NORMAL
..................................................................
TEMPERATURE (F)
 TODAY
  MAXIMUM         66    216 PM  87    1914  55     11       63
  MINIMUM         30    639 AM   5    1919  34     -4       29
  AVERAGE         48                        44      4       46

PRECIPITATION (IN)
  TODAY            0.00          0.49 1980   0.03  -0.03     0.00
  MONTH TO DATE    0.98                      0.72   0.26     0.61
  SINCE SEP 1      8.83                      2.18   6.65     1.57
  SINCE JAN 1     20.44                     15.62   4.82     9.95

DEGREE DAYS
 HEATING
  TODAY           17                        21     -4       19
  MONTH TO DATE  380                       296     84      459
  SINCE SEP 1    584                       545     39      786
  SINCE JUL 1    624                       616      8      829

 COOLING
  TODAY            0                         0      0        0
  MONTH TO DATE    0                         0      0        0
  SINCE SEP 1     35                        33      2       17
  SINCE JAN 1    459                       444     15      660
..................................................................


WIND (MPH)
  RESULTANT WIND SPEED   6   RESULTANT WIND DIRECTION  SE (130)
  HIGHEST WIND SPEED    18   HIGHEST WIND DIRECTION     E (100)
  HIGHEST GUST SPEED    25   HIGHEST GUST DIRECTION    SE (120)
  AVERAGE WIND SPEED     6.8


SKY COVER
  POSSIBLE SUNSHINE  MM
  AVERAGE SKY COVER 0.0


WEATHER CONDITIONS
 THE FOLLOWING WEATHER WAS RECORDED TODAY.
  FOG


RELATIVE HUMIDITY (PERCENT)
 HIGHEST    92          1200 AM
 LOWEST     43           200 PM
 AVERAGE    68

..........................................................


THE MINOT ND CLIMATE NORMALS FOR TOMORROW
                         NORMAL    RECORD    YEAR
 MAXIMUM TEMPERATURE (F)   54        80      2000
 MINIMUM TEMPERATURE (F)   33         8      1919


SUNRISE AND SUNSET
OCTOBER 17 2019.......SUNRISE   807 AM CDT   SUNSET   653 PM CDT
OCTOBER 18 2019.......SUNRISE   809 AM CDT   SUNSET   651 PM CDT


-  INDICATES NEGATIVE NUMBERS.
R  INDICATES RECORD WAS SET OR TIED.
MM INDICATES DATA IS MISSING.
T  INDICATES TRACE AMOUNT.




$$
