017
CDUS43 KBIS 200723
CLIMOT


CLIMATE REPORT
NATIONAL WEATHER SERVICE BISMARCK ND
223 AM CDT WED JUN 20 2018


...................................

...THE MINOT ND CLIMATE SUMMARY FOR JUNE 19 2018...

CLIMATE NORMAL PERIOD 1981 TO 2010
CLIMATE RECORD PERIOD 1897 TO 2018


WEATHER ITEM   OBSERVED TIME   RECORD YEAR NORMAL DEPARTURE LAST
                VALUE   (LST)  VALUE       VALUE  FROM      YEAR
                                                  NORMAL
..................................................................
TEMPERATURE (F)
 YESTERDAY
  MAXIMUM         81    326 PM  96    1911  76      5       77
  MINIMUM         60    508 AM  27    1915  54      6       50
  AVERAGE         71                        65      6       64

PRECIPITATION (IN)
  YESTERDAY        0.00          1.13 1908   0.13  -0.13      T
  MONTH TO DATE    3.41                      2.30   1.11     1.20
  SINCE JUN 1      3.41                      2.30   1.11     1.20
  SINCE JAN 1      5.10                      7.69  -2.59     2.57

DEGREE DAYS
 COOLING
  YESTERDAY        6                         3      3        0
  MONTH TO DATE   71                        36     35       74
  SINCE JUN 1     71                        36     35       74
  SINCE JAN 1    150                        52     98       77
..................................................................


WIND (MPH)
  HIGHEST WIND SPEED    12   HIGHEST WIND DIRECTION    NE (30)
  HIGHEST GUST SPEED    14   HIGHEST GUST DIRECTION    NE (40)
  AVERAGE WIND SPEED     3.3


SKY COVER
  POSSIBLE SUNSHINE  MM
  AVERAGE SKY COVER 0.6


WEATHER CONDITIONS
 THE FOLLOWING WEATHER WAS RECORDED YESTERDAY.
  NO SIGNIFICANT WEATHER WAS OBSERVED.


RELATIVE HUMIDITY (PERCENT)
 HIGHEST    84           100 AM
 LOWEST     30           500 PM
 AVERAGE    57

..........................................................


THE MINOT ND CLIMATE NORMALS FOR TODAY
                         NORMAL    RECORD    YEAR
 MAXIMUM TEMPERATURE (F)   76       109      1910
 MINIMUM TEMPERATURE (F)   54        34      1969


SUNRISE AND SUNSET
JUNE 20 2018..........SUNRISE   544 AM CDT   SUNSET   949 PM CDT
JUNE 21 2018..........SUNRISE   544 AM CDT   SUNSET   950 PM CDT


-  INDICATES NEGATIVE NUMBERS.
R  INDICATES RECORD WAS SET OR TIED.
MM INDICATES DATA IS MISSING.
T  INDICATES TRACE AMOUNT.




$$
