000
CDUS43 KBIS 070737
CLIMOT

CLIMATE REPORT
NATIONAL WEATHER SERVICE BISMARCK, ND
237 AM CDT FRI MAY 07 2021

...................................

...THE MINOT ND CLIMATE SUMMARY FOR MAY 6 2021...

CLIMATE NORMAL PERIOD: 1991 TO 2020
CLIMATE RECORD PERIOD: 1897 TO 2021


WEATHER ITEM   OBSERVED TIME   RECORD YEAR NORMAL DEPARTURE LAST
                VALUE   (LST)  VALUE       VALUE  FROM      YEAR
                                                  NORMAL
...................................................................
TEMPERATURE (F)
 YESTERDAY
  MAXIMUM         69   2:22 PM  88    1992  65      4       68
  MINIMUM         37  10:03 PM  15    1931  39     -2       38
  AVERAGE         53                        52      1       53

PRECIPITATION (IN)
  YESTERDAY        T             1.85 1964   0.07  -0.07     0.00
  MONTH TO DATE    0.08                      0.38  -0.30     0.32
  SINCE MAR 1      0.08                      1.89  -1.81     1.17
  SINCE JAN 1      0.30                      2.46  -2.16     1.20

DEGREE DAYS
 HEATING
  YESTERDAY       12                        13     -1       12
  MONTH TO DATE   85                        85      0       84
  SINCE MAR 1   1595                      1839   -244     1888
  SINCE JUL 1   7613                      8096   -483     8200

 COOLING
  YESTERDAY        0                         0      0        0
  MONTH TO DATE    3                         0      3        0
  SINCE MAR 1      3                         1      2        0
  SINCE JAN 1      3                         1      2        0
...................................................................


WIND (MPH)
  HIGHEST WIND SPEED    32   HIGHEST WIND DIRECTION    NW (310)
  HIGHEST GUST SPEED    40   HIGHEST GUST DIRECTION    NW (310)
  AVERAGE WIND SPEED    15.4


SKY COVER
  AVERAGE SKY COVER 0.1


WEATHER CONDITIONS
THE FOLLOWING WEATHER WAS RECORDED YESTERDAY.
  NO SIGNIFICANT WEATHER WAS OBSERVED.


RELATIVE HUMIDITY (PERCENT)
 HIGHEST    41           4:00 AM
 LOWEST     11           4:00 PM
 AVERAGE    26

..........................................................


THE MINOT ND CLIMATE NORMALS FOR TODAY
                         NORMAL    RECORD    YEAR
 MAXIMUM TEMPERATURE (F)   66        93      1928
 MINIMUM TEMPERATURE (F)   40        15      1907


SUNRISE AND SUNSET
MAY  7 2021...........SUNRISE   6:16 AM CDT   SUNSET   9:08 PM CDT
MAY  8 2021...........SUNRISE   6:15 AM CDT   SUNSET   9:09 PM CDT


-  INDICATES NEGATIVE NUMBERS.
R  INDICATES RECORD WAS SET OR TIED.
MM INDICATES DATA IS MISSING.
T  INDICATES TRACE AMOUNT.




$$
