000
CDUS43 KBIS 230726
CLIMOT


CLIMATE REPORT
NATIONAL WEATHER SERVICE BISMARCK ND
225 AM CDT SUN SEP 23 2018


...................................

...THE MINOT ND CLIMATE SUMMARY FOR SEPTEMBER 22 2018...

CLIMATE NORMAL PERIOD 1981 TO 2010
CLIMATE RECORD PERIOD 1897 TO 2018


WEATHER ITEM   OBSERVED TIME   RECORD YEAR NORMAL DEPARTURE LAST
                VALUE   (LST)  VALUE       VALUE  FROM      YEAR
                                                  NORMAL
..................................................................
TEMPERATURE (F)
 YESTERDAY
  MAXIMUM         57   1034 AM  98    1938  67    -10       52
  MINIMUM         37   1137 PM  24    1947  43     -6       46
  AVERAGE         47                        55     -8       49

PRECIPITATION (IN)
  YESTERDAY        0.00          2.85 1959   0.05  -0.05     0.04
  MONTH TO DATE    0.92                      1.08  -0.16     1.54
  SINCE SEP 1      0.92                      1.08  -0.16     1.54
  SINCE JAN 1      9.30                     14.52  -5.22     6.87

DEGREE DAYS
 HEATING
  YESTERDAY       18                        11      7       16
  MONTH TO DATE  160                       152      8      102
  SINCE SEP 1    160                       152      8      102
  SINCE JUL 1    203                       223    -20      112

 COOLING
  YESTERDAY        0                         0      0        0
  MONTH TO DATE   17                        30    -13       62
  SINCE SEP 1     17                        30    -13       62
  SINCE JAN 1    660                       441    219      580
..................................................................


WIND (MPH)
  HIGHEST WIND SPEED    24   HIGHEST WIND DIRECTION    NE (60)
  HIGHEST GUST SPEED    30   HIGHEST GUST DIRECTION    NE (40)
  AVERAGE WIND SPEED    13.5


SKY COVER
  POSSIBLE SUNSHINE  MM
  AVERAGE SKY COVER 0.7


WEATHER CONDITIONS
 THE FOLLOWING WEATHER WAS RECORDED YESTERDAY.
  FOG


RELATIVE HUMIDITY (PERCENT)
 HIGHEST    92           900 PM
 LOWEST     61          1100 AM
 AVERAGE    77

..........................................................


THE MINOT ND CLIMATE NORMALS FOR TODAY
                         NORMAL    RECORD    YEAR
 MAXIMUM TEMPERATURE (F)   66        96      1917
 MINIMUM TEMPERATURE (F)   43        28      1976
                                             1951


SUNRISE AND SUNSET
SEPTEMBER 23 2018.....SUNRISE   733 AM CDT   SUNSET   741 PM CDT
SEPTEMBER 24 2018.....SUNRISE   735 AM CDT   SUNSET   739 PM CDT


-  INDICATES NEGATIVE NUMBERS.
R  INDICATES RECORD WAS SET OR TIED.
MM INDICATES DATA IS MISSING.
T  INDICATES TRACE AMOUNT.




$$
