000
CDUS41 KPHI 162129
CLIMPO


CLIMATE REPORT
NATIONAL WEATHER SERVICE MOUNT HOLLY NJ
529 PM EDT MON JUL 16 2018


...................................

...THE MOUNT POCONO PA CLIMATE SUMMARY FOR JULY 16 2018...
VALID TODAY AS OF 0500 PM LOCAL TIME.

CLIMATE NORMAL PERIOD 1981 TO 2010
CLIMATE RECORD PERIOD 1901 TO 2018


WEATHER ITEM   OBSERVED TIME   RECORD YEAR NORMAL DEPARTURE LAST
                VALUE   (LST)  VALUE       VALUE  FROM      YEAR
                                                  NORMAL
..................................................................
TEMPERATURE (F)
 TODAY
  MAXIMUM         86    201 PM  93    1988  78      8       79
  MINIMUM         63    517 AM  40    1939  59      4       55
  AVERAGE         75                        68      7       67

PRECIPITATION (IN)
  TODAY            0.00          2.77 1947   0.14  -0.14     0.00
  MONTH TO DATE    0.90                      2.07  -1.17     3.09
  SINCE JUN 1      6.34                      6.45  -0.11     6.89
  SINCE JAN 1     30.09                     23.95   6.14    23.79

DEGREE DAYS
 HEATING
  TODAY            0                         1     -1        0
  MONTH TO DATE    8                        16     -8        4
  SINCE JUN 1    116                       116      0      131
  SINCE JUL 1      8                        16     -8        4

 COOLING
  TODAY           10                         4      6        2
  MONTH TO DATE   92                        63     29       53
  SINCE JUN 1    150                       125     25      114
  SINCE JAN 1    186                       144     42      132
..................................................................


WIND (MPH)
  HIGHEST WIND SPEED    18   HIGHEST WIND DIRECTION    SW (210)
  HIGHEST GUST SPEED    22   HIGHEST GUST DIRECTION    SW (210)
  AVERAGE WIND SPEED     3.9


SKY COVER
  POSSIBLE SUNSHINE  MM
  AVERAGE SKY COVER 0.2


WEATHER CONDITIONS
 THE FOLLOWING WEATHER WAS RECORDED TODAY.
  THUNDERSTORM
  FOG


RELATIVE HUMIDITY (PERCENT)
 HIGHEST   100          1200 AM
 LOWEST     59          1200 PM
 AVERAGE    80

..........................................................


THE MOUNT POCONO PA CLIMATE NORMALS FOR TOMORROW
                         NORMAL    RECORD    YEAR
 MAXIMUM TEMPERATURE (F)   78        91      1999
 MINIMUM TEMPERATURE (F)   59        38      1939
                                             1920


SUNRISE AND SUNSET
JULY 16 2018..........SUNRISE   543 AM EDT   SUNSET   832 PM EDT
JULY 17 2018..........SUNRISE   544 AM EDT   SUNSET   831 PM EDT


-  INDICATES NEGATIVE NUMBERS.
R  INDICATES RECORD WAS SET OR TIED.
MM INDICATES DATA IS MISSING.
T  INDICATES TRACE AMOUNT.




$$
