315
CDUS41 KPHI 162135
CLIMPO


CLIMATE REPORT
NATIONAL WEATHER SERVICE MOUNT HOLLY NJ
535 PM EDT WED OCT 16 2019


...................................

...THE MOUNT POCONO PA CLIMATE SUMMARY FOR OCTOBER 16 2019...
VALID TODAY AS OF 0500 PM LOCAL TIME.

CLIMATE NORMAL PERIOD 1981 TO 2010
CLIMATE RECORD PERIOD 1901 TO 2019


WEATHER ITEM   OBSERVED TIME   RECORD YEAR NORMAL DEPARTURE LAST
                VALUE   (LST)  VALUE       VALUE  FROM      YEAR
                                                  NORMAL
..................................................................
TEMPERATURE (F)
 TODAY
  MAXIMUM         55    132 PM  79    1947  58     -3       49
  MINIMUM         45    246 AM  20    1907  39      6       34
  AVERAGE         50                        48      2       42

PRECIPITATION (IN)
  TODAY            0.89          1.96 2002   0.13   0.76     0.00
  MONTH TO DATE    2.28                      2.31  -0.03     3.77
  SINCE SEP 1      3.57                      7.67  -4.10    14.04
  SINCE JAN 1     38.50                     38.65  -0.15    61.18

DEGREE DAYS
 HEATING
  TODAY           15                        17     -2       23
  MONTH TO DATE  196                       236    -40      139
  SINCE SEP 1    333                       441   -108      276
  SINCE JUL 1    374                       504   -130      310

 COOLING
  TODAY            0                         0      0        0
  MONTH TO DATE    5                         0      5        8
  SINCE SEP 1     30                        17     13       67
  SINCE JAN 1    348                       313     35      465
..................................................................


WIND (MPH)
  HIGHEST WIND SPEED    23   HIGHEST WIND DIRECTION    SE (130)
  HIGHEST GUST SPEED    32   HIGHEST GUST DIRECTION    SE (130)
  AVERAGE WIND SPEED     9.5


SKY COVER
  POSSIBLE SUNSHINE  MM
  AVERAGE SKY COVER 0.9


WEATHER CONDITIONS
 THE FOLLOWING WEATHER WAS RECORDED TODAY.
  HEAVY RAIN
  RAIN
  LIGHT RAIN
  FOG
  FOG W/VISIBILITY <= 1/4 MILE


RELATIVE HUMIDITY (PERCENT)
 HIGHEST   100           100 AM
 LOWEST     92          1200 AM
 AVERAGE    96

..........................................................


THE MOUNT POCONO PA CLIMATE NORMALS FOR TOMORROW
                         NORMAL    RECORD    YEAR
 MAXIMUM TEMPERATURE (F)   57        82      1908
 MINIMUM TEMPERATURE (F)   38        16      1916


SUNRISE AND SUNSET
OCTOBER 16 2019.......SUNRISE   714 AM EDT   SUNSET   620 PM EDT
OCTOBER 17 2019.......SUNRISE   715 AM EDT   SUNSET   618 PM EDT


-  INDICATES NEGATIVE NUMBERS.
R  INDICATES RECORD WAS SET OR TIED.
MM INDICATES DATA IS MISSING.
T  INDICATES TRACE AMOUNT.




$$
