000
CDUS41 KPHI 070556
CLIMPO

CLIMATE REPORT
NATIONAL WEATHER SERVICE MOUNT HOLLY NJ
156 AM EDT FRI MAY 07 2021

...................................

...THE MOUNT POCONO PA CLIMATE SUMMARY FOR MAY 6 2021...

CLIMATE NORMAL PERIOD: 1991 TO 2020
CLIMATE RECORD PERIOD: 1901 TO 2021


WEATHER ITEM   OBSERVED TIME   RECORD YEAR NORMAL DEPARTURE LAST
                VALUE   (LST)  VALUE       VALUE  FROM      YEAR
                                                  NORMAL
...................................................................
TEMPERATURE (F)
 YESTERDAY
  MAXIMUM         55   3:35 PM  85    1934  63     -8       46
                                      1939
  MINIMUM         41   6:10 AM  23    1911  42     -1       37
  AVERAGE         48                        52     -4       42

PRECIPITATION (IN)
  YESTERDAY        0.01          2.92 1989   0.13  -0.12     0.06
  MONTH TO DATE    2.32                      0.77   1.55     0.17
  SINCE MAR 1      6.16                      8.84  -2.68     8.40
  SINCE JAN 1     12.85                     14.27  -1.42    13.04

DEGREE DAYS
 HEATING
  YESTERDAY       17                        13      4       23
  MONTH TO DATE   65                        83    -18       92
  SINCE MAR 1   1553                      1703   -150     1633
  SINCE JUL 1   6420                      6899   -479     6469

 COOLING
  YESTERDAY        0                         0      0        0
  MONTH TO DATE    0                         0      0        0
  SINCE MAR 1      2                         2      0        0
  SINCE JAN 1      2                         2      0        0
...................................................................


WIND (MPH)
  HIGHEST WIND SPEED    24   HIGHEST WIND DIRECTION    NW (310)
  HIGHEST GUST SPEED    34   HIGHEST GUST DIRECTION    NW (310)
  AVERAGE WIND SPEED    14.6


SKY COVER
  POSSIBLE SUNSHINE  MM
  AVERAGE SKY COVER 0.3


WEATHER CONDITIONS
THE FOLLOWING WEATHER WAS RECORDED YESTERDAY.
  LIGHT RAIN


RELATIVE HUMIDITY (PERCENT)
 HIGHEST    82          12:00 AM
 LOWEST     36           4:00 PM
 AVERAGE    59

..........................................................


THE MOUNT POCONO PA CLIMATE NORMALS FOR TODAY
                         NORMAL    RECORD    YEAR
 MAXIMUM TEMPERATURE (F)   63        85      2000
 MINIMUM TEMPERATURE (F)   42        26      1970


SUNRISE AND SUNSET
MAY  7 2021...........SUNRISE   5:52 AM EDT   SUNSET   8:05 PM EDT
MAY  8 2021...........SUNRISE   5:50 AM EDT   SUNSET   8:06 PM EDT


-  INDICATES NEGATIVE NUMBERS.
R  INDICATES RECORD WAS SET OR TIED.
MM INDICATES DATA IS MISSING.
T  INDICATES TRACE AMOUNT.




$$
