000
CDUS41 KPHI 090553
CLIMPO

CLIMATE REPORT
NATIONAL WEATHER SERVICE MOUNT HOLLY NJ
153 AM EDT SUN AUG 09 2020

...................................

...THE MOUNT POCONO PA CLIMATE SUMMARY FOR AUGUST 8 2020...

CLIMATE NORMAL PERIOD: 1981 TO 2010
CLIMATE RECORD PERIOD: 1901 TO 2020


WEATHER ITEM   OBSERVED TIME   RECORD YEAR NORMAL DEPARTURE LAST
                VALUE   (LST)  VALUE       VALUE  FROM      YEAR
                                                  NORMAL
...................................................................
TEMPERATURE (F)
 YESTERDAY
  MAXIMUM         78  12:55 PM  95    1909  78      0       79
  MINIMUM         56   4:51 AM  37    1903  58     -2       60
  AVERAGE         67                        68     -1       70

PRECIPITATION (IN)
  YESTERDAY        0.35          2.90 1917   0.15   0.20     0.03
  MONTH TO DATE    5.22                      1.32   3.90     0.56
  SINCE JUN 1     11.73                     10.34   1.39    10.22
  SINCE JAN 1     26.67                     27.84  -1.17    33.45

DEGREE DAYS
 HEATING
  YESTERDAY        0                         1     -1        0
  MONTH TO DATE    1                         8     -7        0
  SINCE JUN 1     91                       130    -39      112
  SINCE JUL 1      1                        30    -29        1

 COOLING
  YESTERDAY        2                         4     -2        5
  MONTH TO DATE   26                        32     -6       35
  SINCE JUN 1    294                       215     79      251
  SINCE JAN 1    306                       234     72      260
...................................................................


WIND (MPH)
  HIGHEST WIND SPEED    10   HIGHEST WIND DIRECTION    SE (150)
  HIGHEST GUST SPEED    15   HIGHEST GUST DIRECTION    SE (120)
  AVERAGE WIND SPEED     2.5


SKY COVER
  POSSIBLE SUNSHINE  MM
  AVERAGE SKY COVER 0.7


WEATHER CONDITIONS
THE FOLLOWING WEATHER WAS RECORDED YESTERDAY.
  HEAVY RAIN
  RAIN
  LIGHT RAIN
  FOG
  FOG W/VISIBILITY <= 1/4 MILE


RELATIVE HUMIDITY (PERCENT)
 HIGHEST   100           1:00 AM
 LOWEST     62           1:00 PM
 AVERAGE    81

..........................................................


THE MOUNT POCONO PA CLIMATE NORMALS FOR TODAY
                         NORMAL    RECORD    YEAR
 MAXIMUM TEMPERATURE (F)   78        92      1909
 MINIMUM TEMPERATURE (F)   58        37      1989


SUNRISE AND SUNSET
AUGUST  9 2020........SUNRISE   6:06 AM EDT   SUNSET   8:08 PM EDT
AUGUST 10 2020........SUNRISE   6:07 AM EDT   SUNSET   8:06 PM EDT


-  INDICATES NEGATIVE NUMBERS.
R  INDICATES RECORD WAS SET OR TIED.
MM INDICATES DATA IS MISSING.
T  INDICATES TRACE AMOUNT.




$$
