000
CDUS41 KPHI 150600
CLIMPO


CLIMATE REPORT
NATIONAL WEATHER SERVICE MOUNT HOLLY NJ
159 AM EDT MON OCT 15 2018


...................................

...THE MOUNT POCONO PA CLIMATE SUMMARY FOR OCTOBER 14 2018...

CLIMATE NORMAL PERIOD 1981 TO 2010
CLIMATE RECORD PERIOD 1901 TO 2018


WEATHER ITEM   OBSERVED TIME   RECORD YEAR NORMAL DEPARTURE LAST
                VALUE   (LST)  VALUE       VALUE  FROM      YEAR
                                                  NORMAL
..................................................................
TEMPERATURE (F)
 YESTERDAY
  MAXIMUM         49   1258 PM  78    1975  58     -9       65
  MINIMUM         32    102 AM  21    1906  39     -7       53
  AVERAGE         41                        49     -8       59

PRECIPITATION (IN)
  YESTERDAY        0.00          2.08 1955   0.14  -0.14     0.00
  MONTH TO DATE    3.67                      2.04   1.63     2.90
  SINCE SEP 1     13.94                      7.40   6.54     5.72
  SINCE JAN 1     61.08                     38.38  22.70    36.33

DEGREE DAYS
 HEATING
  YESTERDAY       24                        16      8        6
  MONTH TO DATE  103                       202    -99       94
  SINCE SEP 1    240                       407   -167      246
  SINCE JUL 1    274                       470   -196      344

 COOLING
  YESTERDAY        0                         0      0        0
  MONTH TO DATE    8                         0      8       12
  SINCE SEP 1     67                        17     50       58
  SINCE JAN 1    465                       313    152      287
..................................................................


WIND (MPH)
  HIGHEST WIND SPEED    13   HIGHEST WIND DIRECTION    SW (240)
  HIGHEST GUST SPEED    17   HIGHEST GUST DIRECTION    SW (230)
  AVERAGE WIND SPEED     5.2


SKY COVER
  POSSIBLE SUNSHINE  MM
  AVERAGE SKY COVER 0.4


WEATHER CONDITIONS
 THE FOLLOWING WEATHER WAS RECORDED YESTERDAY.
  FOG


RELATIVE HUMIDITY (PERCENT)
 HIGHEST   100          1200 AM
 LOWEST     66          1100 AM
 AVERAGE    83

..........................................................


THE MOUNT POCONO PA CLIMATE NORMALS FOR TODAY
                         NORMAL    RECORD    YEAR
 MAXIMUM TEMPERATURE (F)   58        77      1989
                                             1956
 MINIMUM TEMPERATURE (F)   39        21      1907


SUNRISE AND SUNSET
OCTOBER 15 2018.......SUNRISE   713 AM EDT   SUNSET   621 PM EDT
OCTOBER 16 2018.......SUNRISE   714 AM EDT   SUNSET   619 PM EDT


-  INDICATES NEGATIVE NUMBERS.
R  INDICATES RECORD WAS SET OR TIED.
MM INDICATES DATA IS MISSING.
T  INDICATES TRACE AMOUNT.




$$
