000
CDUS41 KPHI 252129
CLIMPO


CLIMATE REPORT
NATIONAL WEATHER SERVICE MOUNT HOLLY NJ
427 PM EST SUN FEB 25 2018


...................................

...THE MOUNT POCONO PA CLIMATE SUMMARY FOR FEBRUARY 25 2018...
VALID TODAY AS OF 0400 PM LOCAL TIME.

CLIMATE NORMAL PERIOD 1981 TO 2010
CLIMATE RECORD PERIOD 1901 TO 2018


WEATHER ITEM   OBSERVED TIME   RECORD YEAR NORMAL DEPARTURE LAST
                VALUE   (LST)  VALUE       VALUE  FROM      YEAR
                                                  NORMAL
..................................................................
TEMPERATURE (F)
 TODAY
  MAXIMUM         39    359 PM  70    1930  36      3       61
  MINIMUM         33    602 AM -15    1907  20     13       32
  AVERAGE         36                        28      8       47

PRECIPITATION (IN)
  TODAY            1.05          2.14 1916   0.10   0.95     0.69
  MONTH TO DATE    4.71                      2.11   2.60     2.03
  SINCE DEC 1     10.87                      8.83   2.04     7.15
  SINCE JAN 1      9.63                      4.96   4.67     4.96

DEGREE DAYS
 HEATING
  TODAY           29                        37     -8       18
  MONTH TO DATE  847                       982   -135      824
  SINCE DEC 1   3447                      3434     13     3125
  SINCE JUL 1   4885                      5013   -128     4518

 COOLING
  TODAY            0                         0      0        0
  MONTH TO DATE    0                         0      0        0
  SINCE DEC 1      0                         0      0        0
  SINCE JAN 1      0                         0      0        0
..................................................................


WIND (MPH)
  HIGHEST WIND SPEED    21   HIGHEST WIND DIRECTION     E (110)
  HIGHEST GUST SPEED    29   HIGHEST GUST DIRECTION     E (100)
  AVERAGE WIND SPEED    10.3


SKY COVER
  POSSIBLE SUNSHINE  MM
  AVERAGE SKY COVER 1.0


WEATHER CONDITIONS
 THE FOLLOWING WEATHER WAS RECORDED TODAY.
  HEAVY RAIN
  RAIN
  LIGHT RAIN
  FOG
  FOG W/VISIBILITY <= 1/4 MILE


RELATIVE HUMIDITY (PERCENT)
 HIGHEST   100          1200 AM
 LOWEST    100          1200 AM
 AVERAGE   100

..........................................................


THE MOUNT POCONO PA CLIMATE NORMALS FOR TOMORROW
                         NORMAL    RECORD    YEAR
 MAXIMUM TEMPERATURE (F)   37        63      1976
 MINIMUM TEMPERATURE (F)   20        -6      1910


SUNRISE AND SUNSET
FEBRUARY 25 2018......SUNRISE   642 AM EST   SUNSET   548 PM EST
FEBRUARY 26 2018......SUNRISE   640 AM EST   SUNSET   549 PM EST


-  INDICATES NEGATIVE NUMBERS.
R  INDICATES RECORD WAS SET OR TIED.
MM INDICATES DATA IS MISSING.
T  INDICATES TRACE AMOUNT.




$$
