288
CDUS41 KPHI 240555
CLIMPO


CLIMATE REPORT
NATIONAL WEATHER SERVICE MOUNT HOLLY NJ
1254 AM EST THU JAN 24 2019


...................................

...THE MOUNT POCONO PA CLIMATE SUMMARY FOR JANUARY 23 2019...

CLIMATE NORMAL PERIOD 1981 TO 2010
CLIMATE RECORD PERIOD 1901 TO 2019


WEATHER ITEM   OBSERVED TIME   RECORD YEAR NORMAL DEPARTURE LAST
                VALUE   (LST)  VALUE       VALUE  FROM      YEAR
                                                  NORMAL
..................................................................
TEMPERATURE (F)
 YESTERDAY
  MAXIMUM         40   1159 PM  62    1906  31      9       50
  MINIMUM         17   1239 AM -15    1970  16      1       34
  AVERAGE         29                        23      6       42

PRECIPITATION (IN)
  YESTERDAY        0.02          2.10 1987   0.09  -0.07     1.48
  MONTH TO DATE    2.36                      2.29   0.07     4.75
  SINCE DEC 1      9.84                      6.16   3.68     5.99
  SINCE JAN 1      2.36                      2.29   0.07     4.75

DEGREE DAYS
 HEATING
  YESTERDAY       36                        42     -6       23
  MONTH TO DATE  950                       962    -12     1024
  SINCE DEC 1   2026                      2120    -94     2284
  SINCE JUL 1   3643                      3699    -56     3722

 COOLING
  YESTERDAY        0                         0      0        0
  MONTH TO DATE    0                         0      0        0
  SINCE DEC 1      0                         0      0        0
  SINCE JAN 1      0                         0      0        0
..................................................................


WIND (MPH)
  HIGHEST WIND SPEED    18   HIGHEST WIND DIRECTION    SW (210)
  HIGHEST GUST SPEED    24   HIGHEST GUST DIRECTION    SW (210)
  AVERAGE WIND SPEED     8.7


SKY COVER
  POSSIBLE SUNSHINE  MM
  AVERAGE SKY COVER 0.7


WEATHER CONDITIONS
 THE FOLLOWING WEATHER WAS RECORDED YESTERDAY.
  LIGHT RAIN
  LT FREEZING RAIN
  FOG


RELATIVE HUMIDITY (PERCENT)
 HIGHEST    92           900 PM
 LOWEST     61          1200 AM
 AVERAGE    77

..........................................................


THE MOUNT POCONO PA CLIMATE NORMALS FOR TODAY
                         NORMAL    RECORD    YEAR
 MAXIMUM TEMPERATURE (F)   31        62      1967
 MINIMUM TEMPERATURE (F)   16       -19      1907


SUNRISE AND SUNSET
JANUARY 24 2019.......SUNRISE   720 AM EST   SUNSET   508 PM EST
JANUARY 25 2019.......SUNRISE   719 AM EST   SUNSET   509 PM EST


-  INDICATES NEGATIVE NUMBERS.
R  INDICATES RECORD WAS SET OR TIED.
MM INDICATES DATA IS MISSING.
T  INDICATES TRACE AMOUNT.




$$
