220
CDUS41 KBTV 190532
CLIMPV


CLIMATE REPORT
NATIONAL WEATHER SERVICE BURLINGTON VT
131 AM EDT THU JUL 19 2018


...................................

...THE MONTPELIER VT CLIMATE SUMMARY FOR JULY 18 2018...

CLIMATE NORMAL PERIOD 1981 TO 2010
CLIMATE RECORD PERIOD 1948 TO 2018


WEATHER ITEM   OBSERVED TIME   RECORD YEAR NORMAL DEPARTURE LAST
                VALUE   (LST)  VALUE       VALUE  FROM      YEAR
                                                  NORMAL
..................................................................
TEMPERATURE (F)
 YESTERDAY
  MAXIMUM         72    319 PM  96    1953  79     -7       81
  MINIMUM         47   1150 PM  43    1956  56     -9       61
  AVERAGE         60                        67     -7       71

PRECIPITATION (IN)
  YESTERDAY        0.00          1.31        0.14  -0.14     0.00
  MONTH TO DATE    0.94                      2.23  -1.29     3.72
  SINCE JUN 1      3.36                      6.03  -2.67    12.32
  SINCE JAN 1     18.02                     18.94  -0.92    27.52

DEGREE DAYS
 HEATING
  YESTERDAY        5                         1      4        0
  MONTH TO DATE   12                        24    -12       16
  SINCE JUN 1    193                       145     48      162
  SINCE JUL 1     12                        24    -12       16

 COOLING
  YESTERDAY        0                         3     -3        6
  MONTH TO DATE   96                        58     38       50
  SINCE JUN 1    133                       111     22      115
  SINCE JAN 1    137                       121     16      132
..................................................................


WIND (MPH)
  HIGHEST WIND SPEED    18   HIGHEST WIND DIRECTION    NW (330)
  HIGHEST GUST SPEED    23   HIGHEST GUST DIRECTION    NW (310)
  AVERAGE WIND SPEED     7.6


SKY COVER
  AVERAGE SKY COVER 0.1


WEATHER CONDITIONS
 THE FOLLOWING WEATHER WAS RECORDED YESTERDAY.
  NO SIGNIFICANT WEATHER WAS OBSERVED.


RELATIVE HUMIDITY (PERCENT)
 HIGHEST    87          1200 AM
 LOWEST     37           500 PM
 AVERAGE    62

..........................................................


THE MONTPELIER VT CLIMATE NORMALS FOR TODAY
                         NORMAL    RECORD    YEAR
 MAXIMUM TEMPERATURE (F)   79        92      1991
 MINIMUM TEMPERATURE (F)   56        44      1956


SUNRISE AND SUNSET
JULY 19 2018..........SUNRISE   524 AM EDT   SUNSET   828 PM EDT
JULY 20 2018..........SUNRISE   525 AM EDT   SUNSET   827 PM EDT


-  INDICATES NEGATIVE NUMBERS.
R  INDICATES RECORD WAS SET OR TIED.
MM INDICATES DATA IS MISSING.
T  INDICATES TRACE AMOUNT.




$$
