000
CDUS41 KBTV 310541
CLIMPV

CLIMATE REPORT
NATIONAL WEATHER SERVICE BURLINGTON VT
141 AM EDT SAT OCT 31 2020

...................................

...THE MONTPELIER VT CLIMATE SUMMARY FOR OCTOBER 30 2020...

CLIMATE NORMAL PERIOD: 1981 TO 2010
CLIMATE RECORD PERIOD: 1948 TO 2020


WEATHER ITEM   OBSERVED TIME   RECORD YEAR NORMAL DEPARTURE LAST
                VALUE   (LST)  VALUE       VALUE  FROM      YEAR
                                                  NORMAL
...................................................................
TEMPERATURE (F)
 YESTERDAY
  MAXIMUM         36   3:02 PM  70    1989  51    -15       64
  MINIMUM         19  11:49 PM  18    1966  32    -13       46
  AVERAGE         28                        41    -13       55

PRECIPITATION (IN)
  YESTERDAY        0.00          1.16 2012   0.11  -0.11     0.00
  MONTH TO DATE    5.01                      3.34   1.67     5.55
  SINCE SEP 1      8.76                      6.46   2.30     8.36
  SINCE JAN 1     31.77                     31.26   0.51    43.16

DEGREE DAYS
 HEATING
  YESTERDAY       37                        24     13       10
  MONTH TO DATE  564                       577    -13      533
  SINCE SEP 1    801                       824    -23      775
  SINCE JUL 1    861                       932    -71      843

 COOLING
  YESTERDAY        0                         0      0        0
  MONTH TO DATE    0                         0      0        0
  SINCE SEP 1     28                        19      9        9
  SINCE JAN 1    402                       263    139      220
...................................................................


WIND (MPH)
  HIGHEST WIND SPEED    12   HIGHEST WIND DIRECTION    NE (40)
  HIGHEST GUST SPEED    15   HIGHEST GUST DIRECTION     N (360)
  AVERAGE WIND SPEED     4.8


SKY COVER
  AVERAGE SKY COVER 0.3


WEATHER CONDITIONS
THE FOLLOWING WEATHER WAS RECORDED YESTERDAY.
  NO SIGNIFICANT WEATHER WAS OBSERVED.


RELATIVE HUMIDITY (PERCENT)
 HIGHEST    92          12:00 AM
 LOWEST     47           4:00 PM
 AVERAGE    70

..........................................................


THE MONTPELIER VT CLIMATE NORMALS FOR TODAY
                         NORMAL    RECORD    YEAR
 MAXIMUM TEMPERATURE (F)   50        70      1956
 MINIMUM TEMPERATURE (F)   31        16      1966
                                             2002


SUNRISE AND SUNSET
OCTOBER 31 2020.......SUNRISE   7:26 AM EDT   SUNSET   5:41 PM EDT
NOVEMBER  1 2020......SUNRISE   6:28 AM EST   SUNSET   4:39 PM EST


-  INDICATES NEGATIVE NUMBERS.
R  INDICATES RECORD WAS SET OR TIED.
MM INDICATES DATA IS MISSING.
T  INDICATES TRACE AMOUNT.




$$
