000
CDUS41 KBTV 200531
CLIMPV


CLIMATE REPORT
NATIONAL WEATHER SERVICE BURLINGTON VT
1230 AM EST SUN JAN 20 2019


...................................

...THE MONTPELIER VT CLIMATE SUMMARY FOR JANUARY 19 2019...

CLIMATE NORMAL PERIOD 1981 TO 2010
CLIMATE RECORD PERIOD 1948 TO 2019


WEATHER ITEM   OBSERVED TIME   RECORD YEAR NORMAL DEPARTURE LAST
                VALUE   (LST)  VALUE       VALUE  FROM      YEAR
                                                  NORMAL
..................................................................
TEMPERATURE (F)
 YESTERDAY
  MAXIMUM         18   1229 AM  57    1949  26     -8       26
  MINIMUM          3    917 AM -26    1997   7     -4       19
  AVERAGE         11                        16     -5       23

PRECIPITATION (IN)
  YESTERDAY        0.14          1.07        0.07   0.07      T
  MONTH TO DATE    1.02                      1.41  -0.39     1.91
  SINCE DEC 1      4.42                      4.15   0.27     4.18
  SINCE JAN 1      1.02                      1.41  -0.39     1.91

DEGREE DAYS
 HEATING
  YESTERDAY       54                        49      5       42
  MONTH TO DATE  932                       919     13      997
  SINCE DEC 1   2267                      2221     46     2480
  SINCE JUL 1   4186                      4067    119     4114

 COOLING
  YESTERDAY        0                         0      0        0
  MONTH TO DATE    0                         0      0        0
  SINCE DEC 1      0                         0      0        0
  SINCE JAN 1      0                         0      0        0
..................................................................


WIND (MPH)
  HIGHEST WIND SPEED    13   HIGHEST WIND DIRECTION    NW (330)
  HIGHEST GUST SPEED    16   HIGHEST GUST DIRECTION    NW (320)
  AVERAGE WIND SPEED     3.6


SKY COVER
  AVERAGE SKY COVER 0.9


WEATHER CONDITIONS
 THE FOLLOWING WEATHER WAS RECORDED YESTERDAY.
  LIGHT SNOW
  FOG


RELATIVE HUMIDITY (PERCENT)
 HIGHEST    96           900 PM
 LOWEST     69          1200 PM
 AVERAGE    83

..........................................................


THE MONTPELIER VT CLIMATE NORMALS FOR TODAY
                         NORMAL    RECORD    YEAR
 MAXIMUM TEMPERATURE (F)   26        52      2006
                                             1954
 MINIMUM TEMPERATURE (F)    7       -24      1971


SUNRISE AND SUNSET
JANUARY 20 2019.......SUNRISE   719 AM EST   SUNSET   443 PM EST
JANUARY 21 2019.......SUNRISE   719 AM EST   SUNSET   445 PM EST


-  INDICATES NEGATIVE NUMBERS.
R  INDICATES RECORD WAS SET OR TIED.
MM INDICATES DATA IS MISSING.
T  INDICATES TRACE AMOUNT.




$$
