000
CDUS41 KBTV 210534
CLIMPV

CLIMATE REPORT
NATIONAL WEATHER SERVICE BURLINGTON VT
134 AM EDT MON OCT 21 2019

...................................

...THE MONTPELIER VT CLIMATE SUMMARY FOR OCTOBER 20 2019...

CLIMATE NORMAL PERIOD: 1981 TO 2010
CLIMATE RECORD PERIOD: 1948 TO 2019


WEATHER ITEM   OBSERVED TIME   NORMAL DEPARTURE LAST
                VALUE   (LST)  VALUE  FROM      YEAR
                                      NORMAL
.......................................................
TEMPERATURE (F)
 YESTERDAY
  MAXIMUM         51   2:41 PM  54     -3       58
  MINIMUM         28   6:30 AM  34     -6       41
  AVERAGE         40            44     -4       50

PRECIPITATION (IN)
  YESTERDAY        T             0.10  -0.10      T
  MONTH TO DATE    3.90          2.30   1.60     2.51
  SINCE SEP 1      6.71          5.42   1.29     4.84
  SINCE JAN 1     41.51         30.22  11.29    28.23

DEGREE DAYS
 HEATING
  YESTERDAY       25            21      4       15
  MONTH TO DATE  357           352      5      312
  SINCE SEP 1    599           599      0      497
  SINCE JUL 1    667           707    -40      536

 COOLING
  YESTERDAY        0             0      0        0
  MONTH TO DATE    0             0      0        6
  SINCE SEP 1      9            19    -10       59
  SINCE JAN 1    220           263    -43      386
.......................................................


WIND (MPH)
  HIGHEST WIND SPEED    15   HIGHEST WIND DIRECTION     S (170)
  HIGHEST GUST SPEED    18   HIGHEST GUST DIRECTION     S (170)
  AVERAGE WIND SPEED     2.8


SKY COVER
  AVERAGE SKY COVER 0.5


WEATHER CONDITIONS
THE FOLLOWING WEATHER WAS RECORDED YESTERDAY.
  LIGHT RAIN
  FOG
  FOG W/VISIBILITY <= 1/4 MILE


RELATIVE HUMIDITY (PERCENT)
 HIGHEST   100           2:00 AM
 LOWEST     58           2:00 PM
 AVERAGE    79

..........................................................


THE MONTPELIER VT CLIMATE NORMALS FOR TODAY
                         NORMAL    RECORD    YEAR
 MAXIMUM TEMPERATURE (F)   54        77      1979
 MINIMUM TEMPERATURE (F)   34        15      1972


SUNRISE AND SUNSET
OCTOBER 21 2019.......SUNRISE   7:12 AM EDT   SUNSET   5:57 PM EDT
OCTOBER 22 2019.......SUNRISE   7:14 AM EDT   SUNSET   5:55 PM EDT


-  INDICATES NEGATIVE NUMBERS.
R  INDICATES RECORD WAS SET OR TIED.
MM INDICATES DATA IS MISSING.
T  INDICATES TRACE AMOUNT.




$$
