334
CDUS41 KBTV 190534
CLIMPV


CLIMATE REPORT
NATIONAL WEATHER SERVICE BURLINGTON VT
133 AM EDT FRI OCT 19 2018


...................................

...THE MONTPELIER VT CLIMATE SUMMARY FOR OCTOBER 18 2018...

CLIMATE NORMAL PERIOD 1981 TO 2010
CLIMATE RECORD PERIOD 1948 TO 2018


WEATHER ITEM   OBSERVED TIME   RECORD YEAR NORMAL DEPARTURE LAST
                VALUE   (LST)  VALUE       VALUE  FROM      YEAR
                                                  NORMAL
..................................................................
TEMPERATURE (F)
 YESTERDAY
  MAXIMUM         37    236 PM  78    1968  55    -18       65
  MINIMUM         27    734 PM  19    2015  35     -8       42
  AVERAGE         32                        45    -13       54

PRECIPITATION (IN)
  YESTERDAY        0.04          1.18        0.11  -0.07     0.00
  MONTH TO DATE    2.51                      2.09   0.42     1.02
  SINCE SEP 1      4.84                      5.21  -0.37     3.51
  SINCE JAN 1     28.23                     30.01  -1.78    35.13

DEGREE DAYS
 HEATING
  YESTERDAY       33                        20     13       11
  MONTH TO DATE  277                       310    -33      191
  SINCE SEP 1    462                       557    -95      349
  SINCE JUL 1    501                       665   -164      495

 COOLING
  YESTERDAY        0                         0      0        0
  MONTH TO DATE    6                         0      6        0
  SINCE SEP 1     59                        19     40       47
  SINCE JAN 1    386                       263    123      243
..................................................................


WIND (MPH)
  HIGHEST WIND SPEED    25   HIGHEST WIND DIRECTION    NW (300)
  HIGHEST GUST SPEED    37   HIGHEST GUST DIRECTION    NW (310)
  AVERAGE WIND SPEED    11.5


SKY COVER
  AVERAGE SKY COVER 0.7


WEATHER CONDITIONS
 THE FOLLOWING WEATHER WAS RECORDED YESTERDAY.
  LIGHT SNOW
  FOG


RELATIVE HUMIDITY (PERCENT)
 HIGHEST    85           300 AM
 LOWEST     44           300 PM
 AVERAGE    65

..........................................................


THE MONTPELIER VT CLIMATE NORMALS FOR TODAY
                         NORMAL    RECORD    YEAR
 MAXIMUM TEMPERATURE (F)   55        78      1950
 MINIMUM TEMPERATURE (F)   34        17      2015


SUNRISE AND SUNSET
OCTOBER 19 2018.......SUNRISE   710 AM EDT   SUNSET   600 PM EDT
OCTOBER 20 2018.......SUNRISE   711 AM EDT   SUNSET   558 PM EDT


-  INDICATES NEGATIVE NUMBERS.
R  INDICATES RECORD WAS SET OR TIED.
MM INDICATES DATA IS MISSING.
T  INDICATES TRACE AMOUNT.




$$
