000
CDUS41 KBTV 040638
CLIMPV

CLIMATE REPORT
NATIONAL WEATHER SERVICE BURLINGTON VT
238 AM EDT THU JUN 04 2020

...................................

...THE MONTPELIER VT CLIMATE SUMMARY FOR JUNE 3 2020...

CLIMATE NORMAL PERIOD: 1981 TO 2010
CLIMATE RECORD PERIOD: 1948 TO 2020


WEATHER ITEM   OBSERVED TIME   NORMAL DEPARTURE LAST
                VALUE   (LST)  VALUE  FROM      YEAR
                                      NORMAL
.......................................................
TEMPERATURE (F)
 YESTERDAY
  MAXIMUM         63   3:07 PM  71     -8       58
  MINIMUM         51  10:29 PM  48      3       41
  AVERAGE         57            59     -2       50

PRECIPITATION (IN)
  YESTERDAY        T             0.13  -0.13     0.03
  MONTH TO DATE    0.07          0.38  -0.31     0.09
  SINCE JUN 1      0.07          0.38  -0.31     0.09
  SINCE JAN 1     12.65         13.29  -0.64    17.96

DEGREE DAYS
 HEATING
  YESTERDAY        8             7      1       15
  MONTH TO DATE   42            21     21       31
  SINCE JUN 1     42            21     21       31
  SINCE JUL 1   7992          8081    -89     8516

 COOLING
  YESTERDAY        0             1     -1        0
  MONTH TO DATE    0             3     -3        0
  SINCE JUN 1      0             3     -3        0
  SINCE JAN 1     36            13     23        1
.......................................................


WIND (MPH)
  HIGHEST WIND SPEED    15   HIGHEST WIND DIRECTION    NW (300)
  HIGHEST GUST SPEED    20   HIGHEST GUST DIRECTION    NW (320)
  AVERAGE WIND SPEED     2.8


SKY COVER
  AVERAGE SKY COVER 0.9


WEATHER CONDITIONS
THE FOLLOWING WEATHER WAS RECORDED YESTERDAY.
  NO SIGNIFICANT WEATHER WAS OBSERVED.


RELATIVE HUMIDITY (PERCENT)
 HIGHEST    97           4:00 AM
 LOWEST     78          12:00 PM
 AVERAGE    88

..........................................................


THE MONTPELIER VT CLIMATE NORMALS FOR TODAY
                         NORMAL    RECORD    YEAR
 MAXIMUM TEMPERATURE (F)   71        85      1967
 MINIMUM TEMPERATURE (F)   48        32      2002


SUNRISE AND SUNSET
JUNE  4 2020..........SUNRISE   5:08 AM EDT   SUNSET   8:30 PM EDT
JUNE  5 2020..........SUNRISE   5:08 AM EDT   SUNSET   8:30 PM EDT


-  INDICATES NEGATIVE NUMBERS.
R  INDICATES RECORD WAS SET OR TIED.
MM INDICATES DATA IS MISSING.
T  INDICATES TRACE AMOUNT.




$$
