000
CDUS41 KBTV 240547
CLIMPV


CLIMATE REPORT
NATIONAL WEATHER SERVICE BURLINGTON VT
146 AM EDT TUE APR 24 2018


...................................

...THE MONTPELIER VT CLIMATE SUMMARY FOR APRIL 23 2018...

CLIMATE NORMAL PERIOD 1981 TO 2010
CLIMATE RECORD PERIOD 1948 TO 2018


WEATHER ITEM   OBSERVED TIME   RECORD YEAR NORMAL DEPARTURE LAST
                VALUE   (LST)  VALUE       VALUE  FROM      YEAR
                                                  NORMAL
..................................................................
TEMPERATURE (F)
 YESTERDAY
  MAXIMUM         64    416 PM  80    2007  57      7       63
  MINIMUM         23    501 AM  21    1988  34    -11       32
  AVERAGE         44                        46     -2       48

PRECIPITATION (IN)
  YESTERDAY        0.00          1.23        0.09  -0.09     0.00
  MONTH TO DATE    3.05                      2.01   1.04     2.91
  SINCE MAR 1      5.54                      4.40   1.14     5.51
  SINCE JAN 1      9.82                      8.89   0.93     9.43

DEGREE DAYS
 HEATING
  YESTERDAY       21                        19      2       17
  MONTH TO DATE  732                       554    178      466
  SINCE MAR 1   1877                      1671    206     1747
  SINCE JUL 1   7532                      7579    -47     6968

 COOLING
  YESTERDAY        0                         0      0        0
  MONTH TO DATE    0                         0      0        1
  SINCE MAR 1      0                         0      0        1
  SINCE JAN 1      0                         0      0        1
..................................................................


WIND (MPH)
  HIGHEST WIND SPEED    14   HIGHEST WIND DIRECTION     S (160)
  HIGHEST GUST SPEED    19   HIGHEST GUST DIRECTION    SE (150)
  AVERAGE WIND SPEED     2.4


SKY COVER
  AVERAGE SKY COVER 0.0


WEATHER CONDITIONS
 THE FOLLOWING WEATHER WAS RECORDED YESTERDAY.
  HAZE


RELATIVE HUMIDITY (PERCENT)
 HIGHEST    88           400 AM
 LOWEST     14           300 PM
 AVERAGE    51

..........................................................


THE MONTPELIER VT CLIMATE NORMALS FOR TODAY
                         NORMAL    RECORD    YEAR
 MAXIMUM TEMPERATURE (F)   58        78      2001
 MINIMUM TEMPERATURE (F)   35        23      1965


SUNRISE AND SUNSET
APRIL 24 2018.........SUNRISE   552 AM EDT   SUNSET   745 PM EDT
APRIL 25 2018.........SUNRISE   550 AM EDT   SUNSET   747 PM EDT


-  INDICATES NEGATIVE NUMBERS.
R  INDICATES RECORD WAS SET OR TIED.
MM INDICATES DATA IS MISSING.
T  INDICATES TRACE AMOUNT.




$$
