000
CDUS43 KMPX 200707
CLIMPX

CLIMATE REPORT
NATIONAL WEATHER SERVICE TWIN CITIES/CHANHASSEN MN
207 AM CDT TUE OCT 20 2020

...................................

...THE CHANHASSEN MN CLIMATE SUMMARY FOR OCTOBER 19 2020...

CLIMATE NORMAL PERIOD 1981 TO 2010
CLIMATE RECORD PERIOD 1995 TO 2020


WEATHER ITEM   OBSERVED NORMAL DEPARTURE LAST
                VALUE   VALUE  FROM      YEAR
                               NORMAL
................................................
TEMPERATURE (F)
 YESTERDAY
  MAXIMUM         32     57    -25       66
  MINIMUM         23     37    -14       38
  AVERAGE         28     47    -19       52

PRECIPITATION (IN)
  YESTERDAY        0.04   0.08  -0.04      T
  MONTH TO DATE    1.62   1.74  -0.12     2.77
  SINCE SEP 1      3.09   5.17  -2.08     8.23
  SINCE JAN 1     29.41  27.17   2.24    38.84

SNOWFALL (IN)
  YESTERDAY        T      0.1   -0.1      0.0
  MONTH TO DATE    0.1    0.2   -0.1      0.2
  SINCE SEP 1      0.1    0.2   -0.1      0.2
  SINCE JUL 1      0.1    0.2   -0.1      0.2
  SNOW DEPTH       0

DEGREE DAYS
 HEATING
  YESTERDAY       37     18     19       13
  MONTH TO DATE  312    284     28      333
  SINCE SEP 1    516    460     56      435
  SINCE JUL 1    530    483     47      454

 COOLING
  YESTERDAY        0      0      0        0
  MONTH TO DATE    3      0      3        0
  SINCE SEP 1     33     47    -14       69
  SINCE JAN 1    660    600     60      514
................................................


THE CHANHASSEN MN CLIMATE NORMALS FOR TODAY
                         NORMAL    RECORD    YEAR
 MAXIMUM TEMPERATURE (F)   56        MM        MM
 MINIMUM TEMPERATURE (F)   37        MM        MM


SUNRISE AND SUNSET
OCTOBER 20 2020.......SUNRISE   737 AM CDT   SUNSET   620 PM CDT
OCTOBER 21 2020.......SUNRISE   738 AM CDT   SUNSET   618 PM CDT


-  INDICATES NEGATIVE NUMBERS.
R  INDICATES RECORD WAS SET OR TIED.
MM INDICATES DATA IS MISSING.
T  INDICATES TRACE AMOUNT.




$$
