206
CDUS43 KMPX 160753
CLIMPX


CLIMATE REPORT
NATIONAL WEATHER SERVICE CHANHASSEN MN
152 AM CST WED JAN 16 2019


...................................

...THE CHANHASSEN MN CLIMATE SUMMARY FOR JANUARY 15 2019...

CLIMATE NORMAL PERIOD 1981 TO 2010
CLIMATE RECORD PERIOD 1995 TO 2019


WEATHER ITEM   OBSERVED NORMAL DEPARTURE LAST
                VALUE   VALUE  FROM      YEAR
                               NORMAL
...............................................
TEMPERATURE (F)
 YESTERDAY
  MAXIMUM         31     23      8        9
  MINIMUM         15      5     10       -2
  AVERAGE         23     14      9        4

PRECIPITATION (IN)
  YESTERDAY        T      0.02  -0.02      T
  MONTH TO DATE    T      0.45  -0.45     0.33
  SINCE DEC 1      1.89   1.70   0.19     0.98
  SINCE JAN 1      T      0.45  -0.45     0.33

SNOWFALL (IN)
  YESTERDAY        T      0.3   -0.3       T
  MONTH TO DATE    T      4.9   -4.9      5.7
  SINCE DEC 1     10.1   18.8   -8.7     12.3
  SINCE JUL 1     15.3   24.6   -9.3     14.1
  SNOW DEPTH       0

DEGREE DAYS
 HEATING
  YESTERDAY       42     51     -9       61
  MONTH TO DATE  620    763   -143      864
  SINCE DEC 1   1904   2217   -313     2343
  SINCE JUL 1   3901   3924    -23     3956

 COOLING
  YESTERDAY        0      0      0        0
  MONTH TO DATE    0      0      0        0
  SINCE DEC 1      0      0      0        0
  SINCE JAN 1      0      0      0        0
...............................................







THE CHANHASSEN MN CLIMATE NORMALS FOR TODAY
                         NORMAL    RECORD    YEAR
 MAXIMUM TEMPERATURE (F)   23        36      2013
 MINIMUM TEMPERATURE (F)    5       -26      2009


SUNRISE AND SUNSET
JANUARY 16 2019.......SUNRISE   748 AM CST   SUNSET   500 PM CST
JANUARY 17 2019.......SUNRISE   747 AM CST   SUNSET   502 PM CST


-  INDICATES NEGATIVE NUMBERS.
R  INDICATES RECORD WAS SET OR TIED.
MM INDICATES DATA IS MISSING.
T  INDICATES TRACE AMOUNT.




$$
