000
CDUS43 KMPX 171245
CLIMPX


CLIMATE REPORT
NATIONAL WEATHER SERVICE CHANHASSEN MN
745 AM CDT WED OCT 17 2018


...................................

...THE CHANHASSEN MN CLIMATE SUMMARY FOR OCTOBER 16 2018...

CLIMATE NORMAL PERIOD 1981 TO 2010
CLIMATE RECORD PERIOD 1995 TO 2018


WEATHER ITEM   OBSERVED NORMAL DEPARTURE LAST
                VALUE   VALUE  FROM      YEAR
                               NORMAL
...............................................
TEMPERATURE (F)
 YESTERDAY
  MAXIMUM         MM     58     MM       66
  MINIMUM         MM     38     MM       34
  AVERAGE         MM     48     MM       50

PRECIPITATION (IN)
  YESTERDAY       MM      0.09  MM        0.00
  MONTH TO DATE    2.81   1.49   1.32     4.56
  SINCE SEP 1      8.76   4.92   3.84     6.74
  SINCE JAN 1     30.81  26.92   3.89    36.28

SNOWFALL (IN)
  YESTERDAY       MM      0.0   MM        0.0
  MONTH TO DATE    0.4    0.1    0.3      0.0
  SINCE SEP 1      0.4    0.1    0.3       T
  SINCE JUL 1      0.4    0.1    0.3       T

DEGREE DAYS
 HEATING
  YESTERDAY       MM     17     MM       15
  MONTH TO DATE  326    231     95      215
  SINCE SEP 1    484    407     77      326
  SINCE JUL 1    502    430     72      347

 COOLING
  YESTERDAY       MM      0     MM        0
  MONTH TO DATE    0      0      0        0
  SINCE SEP 1     93     47     46       79
  SINCE JAN 1    754    600    154      477
...............................................







THE CHANHASSEN MN CLIMATE NORMALS FOR TODAY
                         NORMAL    RECORD    YEAR
 MAXIMUM TEMPERATURE (F)   58        MM        MM
 MINIMUM TEMPERATURE (F)   38        MM        MM


SUNRISE AND SUNSET
OCTOBER 17 2018.......SUNRISE   732 AM CDT   SUNSET   626 PM CDT
OCTOBER 18 2018.......SUNRISE   734 AM CDT   SUNSET   624 PM CDT


-  INDICATES NEGATIVE NUMBERS.
R  INDICATES RECORD WAS SET OR TIED.
MM INDICATES DATA IS MISSING.
T  INDICATES TRACE AMOUNT.




$$
