000
CDUS43 KMPX 060720
CLIMPX

CLIMATE REPORT
NATIONAL WEATHER SERVICE TWIN CITIES/CHANHASSEN MN
220 AM CDT SAT JUN 06 2020

...................................

...THE CHANHASSEN MN CLIMATE SUMMARY FOR JUNE 5 2020...

CLIMATE NORMAL PERIOD: 1981 TO 2010
CLIMATE RECORD PERIOD: 1995 TO 2020


WEATHER ITEM   OBSERVED NORMAL DEPARTURE LAST
                VALUE   VALUE  FROM      YEAR
                               NORMAL
................................................
TEMPERATURE (F)
 YESTERDAY
  MAXIMUM         79     75      4       81
  MINIMUM         57     54      3       61
  AVERAGE         68     64      4       71

PRECIPITATION (IN)
  YESTERDAY        0.00   0.12  -0.12      T
  MONTH TO DATE    0.49   0.63  -0.14     0.58
  SINCE JUN 1      0.49   0.63  -0.14     0.58
  SINCE JAN 1     11.70  10.88   0.82    15.45

SNOWFALL (IN)
  YESTERDAY        0.0    0.0    0.0      0.0
  MONTH TO DATE    0.0    0.0    0.0      0.0
  SINCE JUN 1      0.0    0.0    0.0      0.0
  SINCE JUL 1     53.8   53.9   -0.1     78.6
  SNOW DEPTH       0

DEGREE DAYS
 HEATING
  YESTERDAY        0      3     -3        0
  MONTH TO DATE    0     18    -18        8
  SINCE JUN 1      0     18    -18        8
  SINCE JUL 1   7883   7883      0     8677

 COOLING
  YESTERDAY        3      2      1        6
  MONTH TO DATE   34     10     24       13
  SINCE JUN 1     34     10     24       13
  SINCE JAN 1     54     43     11       23
................................................


THE CHANHASSEN MN CLIMATE NORMALS FOR TODAY
                         NORMAL    RECORD    YEAR
 MAXIMUM TEMPERATURE (F)   75        MM        MM
 MINIMUM TEMPERATURE (F)   55        MM        MM


SUNRISE AND SUNSET
JUNE  6 2020..........SUNRISE   5:29 AM CDT   SUNSET   8:58 PM CDT
JUNE  7 2020..........SUNRISE   5:29 AM CDT   SUNSET   8:58 PM CDT


-  INDICATES NEGATIVE NUMBERS.
R  INDICATES RECORD WAS SET OR TIED.
MM INDICATES DATA IS MISSING.
T  INDICATES TRACE AMOUNT.




$$
