000
CDUS43 KMPX 170038
CLIMPX


CLIMATE REPORT
NATIONAL WEATHER SERVICE CHANHASSEN MN
737 PM CDT WED OCT 16 2019


...................................

...THE CHANHASSEN MN CLIMATE SUMMARY FOR OCTOBER 16 2019...
VALID TODAY AS OF 0700 PM LOCAL TIME.

CLIMATE NORMAL PERIOD 1981 TO 2010
CLIMATE RECORD PERIOD 1995 TO 2019


WEATHER ITEM   OBSERVED TIME   NORMAL DEPARTURE LAST
                VALUE   (LST)  VALUE  FROM      YEAR
                                      NORMAL
......................................................
TEMPERATURE (F)
 TODAY
  MAXIMUM         43        MM  58    -15       54
  MINIMUM         40        MM  38      2       38
  AVERAGE         42            48     -6       46

PRECIPITATION (IN)
  TODAY            0.00          0.09  -0.09     0.00
  MONTH TO DATE    2.77          1.49   1.28     2.81
  SINCE SEP 1      8.23          4.92   3.31     8.76
  SINCE JAN 1     38.84         26.92  11.92    30.81

SNOWFALL (IN)
  TODAY            0.0           0.0    0.0      0.0
  MONTH TO DATE    0.2           0.1    0.1      0.9
  SINCE SEP 1      0.2           0.1    0.1      0.9
  SINCE JUL 1      0.2           0.1    0.1      0.9
  SNOW DEPTH       0

DEGREE DAYS
 HEATING
  TODAY           23            17      6       19
  MONTH TO DATE  287           231     56      345
  SINCE SEP 1    389           407    -18      503
  SINCE JUL 1    408           430    -22      521

 COOLING
  TODAY            0             0      0        0
  MONTH TO DATE    0             0      0        0
  SINCE SEP 1     69            47     22       93
  SINCE JAN 1    514           600    -86      754
......................................................







THE CHANHASSEN MN CLIMATE NORMALS FOR TOMORROW
                         NORMAL    RECORD    YEAR
 MAXIMUM TEMPERATURE (F)   58        MM        MM
 MINIMUM TEMPERATURE (F)   38        MM        MM


SUNRISE AND SUNSET
OCTOBER 16 2019.......SUNRISE   731 AM CDT   SUNSET   628 PM CDT
OCTOBER 17 2019.......SUNRISE   732 AM CDT   SUNSET   626 PM CDT


-  INDICATES NEGATIVE NUMBERS.
R  INDICATES RECORD WAS SET OR TIED.
MM INDICATES DATA IS MISSING.
T  INDICATES TRACE AMOUNT.




$$
