000
CDUS43 KMPX 160619
CLIMPX


CLIMATE REPORT
NATIONAL WEATHER SERVICE CHANHASSEN MN
119 AM CDT MON JUL 16 2018


...................................

...THE CHANHASSEN MN CLIMATE SUMMARY FOR JULY 15 2018...

CLIMATE NORMAL PERIOD 1981 TO 2010
CLIMATE RECORD PERIOD 1995 TO 2018


WEATHER ITEM   OBSERVED NORMAL DEPARTURE LAST
                VALUE   VALUE  FROM      YEAR
                               NORMAL
...............................................
TEMPERATURE (F)
 YESTERDAY
  MAXIMUM         85     82      3       91
  MINIMUM         66     62      4       59
  AVERAGE         76     72      4       75

PRECIPITATION (IN)
  YESTERDAY        0.00   0.12  -0.12     0.00
  MONTH TO DATE    3.77   1.79   1.98     0.05
  SINCE JUN 1      9.07   5.81   3.26     5.37
  SINCE JAN 1     19.33  16.06   3.27    17.79

SNOWFALL (IN)
  YESTERDAY        0.0    0.0    0.0      0.0
  MONTH TO DATE    0.0    0.0    0.0      0.0
  SINCE JUN 1      0.0    0.0    0.0       T
  SINCE JUL 1      0.0    0.0    0.0      0.0

DEGREE DAYS
 HEATING
  YESTERDAY        0      0      0        0
  MONTH TO DATE    0      0      0        2
  SINCE JUN 1      9     49    -40       41
  SINCE JUL 1      0      0      0        2

 COOLING
  YESTERDAY       11      7      4       10
  MONTH TO DATE  134    109     25      101
  SINCE JUN 1    290    236     54      218
  SINCE JAN 1    406    269    137      231
...............................................







THE CHANHASSEN MN CLIMATE NORMALS FOR TODAY
                         NORMAL    RECORD    YEAR
 MAXIMUM TEMPERATURE (F)   82        MM        MM
 MINIMUM TEMPERATURE (F)   62        MM        MM


SUNRISE AND SUNSET
JULY 16 2018..........SUNRISE   543 AM CDT   SUNSET   857 PM CDT
JULY 17 2018..........SUNRISE   544 AM CDT   SUNSET   856 PM CDT


-  INDICATES NEGATIVE NUMBERS.
R  INDICATES RECORD WAS SET OR TIED.
MM INDICATES DATA IS MISSING.
T  INDICATES TRACE AMOUNT.




$$
