000
CDUS43 KMQT 140528
CLIMQT


CLIMATE REPORT
NATIONAL WEATHER SERVICE MARQUETTE MI
123 AM EDT TUE AUG 14 2018


...................................

...THE MARQUETTE MI CLIMATE SUMMARY FOR AUGUST 13 2018...

CLIMATE NORMAL PERIOD 1981 TO 2010
CLIMATE RECORD PERIOD 1961 TO 2018


WEATHER ITEM   OBSERVED RECORD YEAR NORMAL DEPARTURE LAST
                VALUE   VALUE       VALUE  FROM      YEAR
                                           NORMAL
...........................................................
TEMPERATURE (F)
 YESTERDAY
  MAXIMUM         88     89    1970  75     13       78
  MINIMUM         63     34    1992  54      9       51
  AVERAGE         76                 64     12       65

PRECIPITATION (IN)
  YESTERDAY        0.00   1.45 1993   0.10  -0.10      T
  MONTH TO DATE    0.75               1.29  -0.54     2.27
  SINCE JUN 1      9.43               6.97   2.46    10.22
  SINCE JAN 1     20.40              20.61  -0.21    25.06

SNOWFALL (IN)
  YESTERDAY        0.0   MM      MM   0.0    0.0      0.0
  MONTH TO DATE    0.0                0.0    0.0      0.0
  SINCE JUN 1      T                  0.0    0.0       T
  SINCE JUL 1      0.0                0.0    0.0       T
  SNOW DEPTH       0

DEGREE DAYS
 HEATING
  YESTERDAY        0                  3     -3        0
  MONTH TO DATE   26                 39    -13       63
  SINCE JUN 1    236                300    -64      283
  SINCE JUL 1     71                118    -47      142

 COOLING
  YESTERDAY       11                  2      9        0
  MONTH TO DATE   42                 30     12       10
  SINCE JUN 1    186                172     14       87
  SINCE JAN 1    218                184     34       87
...........................................................


WIND (MPH)
  HIGHEST WIND SPEED    MM   HIGHEST WIND DIRECTION    MM
  HIGHEST GUST SPEED    18   HIGHEST GUST DIRECTION    SW (225)
  AVERAGE WIND SPEED    MM


SKY COVER
  POSSIBLE SUNSHINE  MM
  AVERAGE SKY COVER  MM


WEATHER CONDITIONS
 THE FOLLOWING WEATHER WAS RECORDED YESTERDAY.
  NO SIGNIFICANT WEATHER WAS OBSERVED.


RELATIVE HUMIDITY (PERCENT)
 HIGHEST    MM
 LOWEST     MM
 AVERAGE    MM

..........................................................


THE MARQUETTE MI CLIMATE NORMALS FOR TODAY
                         NORMAL    RECORD    YEAR
 MAXIMUM TEMPERATURE (F)   75        95      1965
 MINIMUM TEMPERATURE (F)   54        35      1992


SUNRISE AND SUNSET
AUGUST 14 2018........SUNRISE   647 AM EDT   SUNSET   902 PM EDT
AUGUST 15 2018........SUNRISE   649 AM EDT   SUNSET   900 PM EDT


-  INDICATES NEGATIVE NUMBERS.
R  INDICATES RECORD WAS SET OR TIED.
MM INDICATES DATA IS MISSING.
T  INDICATES TRACE AMOUNT.



$$
JLA
