000
CDUS43 KMQT 302106
CLIMQT


CLIMATE REPORT
NATIONAL WEATHER SERVICE MARQUETTE MI
505 PM EDT FRI OCT 30 2020


...................................

...THE MARQUETTE MI CLIMATE SUMMARY FOR OCTOBER 30 2020...
VALID TODAY AS OF 0500 PM LOCAL TIME.

CLIMATE NORMAL PERIOD 1981 TO 2010
CLIMATE RECORD PERIOD 1961 TO 2020


WEATHER ITEM   OBSERVED RECORD YEAR NORMAL DEPARTURE LAST
                VALUE   VALUE       VALUE  FROM      YEAR
                                           NORMAL
...........................................................
TEMPERATURE (F)
 TODAY
  MAXIMUM         35     64    2008  46    -11       36
  MINIMUM         24     14    1966  30     -6       17
  AVERAGE         30                 38     -8       27

PRECIPITATION (IN)
  TODAY            T      0.60 1989   0.10  -0.10     0.00
  MONTH TO DATE    6.23               3.73   2.50     4.95
  SINCE SEP 1     10.11               7.45   2.66    12.05
  SINCE JAN 1     41.58              29.82  11.76    40.17

SNOWFALL (IN)
  TODAY            T      4.6  1993   0.4   -0.4      0.0
  MONTH TO DATE   22.1                5.6   16.5      2.8
  SINCE SEP 1     22.1                5.7   16.4      2.8
  SINCE JUL 1     22.1                5.7   16.4      2.8
  SNOW DEPTH       3

DEGREE DAYS
 HEATING
  TODAY           35                 27      8       38
  MONTH TO DATE  815                651    164      685
  SINCE SEP 1   1131                948    183      930
  SINCE JUL 1   1257               1133    124     1090

 COOLING
  TODAY            0                  0      0        0
  MONTH TO DATE    0                  0      0        0
  SINCE SEP 1      0                 21    -21       24
  SINCE JAN 1    318                241     77      194
...........................................................


WIND (MPH)
  HIGHEST WIND SPEED    MM   HIGHEST WIND DIRECTION    MM
  HIGHEST GUST SPEED    15   HIGHEST GUST DIRECTION     W (270)
  AVERAGE WIND SPEED    MM


SKY COVER
  POSSIBLE SUNSHINE  MM
  AVERAGE SKY COVER  MM


WEATHER CONDITIONS
 THE FOLLOWING WEATHER WAS RECORDED TODAY.
  LIGHT SNOW


RELATIVE HUMIDITY (PERCENT)
 HIGHEST    MM
 LOWEST     MM
 AVERAGE    MM

..........................................................


THE MARQUETTE MI CLIMATE NORMALS FOR TOMORROW
                         NORMAL    RECORD    YEAR
 MAXIMUM TEMPERATURE (F)   45        65      1999
 MINIMUM TEMPERATURE (F)   29        14      1984


SUNRISE AND SUNSET
OCTOBER 30 2020.......SUNRISE   830 AM EDT   SUNSET   637 PM EDT
OCTOBER 31 2020.......SUNRISE   831 AM EDT   SUNSET   636 PM EDT


-  INDICATES NEGATIVE NUMBERS.
R  INDICATES RECORD WAS SET OR TIED.
MM INDICATES DATA IS MISSING.
T  INDICATES TRACE AMOUNT.




$$

TAP
