000
CDUS43 KMQT 152117
CLIMQT


CLIMATE REPORT
NATIONAL WEATHER SERVICE MARQUETTE MI
516 PM EDT MON OCT 15 2018


...................................

...THE MARQUETTE MI CLIMATE SUMMARY FOR OCTOBER 15 2018...
VALID TODAY AS OF 0500 PM LOCAL TIME.

CLIMATE NORMAL PERIOD 1981 TO 2010
CLIMATE RECORD PERIOD 1961 TO 2018


WEATHER ITEM   OBSERVED RECORD YEAR NORMAL DEPARTURE LAST
                VALUE   VALUE       VALUE  FROM      YEAR
                                           NORMAL
...........................................................
TEMPERATURE (F)
 TODAY
  MAXIMUM         36     79    1968  53    -17       46
  MINIMUM         29     23    1972  34     -5       31
  AVERAGE         33                 44    -11       39

PRECIPITATION (IN)
  TODAY            0.02   1.47 2017   0.13  -0.11     1.47
  MONTH TO DATE    5.54               2.02   3.52     3.18
  SINCE SEP 1     12.42               5.74   6.68     6.43
  SINCE JAN 1     36.72              28.11   8.61    33.76

SNOWFALL (IN)
  TODAY            0.2    0.9  1986   0.2    0.0       T
  MONTH TO DATE    2.5                1.8    0.7       T
  SINCE SEP 1      2.5                1.9    0.6       T
  SINCE JUL 1      2.5                1.9    0.6       T
  SNOW DEPTH       1

DEGREE DAYS
 HEATING
  TODAY           32                 22     10       26
  MONTH TO DATE  365                282     83      204
  SINCE SEP 1    643                579     64      420
  SINCE JUL 1    771                764      7      685

 COOLING
  TODAY            0                  0      0        0
  MONTH TO DATE    0                  0      0        3
  SINCE SEP 1     41                 21     20       52
  SINCE JAN 1    280                241     39      145
...........................................................


WIND (MPH)
  HIGHEST WIND SPEED    MM   HIGHEST WIND DIRECTION    MM
  HIGHEST GUST SPEED    31   HIGHEST GUST DIRECTION     W (270)
  AVERAGE WIND SPEED    MM


SKY COVER
  POSSIBLE SUNSHINE  MM
  AVERAGE SKY COVER  MM


WEATHER CONDITIONS
 THE FOLLOWING WEATHER WAS RECORDED TODAY.
  LIGHT SNOW
  LIGHT SNOW SHOWERS


RELATIVE HUMIDITY (PERCENT)
 HIGHEST    MM
 LOWEST     MM
 AVERAGE    MM

..........................................................


THE MARQUETTE MI CLIMATE NORMALS FOR TOMORROW
                         NORMAL    RECORD    YEAR
 MAXIMUM TEMPERATURE (F)   52        79      1963
 MINIMUM TEMPERATURE (F)   34        22      2002


SUNRISE AND SUNSET
OCTOBER 15 2018.......SUNRISE   808 AM EDT   SUNSET   703 PM EDT
OCTOBER 16 2018.......SUNRISE   809 AM EDT   SUNSET   702 PM EDT


-  INDICATES NEGATIVE NUMBERS.
R  INDICATES RECORD WAS SET OR TIED.
MM INDICATES DATA IS MISSING.
T  INDICATES TRACE AMOUNT.

$$

JSS
