000
CDUS43 KMQT 250513
CLIMQT


CLIMATE REPORT
NATIONAL WEATHER SERVICE MARQUETTE MI
113 AM EDT SUN AUG 25 2019


...................................

...THE MARQUETTE MI CLIMATE SUMMARY FOR AUGUST 24 2019...

CLIMATE NORMAL PERIOD 1981 TO 2010
CLIMATE RECORD PERIOD 1961 TO 2019


WEATHER ITEM   OBSERVED RECORD YEAR NORMAL DEPARTURE LAST
                VALUE   VALUE       VALUE  FROM      YEAR
                                           NORMAL
...........................................................
TEMPERATURE (F)
 YESTERDAY
  MAXIMUM         70     89    1969  73     -3       70
  MINIMUM         38     33    1971  52    -14       58
  AVERAGE         54                 63     -9       64

PRECIPITATION (IN)
  YESTERDAY        0.00   0.90 1964   0.10  -0.10     0.17
  MONTH TO DATE    1.22               2.35  -1.13     2.61
  SINCE JUN 1      4.91               8.03  -3.12    11.29
  SINCE JAN 1     27.36              21.67   5.69    22.26

SNOWFALL (IN)
  YESTERDAY        0.0   MM      MM   0.0    0.0      0.0
  MONTH TO DATE    0.0                0.0    0.0      0.0
  SINCE JUN 1      0.0                0.0    0.0       T
  SINCE JUL 1      0.0                0.0    0.0      0.0
  SNOW DEPTH       0

DEGREE DAYS
 HEATING
  YESTERDAY       11                  4      7        1
  MONTH TO DATE   73                 75     -2       43
  SINCE JUN 1    311                336    -25      253
  SINCE JUL 1    111                154    -43       88

 COOLING
  YESTERDAY        0                  2     -2        0
  MONTH TO DATE   23                 52    -29       53
  SINCE JUN 1    170                194    -24      197
  SINCE JAN 1    170                206    -36      229
...........................................................


WIND (MPH)
  RESULTANT WIND SPEED  MM   RESULTANT WIND DIRECTION  MM
  HIGHEST WIND SPEED    MM   HIGHEST WIND DIRECTION    MM
  HIGHEST GUST SPEED    17   HIGHEST GUST DIRECTION    NE (45)
  AVERAGE WIND SPEED    MM


SKY COVER
  POSSIBLE SUNSHINE  MM
  AVERAGE SKY COVER  MM


WEATHER CONDITIONS
 THE FOLLOWING WEATHER WAS RECORDED YESTERDAY.
  NO SIGNIFICANT WEATHER WAS OBSERVED.


RELATIVE HUMIDITY (PERCENT)
 HIGHEST    MM
 LOWEST     MM
 AVERAGE    MM

..........................................................


THE MARQUETTE MI CLIMATE NORMALS FOR TODAY
                         NORMAL    RECORD    YEAR
 MAXIMUM TEMPERATURE (F)   73        92      2013
                                             1888
 MINIMUM TEMPERATURE (F)   52        33      2017


SUNRISE AND SUNSET
AUGUST 25 2019........SUNRISE   701 AM EDT   SUNSET   843 PM EDT
AUGUST 26 2019........SUNRISE   702 AM EDT   SUNSET   841 PM EDT


-  INDICATES NEGATIVE NUMBERS.
R  INDICATES RECORD WAS SET OR TIED.
MM INDICATES DATA IS MISSING.
T  INDICATES TRACE AMOUNT.




$$

RJC
