586
CDUS43 KMQT 270457
CLIMQT


CLIMATE REPORT
NATIONAL WEATHER SERVICE MARQUETTE MI
1256 AM EDT SUN MAY 27 2018


...................................

...THE MARQUETTE MI CLIMATE SUMMARY FOR MAY 26 2018...

CLIMATE NORMAL PERIOD 1981 TO 2010
CLIMATE RECORD PERIOD 1961 TO 2018


WEATHER ITEM   OBSERVED RECORD YEAR NORMAL DEPARTURE LAST
                VALUE   VALUE       VALUE  FROM      YEAR
                                           NORMAL
...........................................................
TEMPERATURE (F)
 YESTERDAY
  MAXIMUM         83     89    1978  66     17       71
  MINIMUM         59     27    1992  43     16       43
                               1969
  AVERAGE         71                 54     17       57

PRECIPITATION (IN)
  YESTERDAY        1.14R  0.80 2015   0.11   1.03     0.10
  MONTH TO DATE    1.94               2.51  -0.57     2.65
  SINCE MAR 1      6.60               8.55  -1.95     9.89
  SINCE JAN 1     10.76              13.10  -2.34    14.47

SNOWFALL (IN)
  YESTERDAY        T     MM      MM   0.0    0.0      0.0
  MONTH TO DATE    T                  1.5   -1.5      0.9
  SINCE MAR 1     59.3               50.9    8.4     32.9
  SINCE JUL 1    175.3              203.3  -28.0    154.0
  SNOW DEPTH       0

DEGREE DAYS
 HEATING
  YESTERDAY        0                 11    -11        8
  MONTH TO DATE  315                398    -83      499
  SINCE MAR 1   2708               2476    232     2499
  SINCE JUL 1   9396               9100    296     8183

 COOLING
  YESTERDAY        6                  1      5        0
  MONTH TO DATE   13                  6      7        0
  SINCE MAR 1     13                  7      6        0
  SINCE JAN 1     13                  7      6        0
...........................................................


WIND (MPH)
  RESULTANT WIND SPEED  MM   RESULTANT WIND DIRECTION  MM
  HIGHEST WIND SPEED    MM   HIGHEST WIND DIRECTION    MM
  HIGHEST GUST SPEED    36   HIGHEST GUST DIRECTION     E (90)
  AVERAGE WIND SPEED    MM


SKY COVER
  POSSIBLE SUNSHINE  MM
  AVERAGE SKY COVER  MM


WEATHER CONDITIONS
 THE FOLLOWING WEATHER WAS RECORDED YESTERDAY.
  THUNDERSTORM
  HEAVY RAIN
  RAIN
  HAIL


RELATIVE HUMIDITY (PERCENT)
 HIGHEST    MM
 LOWEST     MM
 AVERAGE    MM

..........................................................


THE MARQUETTE MI CLIMATE NORMALS FOR TODAY
                         NORMAL    RECORD    YEAR
 MAXIMUM TEMPERATURE (F)   66        88      1969
 MINIMUM TEMPERATURE (F)   43        26      1994


SUNRISE AND SUNSET
MAY 27 2018...........SUNRISE   604 AM EDT   SUNSET   931 PM EDT
MAY 28 2018...........SUNRISE   604 AM EDT   SUNSET   932 PM EDT


-  INDICATES NEGATIVE NUMBERS.
R  INDICATES RECORD WAS SET OR TIED.
MM INDICATES DATA IS MISSING.
T  INDICATES TRACE AMOUNT.




$$
