000
CDUS41 KLWX 160522
CLIMRB


CLIMATE REPORT
NATIONAL WEATHER SERVICE BALTIMORE MD/WASHINGTON DC
121 AM EDT WED OCT 16 2019


...................................

...THE MARTINSBURG WV CLIMATE SUMMARY FOR OCTOBER 15 2019...

CLIMATE NORMAL PERIOD 1981 TO 2010
CLIMATE RECORD PERIOD 1926 TO 2019


WEATHER ITEM   OBSERVED TIME   NORMAL DEPARTURE LAST
                VALUE   (LST)  VALUE  FROM      YEAR
                                      NORMAL
......................................................
TEMPERATURE (F)
 YESTERDAY
  MAXIMUM         70    308 PM  66      4       68
  MINIMUM         37    637 AM  42     -5       53
  AVERAGE         54            54      0       61

PRECIPITATION (IN)
  YESTERDAY        0.00          0.09  -0.09     0.11
  MONTH TO DATE    1.20          1.51  -0.31     0.95
  SINCE SEP 1      2.58          5.08  -2.50    10.17
  SINCE JAN 1     36.10         31.32   4.78    48.96

DEGREE DAYS
 HEATING
  YESTERDAY       11            11      0        4
  MONTH TO DATE   87           135    -48       44
  SINCE SEP 1     98           219   -121       75
  SINCE JUL 1     99           226   -127       75

 COOLING
  YESTERDAY        0             0      0        0
  MONTH TO DATE   37             8     29       84
  SINCE SEP 1    229           101    128      287
  SINCE JAN 1   1280           893    387     1327
......................................................


WIND (MPH)
  HIGHEST WIND SPEED    13   HIGHEST WIND DIRECTION    SE (150)
  HIGHEST GUST SPEED    18   HIGHEST GUST DIRECTION     S (180)
  AVERAGE WIND SPEED     3.4


SKY COVER
  POSSIBLE SUNSHINE  MM
  AVERAGE SKY COVER 0.0


WEATHER CONDITIONS
 THE FOLLOWING WEATHER WAS RECORDED YESTERDAY.
  HAZE


RELATIVE HUMIDITY (PERCENT)
 HIGHEST   100           500 AM
 LOWEST     36           300 PM
 AVERAGE    68

..........................................................


THE MARTINSBURG WV CLIMATE NORMALS FOR TODAY
                         NORMAL
 MAXIMUM TEMPERATURE (F)   65
 MINIMUM TEMPERATURE (F)   42


SUNRISE AND SUNSET
OCTOBER 16 2019.......SUNRISE   723 AM EDT   SUNSET   632 PM EDT
OCTOBER 17 2019.......SUNRISE   724 AM EDT   SUNSET   630 PM EDT


-  INDICATES NEGATIVE NUMBERS.
R  INDICATES RECORD WAS SET OR TIED.
MM INDICATES DATA IS MISSING.
T  INDICATES TRACE AMOUNT.




$$
