000
CDUS41 KLWX 192128
CLIMRB


CLIMATE REPORT
NATIONAL WEATHER SERVICE BALTIMORE MD/WASHINGTON DC
527 PM EDT TUE JUN 19 2018


...................................

...THE MARTINSBURG WV CLIMATE SUMMARY FOR JUNE 19 2018...
VALID TODAY AS OF 0500 PM LOCAL TIME.

CLIMATE NORMAL PERIOD 1981 TO 2010
CLIMATE RECORD PERIOD 1926 TO 2018


WEATHER ITEM   OBSERVED TIME   NORMAL DEPARTURE LAST
                VALUE   (LST)  VALUE  FROM      YEAR
                                      NORMAL
......................................................
TEMPERATURE (F)
 TODAY
  MAXIMUM         91   1129 AM  83      8       87
  MINIMUM         75    142 PM  60     15       69
  AVERAGE         83            72     11       78

PRECIPITATION (IN)
  TODAY            0.19          0.12   0.07     0.18
  MONTH TO DATE    3.40          2.43   0.97     0.30
  SINCE JUN 1      3.40          2.43   0.97     0.30
  SINCE JAN 1     22.29         18.16   4.13    17.52

DEGREE DAYS
 HEATING
  TODAY            0             0      0        0
  MONTH TO DATE   12            22    -10       10
  SINCE JUN 1     12            22    -10       10
  SINCE JUL 1   4889          5247   -358     4136

 COOLING
  TODAY           18             7     11       13
  MONTH TO DATE  114            94     20      137
  SINCE JUN 1    114            94     20      137
  SINCE JAN 1    288           151    137      244
......................................................


WIND (MPH)
  HIGHEST WIND SPEED    20   HIGHEST WIND DIRECTION     N (360)
  HIGHEST GUST SPEED    27   HIGHEST GUST DIRECTION     N (350)
  AVERAGE WIND SPEED     6.6


SKY COVER
  POSSIBLE SUNSHINE  MM
  AVERAGE SKY COVER 0.4


WEATHER CONDITIONS
 THE FOLLOWING WEATHER WAS RECORDED TODAY.
  THUNDERSTORM
  HEAVY RAIN
  LIGHT RAIN
  FOG
  HAZE


RELATIVE HUMIDITY (PERCENT)
 HIGHEST    82           600 AM
 LOWEST     56          1100 AM
 AVERAGE    69

..........................................................


THE MARTINSBURG WV CLIMATE NORMALS FOR TOMORROW
                         NORMAL
 MAXIMUM TEMPERATURE (F)   83
 MINIMUM TEMPERATURE (F)   60


SUNRISE AND SUNSET
JUNE 19 2018..........SUNRISE   545 AM EDT   SUNSET   842 PM EDT
JUNE 20 2018..........SUNRISE   545 AM EDT   SUNSET   842 PM EDT


-  INDICATES NEGATIVE NUMBERS.
R  INDICATES RECORD WAS SET OR TIED.
MM INDICATES DATA IS MISSING.
T  INDICATES TRACE AMOUNT.




$$
