000
CDUS41 KLWX 112126
CLIMRB

CLIMATE REPORT
NATIONAL WEATHER SERVICE BALTIMORE MD/WASHINGTON DC
526 PM EDT TUE AUG 11 2020

...................................

...THE MARTINSBURG WV CLIMATE SUMMARY FOR AUGUST 11 2020...
VALID TODAY AS OF 0500 PM LOCAL TIME.

CLIMATE NORMAL PERIOD: 1981 TO 2010
CLIMATE RECORD PERIOD: 1926 TO 2020


WEATHER ITEM   OBSERVED TIME   NORMAL DEPARTURE LAST
                VALUE   (LST)  VALUE  FROM      YEAR
                                      NORMAL
.......................................................
TEMPERATURE (F)
 TODAY
  MAXIMUM         92   3:27 PM  85      7       86
  MINIMUM         68   6:08 AM  63      5       57
  AVERAGE         80            74      6       72

PRECIPITATION (IN)
  TODAY            T             0.10  -0.10     0.00
  MONTH TO DATE    0.99          1.16  -0.17     0.20
  SINCE JUN 1      6.30          8.59  -2.29    11.65
  SINCE JAN 1     20.40         24.32  -3.92    32.38

DEGREE DAYS
 HEATING
  TODAY            0             0      0        0
  MONTH TO DATE    0             0      0        0
  SINCE JUN 1     11            25    -14       13
  SINCE JUL 1      0             1     -1        0

 COOLING
  TODAY           15             9      6        7
  MONTH TO DATE  133            99     34      117
  SINCE JUN 1    796           585    211      706
  SINCE JAN 1    854           642    212      858
.......................................................


WIND (MPH)
  HIGHEST WIND SPEED    18   HIGHEST WIND DIRECTION     W (260)
  HIGHEST GUST SPEED    22   HIGHEST GUST DIRECTION     W (260)
  AVERAGE WIND SPEED     2.4


SKY COVER
  AVERAGE SKY COVER 0.1


WEATHER CONDITIONS
THE FOLLOWING WEATHER WAS RECORDED TODAY.
  FOG


RELATIVE HUMIDITY (PERCENT)
 HIGHEST    97           3:00 AM
 LOWEST     44           3:00 PM
 AVERAGE    71

..........................................................


THE MARTINSBURG WV CLIMATE NORMALS FOR TOMORROW
                         NORMAL




SUNRISE AND SUNSET
AUGUST 11 2020........SUNRISE   6:21 AM EDT   SUNSET   8:12 PM EDT
AUGUST 12 2020........SUNRISE   6:22 AM EDT   SUNSET   8:11 PM EDT


-  INDICATES NEGATIVE NUMBERS.
R  INDICATES RECORD WAS SET OR TIED.
MM INDICATES DATA IS MISSING.
T  INDICATES TRACE AMOUNT.




$$
