000
CDUS41 KLWX 150525
CLIMRB

CLIMATE REPORT
NATIONAL WEATHER SERVICE BALTIMORE MD/WASHINGTON DC
125 AM EDT TUE JUN 15 2021

...................................

...THE MARTINSBURG WV CLIMATE SUMMARY FOR JUNE 14 2021...

CLIMATE NORMAL PERIOD: 1991 TO 2020
CLIMATE RECORD PERIOD: 1891 TO 2021


WEATHER ITEM   OBSERVED TIME   RECORD YEAR NORMAL DEPARTURE LAST
                VALUE   (LST)  VALUE       VALUE  FROM      YEAR
                                                  NORMAL
...................................................................
TEMPERATURE (F)
 YESTERDAY
  MAXIMUM         85   5:14 PM 101    1943  82      3       69
  MINIMUM         63  11:59 PM  42    1927  60      3       56
  AVERAGE         74                        71      3       63

PRECIPITATION (IN)
  YESTERDAY        0.13          2.20 1936   0.14  -0.01     0.01
  MONTH TO DATE    2.32                      1.82   0.50     0.50
  SINCE JUN 1      2.32                      1.82   0.50     0.50
  SINCE JAN 1     16.71                     17.39  -0.68    14.60

DEGREE DAYS
 HEATING
  YESTERDAY        0                         0      0        2
  MONTH TO DATE    2                        15    -13       10
  SINCE JUN 1      2                        15    -13       10
  SINCE JUL 1   4721                      4944   -223     4602

 COOLING
  YESTERDAY        9                         6      3        0
  MONTH TO DATE  107                        68     39       99
  SINCE JUN 1    107                        68     39       99
  SINCE JAN 1    178                       145     33      157
...................................................................


WIND (MPH)
  HIGHEST WIND SPEED    18   HIGHEST WIND DIRECTION     N (340)
  HIGHEST GUST SPEED    23   HIGHEST GUST DIRECTION     N (340)
  AVERAGE WIND SPEED     4.1


SKY COVER
  AVERAGE SKY COVER 0.4


WEATHER CONDITIONS
THE FOLLOWING WEATHER WAS RECORDED YESTERDAY.
  THUNDERSTORM
  LIGHT RAIN
  FOG


RELATIVE HUMIDITY (PERCENT)
 HIGHEST    93           2:00 AM
 LOWEST     35           1:00 PM
 AVERAGE    64

..........................................................


THE MARTINSBURG WV CLIMATE NORMALS FOR TODAY
                         NORMAL    RECORD    YEAR
 MAXIMUM TEMPERATURE (F)   82       100      1925
 MINIMUM TEMPERATURE (F)   60        43      1933


SUNRISE AND SUNSET
JUNE 15 2021..........SUNRISE   5:44 AM EDT   SUNSET   8:41 PM EDT
JUNE 16 2021..........SUNRISE   5:44 AM EDT   SUNSET   8:41 PM EDT


-  INDICATES NEGATIVE NUMBERS.
R  INDICATES RECORD WAS SET OR TIED.
MM INDICATES DATA IS MISSING.
T  INDICATES TRACE AMOUNT.




$$
