000
CDUS41 KLWX 180525
CLIMRB


CLIMATE REPORT
NATIONAL WEATHER SERVICE BALTIMORE MD/WASHINGTON DC
1224 AM EST SUN FEB 18 2018


...................................

...THE MARTINSBURG WV CLIMATE SUMMARY FOR FEBRUARY 17 2018...

CLIMATE NORMAL PERIOD 1981 TO 2010
CLIMATE RECORD PERIOD 1926 TO 2018


WEATHER ITEM   OBSERVED TIME   NORMAL DEPARTURE LAST
                VALUE   (LST)  VALUE  FROM      YEAR
                                      NORMAL
......................................................
TEMPERATURE (F)
 YESTERDAY
  MAXIMUM         38    238 PM  44     -6       51
  MINIMUM         23    653 AM  25     -2       17
  AVERAGE         31            34     -3       34

PRECIPITATION (IN)
  YESTERDAY       MM             0.08  MM        0.00
  MONTH TO DATE    2.51          1.39   1.12     0.66
  SINCE DEC 1      6.23          6.54  -0.31     5.92
  SINCE JAN 1      5.27          3.83   1.44     4.13

DEGREE DAYS
 HEATING
  YESTERDAY       34            31      3       31
  MONTH TO DATE  498           549    -51      434
  SINCE DEC 1   2493          2562    -69     2125
  SINCE JUL 1   3379          3632   -253     2929

 COOLING
  YESTERDAY        0             0      0        0
  MONTH TO DATE    0             0      0        0
  SINCE DEC 1      0             0      0        0
  SINCE JAN 1      0             0      0        0
......................................................


WIND (MPH)
  HIGHEST WIND SPEED    14   HIGHEST WIND DIRECTION    SE (150)
  HIGHEST GUST SPEED    19   HIGHEST GUST DIRECTION    SE (150)
  AVERAGE WIND SPEED     5.1


SKY COVER
  POSSIBLE SUNSHINE  MM
  AVERAGE SKY COVER 0.5


WEATHER CONDITIONS
 THE FOLLOWING WEATHER WAS RECORDED YESTERDAY.
  LIGHT SNOW
  FOG
  FOG W/VISIBILITY <= 1/4 MILE


RELATIVE HUMIDITY (PERCENT)
 HIGHEST   100           500 PM
 LOWEST     59          1100 AM
 AVERAGE    80

..........................................................


THE MARTINSBURG WV CLIMATE NORMALS FOR TODAY
                         NORMAL    RECORD    YEAR
 MAXIMUM TEMPERATURE (F)   44        74      2011
 MINIMUM TEMPERATURE (F)   25        -1      1979


SUNRISE AND SUNSET
FEBRUARY 18 2018......SUNRISE   700 AM EST   SUNSET   552 PM EST
FEBRUARY 19 2018......SUNRISE   659 AM EST   SUNSET   553 PM EST


-  INDICATES NEGATIVE NUMBERS.
R  INDICATES RECORD WAS SET OR TIED.
MM INDICATES DATA IS MISSING.
T  INDICATES TRACE AMOUNT.




$$
