895
CDUS44 KHUN 150703
CLIMSL


CLIMATE REPORT
NATIONAL WEATHER SERVICE HUNTSVILLE AL
203 AM CDT MON OCT 15 2018

...................................

...THE MUSCLE SHOALS CLIMATE SUMMARY FOR OCTOBER 14 2018...

CLIMATE NORMAL PERIOD 1981 TO 2010
CLIMATE RECORD PERIOD 1893 TO 2018


WEATHER ITEM   OBSERVED TIME   RECORD YEAR NORMAL DEPARTURE LAST
                VALUE   (LST)  VALUE       VALUE  FROM      YEAR
                                                  NORMAL
...................................................................
TEMPERATURE (F)
 YESTERDAY
  MAXIMUM         82    423 PM  90    1940  75      7       84
  MINIMUM         58    147 AM  27    1917  50      8       60
  AVERAGE         70                        63      7       72

PRECIPITATION (IN)
  YESTERDAY        T             1.89 1909   0.11  -0.11     0.00
  MONTH TO DATE    1.17                      1.48  -0.31     1.65
  SINCE SEP 1      4.24                      5.20  -0.96     5.16
  SINCE JAN 1     46.45                     40.91   5.54    38.98

SNOWFALL (IN)
  YESTERDAY        0.0
  MONTH TO DATE    0.0
  SINCE SEP 1      0.0
  SINCE JUL 1      0.0
  SNOW DEPTH       0

DEGREE DAYS
 HEATING
  YESTERDAY        0                         4     -4        0
  MONTH TO DATE    7                        43    -36        1
  SINCE SEP 1      7                        58    -51       13
  SINCE JUL 1      7                        58    -51       13

 COOLING
  YESTERDAY        5                         2      3        7
  MONTH TO DATE  146                        40    106       85
  SINCE SEP 1    586                       299    287      312
  SINCE JAN 1   2469                      1842    627     1937
...................................................................


WIND (MPH)
  HIGHEST WIND SPEED    20   HIGHEST WIND DIRECTION    SW (210)
  HIGHEST GUST SPEED    26   HIGHEST GUST DIRECTION    SW (210)
  AVERAGE WIND SPEED     6.6


SKY COVER
  POSSIBLE SUNSHINE  MM
  AVERAGE SKY COVER 0.6


WEATHER CONDITIONS
THE FOLLOWING WEATHER WAS RECORDED YESTERDAY.
  NO SIGNIFICANT WEATHER WAS OBSERVED.


RELATIVE HUMIDITY (PERCENT)
 HIGHEST    90           100 AM
 LOWEST     53           400 PM
 AVERAGE    72

..........................................................


THE MUSCLE SHOALS CLIMATE NORMALS FOR TODAY
                         NORMAL    RECORD    YEAR
 MAXIMUM TEMPERATURE (F)   75        91      2015
 MINIMUM TEMPERATURE (F)   50        33      1921
                                             1902
                                             1894


SUNRISE AND SUNSET
OCTOBER 15 2018.......SUNRISE   656 AM CDT   SUNSET   616 PM CDT
OCTOBER 16 2018.......SUNRISE   657 AM CDT   SUNSET   614 PM CDT


-  INDICATES NEGATIVE NUMBERS.
R  INDICATES RECORD WAS SET OR TIED.
MM INDICATES DATA IS MISSING.
T  INDICATES TRACE AMOUNT.




$$
