000
CDUS44 KHUN 202122
CLIMSL


CLIMATE REPORT
NATIONAL WEATHER SERVICE HUNTSVILLE AL
422 PM CDT FRI JUL 20 2018


...................................

...THE MUSCLE SHOALS CLIMATE SUMMARY FOR JULY 20 2018...
VALID TODAY AS OF 0400 PM LOCAL TIME.

CLIMATE NORMAL PERIOD 1981 TO 2010
CLIMATE RECORD PERIOD 1893 TO 2018


WEATHER ITEM   OBSERVED TIME   RECORD YEAR NORMAL DEPARTURE LAST
                VALUE   (LST)  VALUE       VALUE  FROM      YEAR
                                                  NORMAL
..................................................................
TEMPERATURE (F)
 TODAY
  MAXIMUM         92    259 PM 101    2008  91      1       98
                                      2006
  MINIMUM         73    523 AM  56    2009  70      3       72
  AVERAGE         83                        81      2       85

PRECIPITATION (IN)
  TODAY            0.00          2.59 1975   0.13  -0.13     0.00
  MONTH TO DATE    1.37                      2.95  -1.58     3.07
  SINCE JUN 1      6.72                      7.71  -0.99     5.69
  SINCE JAN 1     37.83                     31.21   6.62    26.66

SNOWFALL (IN)
  TODAY            0.0
  MONTH TO DATE    0.0
  SINCE JUN 1      0.0
  SINCE JUL 1      0.0
  SNOW DEPTH       0

DEGREE DAYS
 HEATING
  TODAY            0                         0      0        0
  MONTH TO DATE    0                         0      0        0
  SINCE JUN 1      0                         1     -1        0
  SINCE JUL 1      0                         0      0        0

 COOLING
  TODAY           18                        16      2       20
  MONTH TO DATE  360                       306     54      344
  SINCE JUN 1    806                       668    138      693
  SINCE JAN 1   1205                       912    293     1022
..................................................................


WIND (MPH)
  HIGHEST WIND SPEED    13   HIGHEST WIND DIRECTION    SW (210)
  HIGHEST GUST SPEED    15   HIGHEST GUST DIRECTION     S (200)
  AVERAGE WIND SPEED    MM


SKY COVER
  POSSIBLE SUNSHINE  MM
  AVERAGE SKY COVER  MM


WEATHER CONDITIONS
 THE FOLLOWING WEATHER WAS RECORDED TODAY.
  NO SIGNIFICANT WEATHER WAS OBSERVED.


RELATIVE HUMIDITY (PERCENT)
 HIGHEST    MM
 LOWEST     MM
 AVERAGE    MM

..........................................................


THE MUSCLE SHOALS CLIMATE NORMALS FOR TOMORROW
                         NORMAL    RECORD    YEAR
 MAXIMUM TEMPERATURE (F)   91       103      2008
 MINIMUM TEMPERATURE (F)   70        58      2009


SUNRISE AND SUNSET
JULY 20 2018..........SUNRISE   552 AM CDT   SUNSET   802 PM CDT
JULY 21 2018..........SUNRISE   552 AM CDT   SUNSET   801 PM CDT


-  INDICATES NEGATIVE NUMBERS.
R  INDICATES RECORD WAS SET OR TIED.
MM INDICATES DATA IS MISSING.
T  INDICATES TRACE AMOUNT.




$$
