000
CDUS44 KHUN 092123
CLIMSL

CLIMATE REPORT
NATIONAL WEATHER SERVICE HUNTSVILLE AL
423 PM CDT SUN AUG 09 2020

...................................

...THE MUSCLE SHOALS CLIMATE SUMMARY FOR AUGUST 9 2020...
VALID TODAY AS OF 0400 PM LOCAL TIME.

CLIMATE NORMAL PERIOD 1981 TO 2010
CLIMATE RECORD PERIOD 1893 TO 2020


WEATHER ITEM   OBSERVED TIME   RECORD YEAR NORMAL DEPARTURE LAST
                VALUE   (LST)  VALUE       VALUE  FROM      YEAR
                                                  NORMAL
...................................................................
TEMPERATURE (F)
 TODAY
  MAXIMUM         98    258 PM 103    1930  91      7       93
  MINIMUM         73    531 AM  54    1989  70      3       76
  AVERAGE         86                        80      6       85

PRECIPITATION (IN)
  TODAY            0.00          2.04 2013   0.10  -0.10     0.00
  MONTH TO DATE    0.01                      0.94  -0.93     1.70
  SINCE JUN 1     12.19                     10.00   2.19    11.08
  SINCE JAN 1     52.28                     33.50  18.78    44.36

SNOWFALL (IN)
  TODAY            0.0
  MONTH TO DATE    0.0
  SINCE JUN 1      0.0
  SINCE JUL 1      0.0
  SNOW DEPTH       0

DEGREE DAYS
 HEATING
  TODAY            0                         0      0        0
  MONTH TO DATE    0                         0      0        0
  SINCE JUN 1      0                         1     -1        0
  SINCE JUL 1      0                         0      0        0

 COOLING
  TODAY           21                        15      6       20
  MONTH TO DATE  140                       142     -2      150
  SINCE JUN 1   1105                       981    124     1111
  SINCE JAN 1   1380                      1225    155     1494
...................................................................


WIND (MPH)
  HIGHEST WIND SPEED    12   HIGHEST WIND DIRECTION     W (260)
  HIGHEST GUST SPEED    14   HIGHEST GUST DIRECTION     W (250)
  AVERAGE WIND SPEED     2.9


SKY COVER
  POSSIBLE SUNSHINE  MM
  AVERAGE SKY COVER 0.0


WEATHER CONDITIONS
THE FOLLOWING WEATHER WAS RECORDED TODAY.
  NO SIGNIFICANT WEATHER WAS OBSERVED.


RELATIVE HUMIDITY (PERCENT)
 HIGHEST    91           100 AM
 LOWEST     34           200 PM
 AVERAGE    63

..........................................................


THE MUSCLE SHOALS CLIMATE NORMALS FOR TOMORROW
                         NORMAL    RECORD    YEAR
 MAXIMUM TEMPERATURE (F)   91       104      1935
                                             2007
 MINIMUM TEMPERATURE (F)   70        54      1976


SUNRISE AND SUNSET
AUGUST  9 2020........SUNRISE   607 AM CDT   SUNSET   744 PM CDT
AUGUST 10 2020........SUNRISE   608 AM CDT   SUNSET   743 PM CDT


-  INDICATES NEGATIVE NUMBERS.
R  INDICATES RECORD WAS SET OR TIED.
MM INDICATES DATA IS MISSING.
T  INDICATES TRACE AMOUNT.




$$
