795
CDUS44 KHUN 182126
CLIMSL


CLIMATE REPORT
NATIONAL WEATHER SERVICE HUNTSVILLE AL
426 PM CDT FRI OCT 18 2019

...................................

...THE MUSCLE SHOALS CLIMATE SUMMARY FOR OCTOBER 18 2019...
VALID TODAY AS OF 0400 PM LOCAL TIME.

CLIMATE NORMAL PERIOD 1981 TO 2010
CLIMATE RECORD PERIOD 1893 TO 2019


WEATHER ITEM   OBSERVED TIME   RECORD YEAR NORMAL DEPARTURE LAST
                VALUE   (LST)  VALUE       VALUE  FROM      YEAR
                                                  NORMAL
...................................................................
TEMPERATURE (F)
 TODAY
  MAXIMUM         70   1221 PM  91    1915  74     -4       70
  MINIMUM         42    616 AM  29    1948  49     -7       50
  AVERAGE         56                        61     -5       60

PRECIPITATION (IN)
  TODAY            0.00          1.94 1937   0.11  -0.11     0.00
  MONTH TO DATE    1.41                      1.90  -0.49     1.75
  SINCE SEP 1      1.52                      5.62  -4.10     4.82
  SINCE JAN 1     47.93                     41.33   6.60    47.03

SNOWFALL (IN)
  TODAY            0.0
  MONTH TO DATE    0.0
  SINCE SEP 1      0.0
  SINCE JUL 1      0.0
  SNOW DEPTH       0

DEGREE DAYS
 HEATING
  TODAY            9                         5      4        5
  MONTH TO DATE   49                        63    -14       24
  SINCE SEP 1     49                        78    -29       24
  SINCE JUL 1     49                        78    -29       24

 COOLING
  TODAY            0                         2     -2        0
  MONTH TO DATE  130                        48     82      149
  SINCE SEP 1    626                       307    319      589
  SINCE JAN 1   2488                      1850    638     2472
...................................................................


WIND (MPH)
  HIGHEST WIND SPEED    13   HIGHEST WIND DIRECTION     E (90)
  HIGHEST GUST SPEED    18   HIGHEST GUST DIRECTION     E (110)
  AVERAGE WIND SPEED     4.0


SKY COVER
  POSSIBLE SUNSHINE  MM
  AVERAGE SKY COVER 0.0


WEATHER CONDITIONS
THE FOLLOWING WEATHER WAS RECORDED TODAY.
  NO SIGNIFICANT WEATHER WAS OBSERVED.


RELATIVE HUMIDITY (PERCENT)
 HIGHEST    90           100 AM
 LOWEST     31           200 PM
 AVERAGE    61

..........................................................


THE MUSCLE SHOALS CLIMATE NORMALS FOR TOMORROW
                         NORMAL    RECORD    YEAR
 MAXIMUM TEMPERATURE (F)   73        91      2016
 MINIMUM TEMPERATURE (F)   49        28      1948


SUNRISE AND SUNSET
OCTOBER 18 2019.......SUNRISE   658 AM CDT   SUNSET   612 PM CDT
OCTOBER 19 2019.......SUNRISE   659 AM CDT   SUNSET   611 PM CDT


-  INDICATES NEGATIVE NUMBERS.
R  INDICATES RECORD WAS SET OR TIED.
MM INDICATES DATA IS MISSING.
T  INDICATES TRACE AMOUNT.




$$
