000
CDUS44 KHUN 200824
CLIMSL


CLIMATE REPORT
NATIONAL WEATHER SERVICE HUNTSVILLE AL
222 AM CST TUE FEB 20 2018


...................................

...THE MUSCLE SHOALS CLIMATE SUMMARY FOR FEBRUARY 19 2018...

CLIMATE NORMAL PERIOD 1981 TO 2010
CLIMATE RECORD PERIOD 1893 TO 2018


WEATHER ITEM   OBSERVED TIME   RECORD YEAR NORMAL DEPARTURE LAST
                VALUE   (LST)  VALUE       VALUE  FROM      YEAR
                                                  NORMAL
..................................................................
TEMPERATURE (F)
 YESTERDAY
  MAXIMUM         76R   320 PM  76    1986  56     20       73
                                      1917
  MINIMUM         55    120 AM   5    1958  36     19       41
  AVERAGE         66                        46     20       57

PRECIPITATION (IN)
  YESTERDAY        0.00          3.38 1991   0.18  -0.18     0.00
  MONTH TO DATE    6.65                      3.14   3.51     1.47
  SINCE DEC 1     13.79                     13.43   0.36    11.53
  SINCE JAN 1      8.43                      7.75   0.68     6.19

SNOWFALL (IN)
  YESTERDAY        0.0
  MONTH TO DATE    0.0
  SINCE DEC 1      0.6
  SINCE JUL 1      0.6
  SNOW DEPTH       0

DEGREE DAYS
 HEATING
  YESTERDAY        0                        19    -19        8
  MONTH TO DATE  307                       398    -91      264
  SINCE DEC 1   1815                      1816     -1     1292
  SINCE JUL 1   2322                      2378    -56     1620

 COOLING
  YESTERDAY        1                         0      1        0
  MONTH TO DATE    7                         0      7        0
  SINCE DEC 1      7                         1      6        6
  SINCE JAN 1      7                         0      7        4
..................................................................


WIND (MPH)
  HIGHEST WIND SPEED    22   HIGHEST WIND DIRECTION     S (180)
  HIGHEST GUST SPEED    28   HIGHEST GUST DIRECTION     S (180)
  AVERAGE WIND SPEED     9.7


SKY COVER
  POSSIBLE SUNSHINE  MM
  AVERAGE SKY COVER 0.4


WEATHER CONDITIONS
 THE FOLLOWING WEATHER WAS RECORDED YESTERDAY.
  NO SIGNIFICANT WEATHER WAS OBSERVED.


RELATIVE HUMIDITY (PERCENT)
 HIGHEST    93          1200 AM
 LOWEST     54           400 PM
 AVERAGE    74

..........................................................


THE MUSCLE SHOALS CLIMATE NORMALS FOR TODAY
                         NORMAL    RECORD    YEAR
 MAXIMUM TEMPERATURE (F)   57        79      1917
 MINIMUM TEMPERATURE (F)   36        15      1958
                                             1934


SUNRISE AND SUNSET
FEBRUARY 20 2018......SUNRISE   631 AM CST   SUNSET   538 PM CST
FEBRUARY 21 2018......SUNRISE   629 AM CST   SUNSET   539 PM CST


-  INDICATES NEGATIVE NUMBERS.
R  INDICATES RECORD WAS SET OR TIED.
MM INDICATES DATA IS MISSING.
T  INDICATES TRACE AMOUNT.




$$
