000
CDUS44 KHUN 212237
CLIMSL


CLIMATE REPORT
NATIONAL WEATHER SERVICE HUNTSVILLE AL
437 PM CST MON JAN 21 2019

...................................

...THE MUSCLE SHOALS CLIMATE SUMMARY FOR JANUARY 21 2019...
VALID TODAY AS OF 0400 PM LOCAL TIME.

CLIMATE NORMAL PERIOD 1981 TO 2010
CLIMATE RECORD PERIOD 1893 TO 2019


WEATHER ITEM   OBSERVED TIME   RECORD YEAR NORMAL DEPARTURE LAST
                VALUE   (LST)  VALUE       VALUE  FROM      YEAR
                                                  NORMAL
...................................................................
TEMPERATURE (F)
 TODAY
  MAXIMUM         38    346 PM  75    1937  51    -13       70
  MINIMUM         24    751 AM -11    1985  31     -7       39
  AVERAGE         31                        41    -10       55

PRECIPITATION (IN)
  TODAY            0.00          2.40 1927   0.15  -0.15     0.00
  MONTH TO DATE    3.40                      3.07   0.33     0.93
  SINCE DEC 1     10.42                      8.75   1.67     6.29
  SINCE JAN 1      3.40                      3.07   0.33     0.93

SNOWFALL (IN)
  TODAY            0.0
  MONTH TO DATE    0.0
  SINCE DEC 1      0.0
  SINCE JUL 1      0.0
  SNOW DEPTH       0

DEGREE DAYS
 HEATING
  TODAY           34                        24     10       10
  MONTH TO DATE  375                       504   -129      635
  SINCE DEC 1    929                      1178   -249     1311
  SINCE JUL 1   1556                      1740   -184     1818

 COOLING
  TODAY            0                         0      0        0
  MONTH TO DATE    0                         0      0        0
  SINCE DEC 1      0                         1     -1        0
  SINCE JAN 1      0                         0      0        0
...................................................................


WIND (MPH)
  HIGHEST WIND SPEED    15   HIGHEST WIND DIRECTION     E (70)
  HIGHEST GUST SPEED    20   HIGHEST GUST DIRECTION    NE (60)
  AVERAGE WIND SPEED     9.3


SKY COVER
  POSSIBLE SUNSHINE  MM
  AVERAGE SKY COVER 0.1


WEATHER CONDITIONS
THE FOLLOWING WEATHER WAS RECORDED TODAY.


RELATIVE HUMIDITY (PERCENT)
 HIGHEST    71           400 AM
 LOWEST     38           200 PM
 AVERAGE    55

..........................................................


THE MUSCLE SHOALS CLIMATE NORMALS FOR TOMORROW
                         NORMAL    RECORD    YEAR
 MAXIMUM TEMPERATURE (F)   51        75      1937
 MINIMUM TEMPERATURE (F)   31         9      1961
                                             1940


SUNRISE AND SUNSET
JANUARY 21 2019.......SUNRISE   655 AM CST   SUNSET   508 PM CST
JANUARY 22 2019.......SUNRISE   655 AM CST   SUNSET   509 PM CST


-  INDICATES NEGATIVE NUMBERS.
R  INDICATES RECORD WAS SET OR TIED.
MM INDICATES DATA IS MISSING.
T  INDICATES TRACE AMOUNT.




$$
