000
CDUS44 KHUN 082122
CLIMSL

CLIMATE REPORT
NATIONAL WEATHER SERVICE HUNTSVILLE AL
422 PM CDT SAT MAY 08 2021

...................................

...THE MUSCLE SHOALS CLIMATE SUMMARY FOR MAY 8 2021...
VALID TODAY AS OF 0400 PM LOCAL TIME.

CLIMATE NORMAL PERIOD 1991 TO 2020
CLIMATE RECORD PERIOD 1893 TO 2021


WEATHER ITEM   OBSERVED TIME   RECORD YEAR NORMAL DEPARTURE LAST
                VALUE   (LST)  VALUE       VALUE  FROM      YEAR
                                                  NORMAL
...................................................................
TEMPERATURE (F)
 TODAY
  MAXIMUM         73    259 PM  97    1936  80     -7       63
  MINIMUM         55    111 AM  38    1906  58     -3       50
  AVERAGE         64                        69     -5       57

PRECIPITATION (IN)
  TODAY            0.03          2.91 1978   0.15  -0.12     0.73
  MONTH TO DATE    2.16                      1.22   0.94     0.74
  SINCE MAR 1     16.42                     11.16   5.26    16.46
  SINCE JAN 1     25.17                     20.66   4.51    36.80

SNOWFALL (IN)
  TODAY            0.0
  MONTH TO DATE    0.0
  SINCE MAR 1      0.0
  SINCE JUL 1      4.9
  SNOW DEPTH       0

DEGREE DAYS
 HEATING
  TODAY            1                         1      0        8
  MONTH TO DATE    7                        11     -4       26
  SINCE MAR 1    356                       488   -132      330
  SINCE JUL 1   2601                      2810   -209     2363

 COOLING
  TODAY            0                         5     -5        0
  MONTH TO DATE   24                        36    -12       27
  SINCE MAR 1    112                       120     -8      110
  SINCE JAN 1    120                       123     -3      111
...................................................................


WIND (MPH)
  HIGHEST WIND SPEED     9   HIGHEST WIND DIRECTION    SE (150)
  HIGHEST GUST SPEED    12   HIGHEST GUST DIRECTION    SE (150)
  AVERAGE WIND SPEED     3.0


SKY COVER
  POSSIBLE SUNSHINE  MM
  AVERAGE SKY COVER 0.8


WEATHER CONDITIONS
THE FOLLOWING WEATHER WAS RECORDED TODAY.
  LIGHT RAIN


RELATIVE HUMIDITY (PERCENT)
 HIGHEST    77           200 AM
 LOWEST     44           300 PM
 AVERAGE    61

..........................................................


THE MUSCLE SHOALS CLIMATE NORMALS FOR TOMORROW
                         NORMAL    RECORD    YEAR
 MAXIMUM TEMPERATURE (F)   80        92      1986
 MINIMUM TEMPERATURE (F)   59        38      1917


SUNRISE AND SUNSET
MAY  8 2021...........SUNRISE   553 AM CDT   SUNSET   741 PM CDT
MAY  9 2021...........SUNRISE   552 AM CDT   SUNSET   742 PM CDT


-  INDICATES NEGATIVE NUMBERS.
R  INDICATES RECORD WAS SET OR TIED.
MM INDICATES DATA IS MISSING.
T  INDICATES TRACE AMOUNT.




$$
