000
CDUS44 KHUN 100701
CLIMSL

CLIMATE REPORT
NATIONAL WEATHER SERVICE HUNTSVILLE AL
201 AM CDT MON MAY 10 2021

...................................

...THE MUSCLE SHOALS CLIMATE SUMMARY FOR MAY 9 2021...

CLIMATE NORMAL PERIOD 1991 TO 2020
CLIMATE RECORD PERIOD 1893 TO 2021


WEATHER ITEM   OBSERVED TIME   RECORD YEAR NORMAL DEPARTURE LAST
                VALUE   (LST)  VALUE       VALUE  FROM      YEAR
                                                  NORMAL
...................................................................
TEMPERATURE (F)
 YESTERDAY
  MAXIMUM         78        MM  92    1986  80     -2       66
  MINIMUM         64    900 PM  38    1917  59      5       44
  AVERAGE         71                        70      1       55

PRECIPITATION (IN)
  YESTERDAY        0.61          1.53 1989   0.14   0.47     0.00
                                      2019
  MONTH TO DATE    2.77                      1.36   1.41     0.74
  SINCE MAR 1     17.03                     11.30   5.73    16.46
  SINCE JAN 1     25.78                     20.80   4.98    36.80

SNOWFALL (IN)
  YESTERDAY        0.0
  MONTH TO DATE    0.0
  SINCE MAR 1      0.0
  SINCE JUL 1      4.9
  SNOW DEPTH       0

DEGREE DAYS
 HEATING
  YESTERDAY        0                         1     -1       10
  MONTH TO DATE    6                        12     -6       36
  SINCE MAR 1    355                       489   -134      340
  SINCE JUL 1   2600                      2811   -211     2373

 COOLING
  YESTERDAY        6                         6      0        0
  MONTH TO DATE   31                        42    -11       27
  SINCE MAR 1    119                       126     -7      110
  SINCE JAN 1    127                       129     -2      111
...................................................................


WIND (MPH)
  HIGHEST WIND SPEED    25   HIGHEST WIND DIRECTION    SW (240)
  HIGHEST GUST SPEED    37   HIGHEST GUST DIRECTION    SW (230)
  AVERAGE WIND SPEED    13.5


SKY COVER
  POSSIBLE SUNSHINE  MM
  AVERAGE SKY COVER 0.5


WEATHER CONDITIONS
THE FOLLOWING WEATHER WAS RECORDED YESTERDAY.
  HEAVY RAIN
  RAIN
  LIGHT RAIN


RELATIVE HUMIDITY (PERCENT)
 HIGHEST    84           900 PM
 LOWEST     48          1000 AM
 AVERAGE    66

..........................................................


THE MUSCLE SHOALS CLIMATE NORMALS FOR TODAY
                         NORMAL    RECORD    YEAR
 MAXIMUM TEMPERATURE (F)   81        98      1916
 MINIMUM TEMPERATURE (F)   59        35      1906


SUNRISE AND SUNSET
MAY 10 2021...........SUNRISE   551 AM CDT   SUNSET   743 PM CDT
MAY 11 2021...........SUNRISE   550 AM CDT   SUNSET   744 PM CDT


-  INDICATES NEGATIVE NUMBERS.
R  INDICATES RECORD WAS SET OR TIED.
MM INDICATES DATA IS MISSING.
T  INDICATES TRACE AMOUNT.




$$
