662
CDUS43 KMKX 232234
CLIMSN


CLIMATE REPORT
NATIONAL WEATHER SERVICE IN MILWAUKEE
430 PM CST FRI FEB 23 2018


...................................

...THE MADISON WI CLIMATE SUMMARY FOR FEBRUARY 23 2018...
VALID TODAY AS OF 0400 PM LOCAL TIME.

CLIMATE NORMAL PERIOD 1981 TO 2010
CLIMATE RECORD PERIOD 1871 TO 2018


WEATHER ITEM   OBSERVED TIME   RECORD YEAR NORMAL DEPARTURE LAST
                VALUE   (LST)  VALUE       VALUE  FROM      YEAR
                                                  NORMAL
..................................................................
TEMPERATURE (F)
 TODAY
  MAXIMUM         38    359 PM  58    1984  34      4       49
  MINIMUM         32   1210 AM -20    1889  18     14       32
                                      1873
  AVERAGE         35                        26      9       41

PRECIPITATION (IN)
  TODAY            0.09          1.15 1977   0.06   0.03     0.26
  MONTH TO DATE    2.05                      1.15   0.90     0.97
  SINCE DEC 1      4.46                      4.12   0.34     5.76
  SINCE JAN 1      3.73                      2.38   1.35     3.73

SNOWFALL (IN)
  TODAY            0.0          11.6  1994   0.4   -0.4      0.3
  MONTH TO DATE   13.3                       8.9    4.4      0.3
  SINCE DEC 1     27.2                      35.3   -8.1     34.1
  SINCE JUL 1     27.5                      39.4  -11.9     34.1
  SNOW DEPTH       0

DEGREE DAYS
 HEATING
  TODAY           30                        39     -9       24
  MONTH TO DATE 1065                       981     84      743
  SINCE DEC 1   3771                      3715     56     3325
  SINCE JUL 1   5130                      5294   -164     4347

 COOLING
  TODAY            0                         0      0        0
  MONTH TO DATE    0                         0      0        0
  SINCE DEC 1      0                         0      0        0
  SINCE JAN 1      0                         0      0        0
..................................................................


WIND (MPH)
  HIGHEST WIND SPEED    15   HIGHEST WIND DIRECTION     S (170)
  HIGHEST GUST SPEED    22   HIGHEST GUST DIRECTION     W (290)
  AVERAGE WIND SPEED     8.2


SKY COVER
  POSSIBLE SUNSHINE  MM
  AVERAGE SKY COVER 1.0


WEATHER CONDITIONS
 THE FOLLOWING WEATHER WAS RECORDED TODAY.
  RAIN
  LIGHT RAIN
  FOG


RELATIVE HUMIDITY (PERCENT)
 HIGHEST   100           200 AM
 LOWEST     70           300 PM
 AVERAGE    85

..........................................................


THE MADISON WI CLIMATE NORMALS FOR TOMORROW
                         NORMAL    RECORD    YEAR
 MAXIMUM TEMPERATURE (F)   34        62      2002
 MINIMUM TEMPERATURE (F)   18       -13      1889


SUNRISE AND SUNSET
FEBRUARY 23 2018......SUNRISE   643 AM CST   SUNSET   539 PM CST
FEBRUARY 24 2018......SUNRISE   641 AM CST   SUNSET   540 PM CST


-  INDICATES NEGATIVE NUMBERS.
R  INDICATES RECORD WAS SET OR TIED.
MM INDICATES DATA IS MISSING.
T  INDICATES TRACE AMOUNT.




$$
