000
CDUS43 KMKX 230641
CLIMSN


CLIMATE REPORT
NATIONAL WEATHER SERVICE IN MILWAUKEE
141 AM CDT SUN SEP 23 2018


...................................

...THE MADISON WI CLIMATE SUMMARY FOR SEPTEMBER 22 2018...

CLIMATE NORMAL PERIOD 1981 TO 2010
CLIMATE RECORD PERIOD 1871 TO 2018


WEATHER ITEM   OBSERVED TIME   RECORD YEAR NORMAL DEPARTURE LAST
                VALUE   (LST)  VALUE       VALUE  FROM      YEAR
                                                  NORMAL
..................................................................
TEMPERATURE (F)
 YESTERDAY
  MAXIMUM         65    433 PM  91    2017  69     -4       91
  MINIMUM         39    543 AM  25    1974  47     -8       70
  AVERAGE         52                        58     -6       81

PRECIPITATION (IN)
  YESTERDAY        0.00          3.67 2009   0.11  -0.11     0.00
  MONTH TO DATE    4.08                      2.37   1.71     0.55
  SINCE SEP 1      4.08                      2.37   1.71     0.55
  SINCE JAN 1     40.11                     27.19  12.92    33.31

SNOWFALL (IN)
  YESTERDAY        0.0           0.0    MM   0.0    0.0      0.0
  MONTH TO DATE    0.0                       0.0    0.0      0.0
  SINCE SEP 1      0.0                       0.0    0.0      0.0
  SINCE JUL 1      0.0                       0.0    0.0      0.0
  SNOW DEPTH       0

DEGREE DAYS
 HEATING
  YESTERDAY       13                         8      5        0
  MONTH TO DATE   39                        98    -59       76
  SINCE SEP 1     39                        98    -59       76
  SINCE JUL 1     41                       135    -94      101

 COOLING
  YESTERDAY        0                         1     -1       16
  MONTH TO DATE   91                        46     45       68
  SINCE SEP 1     91                        46     45       68
  SINCE JAN 1    783                       559    224      528
..................................................................


WIND (MPH)
  HIGHEST WIND SPEED    14   HIGHEST WIND DIRECTION    SE (120)
  HIGHEST GUST SPEED    17   HIGHEST GUST DIRECTION    SE (130)
  AVERAGE WIND SPEED     5.0


SKY COVER
  POSSIBLE SUNSHINE  MM
  AVERAGE SKY COVER 0.2


WEATHER CONDITIONS
 THE FOLLOWING WEATHER WAS RECORDED YESTERDAY.
  NO SIGNIFICANT WEATHER WAS OBSERVED.


RELATIVE HUMIDITY (PERCENT)
 HIGHEST   100           500 AM
 LOWEST     48           200 PM
 AVERAGE    74

..........................................................


THE MADISON WI CLIMATE NORMALS FOR TODAY
                         NORMAL    RECORD    YEAR
 MAXIMUM TEMPERATURE (F)   69        92      2017
 MINIMUM TEMPERATURE (F)   47        26      1974


SUNRISE AND SUNSET
SEPTEMBER 23 2018.....SUNRISE   646 AM CDT   SUNSET   653 PM CDT
SEPTEMBER 24 2018.....SUNRISE   647 AM CDT   SUNSET   651 PM CDT


-  INDICATES NEGATIVE NUMBERS.
R  INDICATES RECORD WAS SET OR TIED.
MM INDICATES DATA IS MISSING.
T  INDICATES TRACE AMOUNT.




$$
