000
CDUS43 KMKX 162138
CLIMSN


CLIMATE REPORT
NATIONAL WEATHER SERVICE IN MILWAUKEE
437 PM CDT WED OCT 16 2019


...................................

...THE MADISON WI CLIMATE SUMMARY FOR OCTOBER 16 2019...
VALID TODAY AS OF 0400 PM LOCAL TIME.

CLIMATE NORMAL PERIOD 1981 TO 2010
CLIMATE RECORD PERIOD 1871 TO 2019


WEATHER ITEM   OBSERVED TIME   RECORD YEAR NORMAL DEPARTURE LAST
                VALUE   (LST)  VALUE       VALUE  FROM      YEAR
                                                  NORMAL
..................................................................
TEMPERATURE (F)
 TODAY
  MAXIMUM         53    259 PM  81    1938  59     -6       57
                                      1879
  MINIMUM         43    242 AM  19    1891  39      4       36
  AVERAGE         48                        49     -1       47

PRECIPITATION (IN)
  TODAY            T             0.99 1914   0.07  -0.07     0.00
  MONTH TO DATE    4.44                      1.22   3.22     4.82
  SINCE SEP 1     11.24                      4.35   6.89    10.28
  SINCE JAN 1     40.83                     29.17  11.66    46.31

SNOWFALL (IN)
  TODAY            0.0           0.6  1952   0.0    0.0      0.0
  MONTH TO DATE    0.0                       0.1   -0.1       T
  SINCE SEP 1      0.0                       0.1   -0.1       T
  SINCE JUL 1      0.0                       0.1   -0.1       T
  SNOW DEPTH       0

DEGREE DAYS
 HEATING
  TODAY           17                        16      1       18
  MONTH TO DATE  208                       220    -12      224
  SINCE SEP 1    252                       391   -139      347
  SINCE JUL 1    265                       428   -163      349

 COOLING
  TODAY            0                         0      0        0
  MONTH TO DATE    4                         0      4       13
  SINCE SEP 1     89                        51     38      104
  SINCE JAN 1    656                       564     92      796
..................................................................


WIND (MPH)
  HIGHEST WIND SPEED    21   HIGHEST WIND DIRECTION    NW (320)
  HIGHEST GUST SPEED    37   HIGHEST GUST DIRECTION     N (350)
  AVERAGE WIND SPEED    13.8


SKY COVER
  POSSIBLE SUNSHINE  MM
  AVERAGE SKY COVER 0.9


WEATHER CONDITIONS
 THE FOLLOWING WEATHER WAS RECORDED TODAY.
  NO SIGNIFICANT WEATHER WAS OBSERVED.


RELATIVE HUMIDITY (PERCENT)
 HIGHEST    82           200 AM
 LOWEST     46           300 PM
 AVERAGE    64

..........................................................


THE MADISON WI CLIMATE NORMALS FOR TOMORROW
                         NORMAL    RECORD    YEAR
 MAXIMUM TEMPERATURE (F)   59        81      1956
                                             1953
                                             1910
 MINIMUM TEMPERATURE (F)   38        19      1948


SUNRISE AND SUNSET
OCTOBER 16 2019.......SUNRISE   712 AM CDT   SUNSET   613 PM CDT
OCTOBER 17 2019.......SUNRISE   713 AM CDT   SUNSET   612 PM CDT


-  INDICATES NEGATIVE NUMBERS.
R  INDICATES RECORD WAS SET OR TIED.
MM INDICATES DATA IS MISSING.
T  INDICATES TRACE AMOUNT.




$$
