000
CDUS43 KMKX 090642
CLIMSN


CLIMATE REPORT
NATIONAL WEATHER SERVICE IN MILWAUKEE
142 AM CDT SUN AUG 9 2020


...................................

...THE MADISON WI CLIMATE SUMMARY FOR AUGUST 8 2020...

CLIMATE NORMAL PERIOD 1981 TO 2010
CLIMATE RECORD PERIOD 1871 TO 2020


WEATHER ITEM   OBSERVED TIME   RECORD YEAR NORMAL DEPARTURE LAST
                VALUE   (LST)  VALUE       VALUE  FROM      YEAR
                                                  NORMAL
..................................................................
TEMPERATURE (F)
 YESTERDAY
  MAXIMUM         88    241 PM  96    1894  80      8       78
  MINIMUM         68    608 AM  44    1976  60      8       60
  AVERAGE         78                        70      8       69

PRECIPITATION (IN)
  YESTERDAY        0.00          4.96 1906   0.13  -0.13     0.00
  MONTH TO DATE    0.49                      1.09  -0.60     1.46
  SINCE JUN 1     13.15                      9.81   3.34    12.39
  SINCE JAN 1     26.76                     21.64   5.12    28.20

SNOWFALL (IN)
  YESTERDAY        0.0           0.0  2019   0.0    0.0      0.0
  MONTH TO DATE    0.0                       0.0    0.0      0.0
  SINCE JUN 1      0.0                       0.0    0.0      0.0
  SINCE JUL 1      0.0                       0.0    0.0      0.0
  SNOW DEPTH       0

DEGREE DAYS
 HEATING
  YESTERDAY        0                         1     -1        0
  MONTH TO DATE    8                         5      3        0
  SINCE JUN 1     27                        75    -48       42
  SINCE JUL 1      8                        15     -7        0

 COOLING
  YESTERDAY       13                         6      7        4
  MONTH TO DATE   26                        48    -22       59
  SINCE JUN 1    512                       374    138      480
  SINCE JAN 1    552                       404    148      500
..................................................................


WIND (MPH)
  HIGHEST WIND SPEED    17   HIGHEST WIND DIRECTION     S (180)
  HIGHEST GUST SPEED    25   HIGHEST GUST DIRECTION     S (170)
  AVERAGE WIND SPEED     9.1


SKY COVER
  POSSIBLE SUNSHINE  MM
  AVERAGE SKY COVER 0.4


WEATHER CONDITIONS
 THE FOLLOWING WEATHER WAS RECORDED YESTERDAY.
  NO SIGNIFICANT WEATHER WAS OBSERVED.


RELATIVE HUMIDITY (PERCENT)
 HIGHEST    79           900 PM
 LOWEST     50           200 PM
 AVERAGE    65

..........................................................


THE MADISON WI CLIMATE NORMALS FOR TODAY
                         NORMAL    RECORD    YEAR
 MAXIMUM TEMPERATURE (F)   80        95      1936
                                             1934
                                             1887
 MINIMUM TEMPERATURE (F)   60        40      1972


SUNRISE AND SUNSET
AUGUST  9 2020........SUNRISE   557 AM CDT   SUNSET   808 PM CDT
AUGUST 10 2020........SUNRISE   558 AM CDT   SUNSET   806 PM CDT


-  INDICATES NEGATIVE NUMBERS.
R  INDICATES RECORD WAS SET OR TIED.
MM INDICATES DATA IS MISSING.
T  INDICATES TRACE AMOUNT.




$$
