000
CDUS43 KMKX 070623
CLIMSN

CLIMATE REPORT
NATIONAL WEATHER SERVICE MILWAUKEE/SULLIVAN WI
123 AM CDT FRI MAY 07 2021

...................................

...THE MADISON WI CLIMATE SUMMARY FOR MAY 6 2021...

CLIMATE NORMAL PERIOD 1991 TO 2020
CLIMATE RECORD PERIOD 1871 TO 2021


WEATHER ITEM   OBSERVED TIME   RECORD YEAR NORMAL DEPARTURE LAST
                VALUE   (LST)  VALUE       VALUE  FROM      YEAR
                                                  NORMAL
...................................................................
TEMPERATURE (F)
 YESTERDAY
  MAXIMUM         59    144 PM  92    1934  65     -6       65
  MINIMUM         41   1010 PM  25    1970  43     -2       32
                                      1992
  AVERAGE         50                        54     -4       49

PRECIPITATION (IN)
  YESTERDAY        0.21          2.55 1960   0.13   0.08     0.00
  MONTH TO DATE    0.82                      0.74   0.08      T
  SINCE MAR 1      3.67                      6.78  -3.11     5.51
  SINCE JAN 1      5.80                      9.77  -3.97     8.19

SNOWFALL (IN)
  YESTERDAY        0.0           0.5  1989   0.1   -0.1      0.0
  MONTH TO DATE    0.0                       0.1   -0.1      0.0
  SINCE MAR 1      2.1                       9.7   -7.6      3.0
  SINCE JUL 1     45.3                      51.8   -6.5     53.7
  SNOW DEPTH        0

DEGREE DAYS
 HEATING
  YESTERDAY       15                        11      4       16
  MONTH TO DATE   49                        71    -22       76
  SINCE MAR 1   1324                      1584   -260     1489
  SINCE JUL 1   6776                      6911   -135     6582

 COOLING
  YESTERDAY        0                         0      0        0
  MONTH TO DATE    9                         0      9        0
  SINCE MAR 1     17                         3     14        0
  SINCE JAN 1     17                         3     14        0
...................................................................


WIND (MPH)
  HIGHEST WIND SPEED    17   HIGHEST WIND DIRECTION    NE (30)
  HIGHEST GUST SPEED    25   HIGHEST GUST DIRECTION     N (360)
  AVERAGE WIND SPEED     6.5


SKY COVER
  POSSIBLE SUNSHINE  MM
  AVERAGE SKY COVER 0.7


WEATHER CONDITIONS
THE FOLLOWING WEATHER WAS RECORDED YESTERDAY.
  LIGHT RAIN
  FOG


RELATIVE HUMIDITY (PERCENT)
 HIGHEST    97           500 AM
 LOWEST     40           100 PM
 AVERAGE    69

..........................................................


THE MADISON WI CLIMATE NORMALS FOR TODAY
                         NORMAL    RECORD    YEAR
 MAXIMUM TEMPERATURE (F)   66        86      1880
 MINIMUM TEMPERATURE (F)   44        24      1989


SUNRISE AND SUNSET
MAY  7 2021...........SUNRISE   543 AM CDT   SUNSET   806 PM CDT
MAY  8 2021...........SUNRISE   541 AM CDT   SUNSET   807 PM CDT


-  INDICATES NEGATIVE NUMBERS.
R  INDICATES RECORD WAS SET OR TIED.
MM INDICATES DATA IS MISSING.
T  INDICATES TRACE AMOUNT.




$$
