000
CDUS45 KMSO 202231
CLIMSO


CLIMATE REPORT
NATIONAL WEATHER SERVICE MISSOULA, MT
430 PM MDT SAT OCT 20 2018


...................................

...THE MISSOULA MT CLIMATE SUMMARY FOR OCTOBER 20 2018...
VALID TODAY AS OF 0400 PM LOCAL TIME.

CLIMATE NORMAL PERIOD 1981 TO 2010
CLIMATE RECORD PERIOD 1893 TO 2018


WEATHER ITEM   OBSERVED TIME   RECORD YEAR NORMAL DEPARTURE LAST
                VALUE   (LST)  VALUE       VALUE  FROM      YEAR
                                                  NORMAL
..................................................................
TEMPERATURE (F)
 TODAY
  MAXIMUM         65    259 PM  72    1897  56      9       51
  MINIMUM         29    721 AM  18    1976  31     -2       35
                                      1905
                                      1895
  AVERAGE         47                        44      3       43

PRECIPITATION (IN)
  TODAY            0.00          0.43 1899   0.03  -0.03     0.09
  MONTH TO DATE    0.56                      0.56   0.00     0.46
  SINCE OCT 1      0.56                      0.56   0.00     0.46
  SINCE JAN 1     11.83                     11.76   0.07    11.88

SNOWFALL (IN)
  TODAY            0.0
  MONTH TO DATE    T
  SINCE JAN 1     25.9
  SINCE JUL 1      T
  SNOW DEPTH       0

DEGREE DAYS
 HEATING
  TODAY           18                        22     -4       22
  MONTH TO DATE  412                       356     56      425
  SINCE SEP 1    662                       597     65      696
  SINCE JUL 1    754                       681     73      697

 COOLING
  TODAY            0                         0      0        0
  MONTH TO DATE    0                         0      0        0
  SINCE SEP 1      8                        15     -7       34
  SINCE JAN 1    280                       332    -52      509
..................................................................


WIND (MPH)
  HIGHEST WIND SPEED     5   HIGHEST WIND DIRECTION    SW (220)
  HIGHEST GUST SPEED     6   HIGHEST GUST DIRECTION    SW (210)
  AVERAGE WIND SPEED     0.4


SKY COVER
  POSSIBLE SUNSHINE  MM
  AVERAGE SKY COVER 0.0


WEATHER CONDITIONS
 THE FOLLOWING WEATHER WAS RECORDED TODAY.
  NO SIGNIFICANT WEATHER WAS OBSERVED.


RELATIVE HUMIDITY (PERCENT)
 HIGHEST    85           600 AM
 LOWEST     30           300 PM
 AVERAGE    58

..........................................................


THE MISSOULA MT CLIMATE NORMALS FOR TOMORROW
                         NORMAL    RECORD    YEAR
 MAXIMUM TEMPERATURE (F)   55        80      2003
 MINIMUM TEMPERATURE (F)   31        18      1984
                                             1895


SUNRISE AND SUNSET
OCTOBER 20 2018.......SUNRISE   801 AM MDT   SUNSET   640 PM MDT
OCTOBER 21 2018.......SUNRISE   803 AM MDT   SUNSET   638 PM MDT


-  INDICATES NEGATIVE NUMBERS.
R  INDICATES RECORD WAS SET OR TIED.
MM INDICATES DATA IS MISSING.
T  INDICATES TRACE AMOUNT.




$$
