000
CDUS45 KMSO 160739
CLIMSO


CLIMATE REPORT
NATIONAL WEATHER SERVICE MISSOULA, MT
138 AM MDT THU AUG 16 2018


...................................

...THE MISSOULA MT CLIMATE SUMMARY FOR AUGUST 15 2018...

CLIMATE NORMAL PERIOD 1981 TO 2010
CLIMATE RECORD PERIOD 1893 TO 2018


WEATHER ITEM   OBSERVED TIME   RECORD YEAR NORMAL DEPARTURE LAST
                VALUE   (LST)  VALUE       VALUE  FROM      YEAR
                                                  NORMAL
..................................................................
TEMPERATURE (F)
 YESTERDAY
  MAXIMUM         91    604 PM  98    2013  86      5       84
                                      2004
  MINIMUM         48    611 AM  33    1893  51     -3       45
  AVERAGE         70                        68      2       65

PRECIPITATION (IN)
  YESTERDAY        0.00          0.55 1968   0.04  -0.04     0.00
  MONTH TO DATE    T                         0.54  -0.54     0.14
  SINCE OCT 1     14.20                     12.31   1.89    14.85
  SINCE JAN 1     10.38                      9.38   1.00    10.19

SNOWFALL (IN)
  YESTERDAY       MM
  MONTH TO DATE    0.0
  SINCE JAN 1     25.9
  SINCE JUL 1      0.0
  SNOW DEPTH       0

DEGREE DAYS
 HEATING
  YESTERDAY        0                         1     -1        0
  MONTH TO DATE    1                        15    -14        0
  SINCE JUN 1    206                       213     -7      115
  SINCE JUL 1     35                        53    -18        0

 COOLING
  YESTERDAY        5                         4      1        0
  MONTH TO DATE   91                        79     12       95
  SINCE JUN 1    243                       267    -24      410
  SINCE JAN 1    244                       273    -29      419
..................................................................


WIND (MPH)
  HIGHEST WIND SPEED    12   HIGHEST WIND DIRECTION     S (190)
  HIGHEST GUST SPEED    14   HIGHEST GUST DIRECTION    SE (150)
  AVERAGE WIND SPEED     2.7


SKY COVER
  POSSIBLE SUNSHINE  MM
  AVERAGE SKY COVER 0.0


WEATHER CONDITIONS
 THE FOLLOWING WEATHER WAS RECORDED YESTERDAY.
  HAZE


RELATIVE HUMIDITY (PERCENT)
 HIGHEST    63           500 AM
 LOWEST     15           500 PM
 AVERAGE    39

..........................................................


THE MISSOULA MT CLIMATE NORMALS FOR TODAY
                         NORMAL    RECORD    YEAR
 MAXIMUM TEMPERATURE (F)   85        97      1933
 MINIMUM TEMPERATURE (F)   50        35      1893


SUNRISE AND SUNSET
AUGUST 16 2018........SUNRISE   635 AM MDT   SUNSET   845 PM MDT
AUGUST 17 2018........SUNRISE   636 AM MDT   SUNSET   843 PM MDT


-  INDICATES NEGATIVE NUMBERS.
R  INDICATES RECORD WAS SET OR TIED.
MM INDICATES DATA IS MISSING.
T  INDICATES TRACE AMOUNT.




$$
