000
CDUS45 KMSO 150737
CLIMSO


CLIMATE REPORT
NATIONAL WEATHER SERVICE MISSOULA, MT
137 AM MDT TUE OCT 15 2019


...................................

...THE MISSOULA MT CLIMATE SUMMARY FOR OCTOBER 14 2019...

CLIMATE NORMAL PERIOD 1981 TO 2010
CLIMATE RECORD PERIOD 1893 TO 2019


WEATHER ITEM   OBSERVED TIME   RECORD YEAR NORMAL DEPARTURE LAST
                VALUE   (LST)  VALUE       VALUE  FROM      YEAR
                                                  NORMAL
..................................................................
TEMPERATURE (F)
 YESTERDAY
  MAXIMUM         56    306 PM  82    1918  59     -3       47
  MINIMUM         32   1157 PM  18    1899  33     -1       30
  AVERAGE         44                        46     -2       39

PRECIPITATION (IN)
  YESTERDAY        0.00          0.41 2001   0.02  -0.02     0.00
  MONTH TO DATE    0.05                      0.39  -0.34     0.56
  SINCE OCT 1      0.05                      0.39  -0.34     0.56
  SINCE JAN 1     13.09                     11.59   1.50    11.83

SNOWFALL (IN)
  YESTERDAY        0.0
  MONTH TO DATE    T
  SINCE JAN 1     42.8
  SINCE JUL 1      1.7
  SNOW DEPTH       0

DEGREE DAYS
 HEATING
  YESTERDAY       21                        19      2       26
  MONTH TO DATE  337                       232    105      288
  SINCE SEP 1    574                       473    101      538
  SINCE JUL 1    619                       557     62      630

 COOLING
  YESTERDAY        0                         0      0        0
  MONTH TO DATE    0                         0      0        0
  SINCE SEP 1     35                        15     20        8
  SINCE JAN 1    308                       332    -24      280
..................................................................


WIND (MPH)
  HIGHEST WIND SPEED    17   HIGHEST WIND DIRECTION     W (270)
  HIGHEST GUST SPEED    22   HIGHEST GUST DIRECTION     W (290)
  AVERAGE WIND SPEED     6.4


SKY COVER
  POSSIBLE SUNSHINE  MM
  AVERAGE SKY COVER 0.6


WEATHER CONDITIONS
 THE FOLLOWING WEATHER WAS RECORDED YESTERDAY.
  NO SIGNIFICANT WEATHER WAS OBSERVED.


RELATIVE HUMIDITY (PERCENT)
 HIGHEST    76           300 AM
 LOWEST     32           100 PM
 AVERAGE    54

..........................................................


THE MISSOULA MT CLIMATE NORMALS FOR TODAY
                         NORMAL    RECORD    YEAR
 MAXIMUM TEMPERATURE (F)   58        81      1991
 MINIMUM TEMPERATURE (F)   32        17      1969


SUNRISE AND SUNSET
OCTOBER 15 2019.......SUNRISE   754 AM MDT   SUNSET   649 PM MDT
OCTOBER 16 2019.......SUNRISE   755 AM MDT   SUNSET   648 PM MDT


-  INDICATES NEGATIVE NUMBERS.
R  INDICATES RECORD WAS SET OR TIED.
MM INDICATES DATA IS MISSING.
T  INDICATES TRACE AMOUNT.




$$
