000
CDUS43 KMPX 202130
CLIMSP


CLIMATE REPORT
NATIONAL WEATHER SERVICE CHANHASSEN MN
428 PM CDT SAT OCT 20 2018


...................................

...THE TWIN CITIES MN CLIMATE SUMMARY FOR OCTOBER 20 2018...
VALID TODAY AS OF 0400 PM LOCAL TIME.

CLIMATE NORMAL PERIOD 1981 TO 2010
CLIMATE RECORD PERIOD 1871 TO 2018


WEATHER ITEM   OBSERVED TIME   RECORD YEAR NORMAL DEPARTURE LAST
                VALUE   (LST)  VALUE       VALUE  FROM      YEAR
                                                  NORMAL
..................................................................
TEMPERATURE (F)
 TODAY
  MAXIMUM         49   1221 AM  83    1953  56     -7       78
  MINIMUM         35    900 AM  18    1960  38     -3       53
  AVERAGE         42                        47     -5       66

PRECIPITATION (IN)
  TODAY            T             2.64 1934   0.07  -0.07      T
  MONTH TO DATE    2.97                      1.73   1.24     3.76
  SINCE SEP 1      9.84                      4.81   5.03     4.80
  SINCE JAN 1     30.16                     26.98   3.18    30.45

SNOWFALL (IN)
  TODAY            T             3.0  1916   0.0    0.0      0.0
  MONTH TO DATE    0.3                       0.1    0.2      0.0
  SINCE SEP 1      0.3                       0.1    0.2      0.0
  SINCE JUL 1      0.3                       0.1    0.2      0.0

DEGREE DAYS
 HEATING
  TODAY           23                        18      5        0
  MONTH TO DATE  377                       282     95      182
  SINCE SEP 1    491                       436     55      247
  SINCE JUL 1    498                       455     43      254

 COOLING
  TODAY            0                         0      0        1
  MONTH TO DATE    0                         3     -3        1
  SINCE SEP 1    126                        69     57      142
  SINCE JAN 1   1135                       750    385      830
..................................................................


WIND (MPH)
  HIGHEST WIND SPEED    37   HIGHEST WIND DIRECTION    NW (310)
  HIGHEST GUST SPEED    50   HIGHEST GUST DIRECTION    NW (310)
  AVERAGE WIND SPEED    21.4


SKY COVER
  POSSIBLE SUNSHINE  MM
  AVERAGE SKY COVER 0.4


WEATHER CONDITIONS
 THE FOLLOWING WEATHER WAS RECORDED TODAY.
  NO SIGNIFICANT WEATHER WAS OBSERVED.


RELATIVE HUMIDITY (PERCENT)
 HIGHEST    61          1200 AM
 LOWEST     33           200 PM
 AVERAGE    47

..........................................................


THE TWIN CITIES MN CLIMATE NORMALS FOR TOMORROW
                         NORMAL    RECORD    YEAR
 MAXIMUM TEMPERATURE (F)   56        88      1947
 MINIMUM TEMPERATURE (F)   38        16      1913


SUNRISE AND SUNSET
OCTOBER 20 2018.......SUNRISE   735 AM CDT   SUNSET   620 PM CDT
OCTOBER 21 2018.......SUNRISE   736 AM CDT   SUNSET   618 PM CDT


-  INDICATES NEGATIVE NUMBERS.
R  INDICATES RECORD WAS SET OR TIED.
MM INDICATES DATA IS MISSING.
T  INDICATES TRACE AMOUNT.




$$
