000
CDUS43 KMPX 170652
CLIMSP


CLIMATE REPORT
NATIONAL WEATHER SERVICE CHANHASSEN MN
151 AM CDT THU OCT 17 2019


...................................

...THE TWIN CITIES MN CLIMATE SUMMARY FOR OCTOBER 16 2019...

CLIMATE NORMAL PERIOD 1981 TO 2010
CLIMATE RECORD PERIOD 1871 TO 2019


WEATHER ITEM   OBSERVED TIME   RECORD YEAR NORMAL DEPARTURE LAST
                VALUE   (LST)  VALUE       VALUE  FROM      YEAR
                                                  NORMAL
..................................................................
TEMPERATURE (F)
 YESTERDAY
  MAXIMUM         48    309 PM  86    1938  58    -10       56
  MINIMUM         41    651 AM  23    1952  40      1       39
  AVERAGE         45                        49     -4       48

PRECIPITATION (IN)
  YESTERDAY        0.01          2.10 1984   0.08  -0.07     0.00
  MONTH TO DATE    2.77                      1.42   1.35     2.95
  SINCE SEP 1      6.69                      4.50   2.19     9.82
  SINCE JAN 1     37.78                     26.67  11.11    30.14

SNOWFALL (IN)
  YESTERDAY        0.0           0.5  1992   0.1   -0.1      0.0
  MONTH TO DATE    T                         0.1   -0.1      0.3
  SINCE SEP 1      T                         0.1   -0.1      0.3
  SINCE JUL 1      T                         0.1   -0.1      0.3
  SNOW DEPTH       0

DEGREE DAYS
 HEATING
  YESTERDAY       20                        16      4       17
  MONTH TO DATE  249                       213     36      311
  SINCE SEP 1    308                       367    -59      425
  SINCE JUL 1    309                       386    -77      432

 COOLING
  YESTERDAY        0                         0      0        0
  MONTH TO DATE    0                         3     -3        0
  SINCE SEP 1    115                        69     46      126
  SINCE JAN 1    817                       750     67     1135
..................................................................


WIND (MPH)
  HIGHEST WIND SPEED    18   HIGHEST WIND DIRECTION    NW (320)
  HIGHEST GUST SPEED    29   HIGHEST GUST DIRECTION    NW (300)
  AVERAGE WIND SPEED     8.8


SKY COVER
  POSSIBLE SUNSHINE  MM
  AVERAGE SKY COVER 0.9


WEATHER CONDITIONS
 THE FOLLOWING WEATHER WAS RECORDED YESTERDAY.
  HAZE


RELATIVE HUMIDITY (PERCENT)
 HIGHEST    82           100 AM
 LOWEST     61           300 PM
 AVERAGE    72

..........................................................


THE TWIN CITIES MN CLIMATE NORMALS FOR TODAY
                         NORMAL    RECORD    YEAR
 MAXIMUM TEMPERATURE (F)   58        84      1910
 MINIMUM TEMPERATURE (F)   39        22      1952
                                             1948


SUNRISE AND SUNSET
OCTOBER 17 2019.......SUNRISE   731 AM CDT   SUNSET   625 PM CDT
OCTOBER 18 2019.......SUNRISE   732 AM CDT   SUNSET   623 PM CDT


-  INDICATES NEGATIVE NUMBERS.
R  INDICATES RECORD WAS SET OR TIED.
MM INDICATES DATA IS MISSING.
T  INDICATES TRACE AMOUNT.




$$
