000
CDUS43 KMPX 090706
CLIMSP

CLIMATE REPORT
NATIONAL WEATHER SERVICE TWIN CITIES/CHANHASSEN MN
206 AM CDT SUN AUG 09 2020

...................................

...THE TWIN CITIES MN CLIMATE SUMMARY FOR AUGUST 8 2020...

CLIMATE NORMAL PERIOD: 1981 TO 2010
CLIMATE RECORD PERIOD: 1871 TO 2020


WEATHER ITEM   OBSERVED TIME   RECORD YEAR NORMAL DEPARTURE LAST
                VALUE   (LST)  VALUE       VALUE  FROM      YEAR
                                                  NORMAL
...................................................................
TEMPERATURE (F)
 YESTERDAY
  MAXIMUM         83   5:51 PM  96    1894  82      1       79
                                      1914
                                      2010
  MINIMUM         69  11:59 PM  47    1888  63      6       58
  AVERAGE         76                        72      4       69

PRECIPITATION (IN)
  YESTERDAY        0.01          2.22 1987   0.14  -0.13     0.00
  MONTH TO DATE    0.16                      1.19  -1.03     0.44
  SINCE JUN 1     10.07                      9.48   0.59     9.64
  SINCE JAN 1     20.68                     19.06   1.62    25.25

SNOWFALL (IN)
  YESTERDAY        0.0           0.0    MM   0.0    0.0      0.0
  MONTH TO DATE    0.0                       0.0    0.0      0.0
  SINCE JUN 1      0.0                       0.0    0.0      0.0
  SINCE JUL 1      0.0                       0.0    0.0      0.0
  SNOW DEPTH       0

DEGREE DAYS
 HEATING
  YESTERDAY        0                         0      0        0
  MONTH TO DATE    0                         0      0        0
  SINCE JUN 1      5                        49    -44       10
  SINCE JUL 1      2                         5     -3        0

 COOLING
  YESTERDAY       11                         8      3        4
  MONTH TO DATE   44                        64    -20       92
  SINCE JUN 1    642                       498    144      579
  SINCE JAN 1    677                       540    137      599
...................................................................


WIND (MPH)
  HIGHEST WIND SPEED    30   HIGHEST WIND DIRECTION    SE (120)
  HIGHEST GUST SPEED    41   HIGHEST GUST DIRECTION    SE (140)
  AVERAGE WIND SPEED     7.8


SKY COVER
  POSSIBLE SUNSHINE  MM
  AVERAGE SKY COVER 0.9


WEATHER CONDITIONS
THE FOLLOWING WEATHER WAS RECORDED YESTERDAY.
  THUNDERSTORM
  LIGHT RAIN
  FOG


RELATIVE HUMIDITY (PERCENT)
 HIGHEST    97           5:00 PM
 LOWEST     56           6:00 PM
 AVERAGE    77

..........................................................


THE TWIN CITIES MN CLIMATE NORMALS FOR TODAY
                         NORMAL    RECORD    YEAR
 MAXIMUM TEMPERATURE (F)   82        95      1947
                                             2010
 MINIMUM TEMPERATURE (F)   63        46      1888
                                             1972


SUNRISE AND SUNSET
AUGUST  9 2020........SUNRISE   6:08 AM CDT   SUNSET   8:27 PM CDT
AUGUST 10 2020........SUNRISE   6:10 AM CDT   SUNSET   8:26 PM CDT


-  INDICATES NEGATIVE NUMBERS.
R  INDICATES RECORD WAS SET OR TIED.
MM INDICATES DATA IS MISSING.
T  INDICATES TRACE AMOUNT.




$$
