000
CDUS43 KMPX 070633
CLIMSP

CLIMATE REPORT
NATIONAL WEATHER SERVICE TWIN CITIES/CHANHASSEN MN
133 AM CDT FRI MAY 07 2021

...................................

...THE TWIN CITIES MN CLIMATE SUMMARY FOR MAY 6 2021...

CLIMATE NORMAL PERIOD 1991 TO 2020
CLIMATE RECORD PERIOD 1871 TO 2021


WEATHER ITEM   OBSERVED TIME   RECORD YEAR NORMAL DEPARTURE LAST
                VALUE   (LST)  VALUE       VALUE  FROM      YEAR
                                                  NORMAL
...................................................................
TEMPERATURE (F)
 YESTERDAY
  MAXIMUM         62    456 PM  92    2016  66     -4       66
  MINIMUM         39    525 AM  25    1989  46     -7       48
  AVERAGE         51                        56     -5       57

PRECIPITATION (IN)
  YESTERDAY        T             1.51 1939   0.11  -0.11     0.00
  MONTH TO DATE    0.07                      0.67  -0.60      T
  SINCE MAR 1      5.39                      5.26   0.13     4.21
  SINCE JAN 1      6.78                      7.02  -0.24     5.76

SNOWFALL (IN)
  YESTERDAY        0.0           0.3  1885   0.0    0.0      0.0
  MONTH TO DATE    0.0                       0.0    0.0      0.0
  SINCE MAR 1      4.5                      11.7   -7.2      8.6
  SINCE JUL 1     48.7                      51.2   -2.5     51.5
  SNOW DEPTH       0

DEGREE DAYS
 HEATING
  YESTERDAY       14                        10      4        8
  MONTH TO DATE   54                        64    -10       43
  SINCE MAR 1   1320                      1589   -269     1475
  SINCE JUL 1   6964                      7215   -251     7058

 COOLING
  YESTERDAY        0                         1     -1        0
  MONTH TO DATE    6                         1      5        1
  SINCE MAR 1      7                         5      2        1
  SINCE JAN 1      7                         5      2        1
...................................................................


WIND (MPH)
  HIGHEST WIND SPEED    26   HIGHEST WIND DIRECTION    NW (320)
  HIGHEST GUST SPEED    43   HIGHEST GUST DIRECTION    NW (310)
  AVERAGE WIND SPEED     9.5


SKY COVER
  POSSIBLE SUNSHINE  MM
  AVERAGE SKY COVER 0.5


WEATHER CONDITIONS
THE FOLLOWING WEATHER WAS RECORDED YESTERDAY.
  LIGHT RAIN
  FOG
  HAZE


RELATIVE HUMIDITY (PERCENT)
 HIGHEST    93          1200 AM
 LOWEST     21           500 PM
 AVERAGE    57

..........................................................


THE TWIN CITIES MN CLIMATE NORMALS FOR TODAY
                         NORMAL    RECORD    YEAR
 MAXIMUM TEMPERATURE (F)   66        92      1963
 MINIMUM TEMPERATURE (F)   47        27      1885


SUNRISE AND SUNSET
MAY  7 2021...........SUNRISE   554 AM CDT   SUNSET   826 PM CDT
MAY  8 2021...........SUNRISE   552 AM CDT   SUNSET   827 PM CDT


-  INDICATES NEGATIVE NUMBERS.
R  INDICATES RECORD WAS SET OR TIED.
MM INDICATES DATA IS MISSING.
T  INDICATES TRACE AMOUNT.




$$
