258
CDUS43 KMPX 260629
CLIMSP


CLIMATE REPORT
NATIONAL WEATHER SERVICE CHANHASSEN MN
126 AM CDT THU APR 26 2018


...................................

...THE TWIN CITIES MN CLIMATE SUMMARY FOR APRIL 25 2018...

CLIMATE NORMAL PERIOD 1981 TO 2010
CLIMATE RECORD PERIOD 1871 TO 2018


WEATHER ITEM   OBSERVED TIME   RECORD YEAR NORMAL DEPARTURE LAST
                VALUE   (LST)  VALUE       VALUE  FROM      YEAR
                                                  NORMAL
..................................................................
TEMPERATURE (F)
 YESTERDAY
  MAXIMUM         61    414 PM  91    1962  63     -2       62
  MINIMUM         35    541 AM  25    1907  42     -7       47
  AVERAGE         48                        52     -4       55

PRECIPITATION (IN)
  YESTERDAY        0.00          1.47 1902   0.10  -0.10     0.45
  MONTH TO DATE    2.17                      2.12   0.05     3.35
  SINCE MAR 1      3.36                      4.01  -0.65     4.03
  SINCE JAN 1      6.24                      5.68   0.56     5.65

SNOWFALL (IN)
  YESTERDAY        0.0           3.2  1950   0.1   -0.1      0.0
  MONTH TO DATE   26.1                       2.2   23.9      0.5
  SINCE MAR 1     34.9                      12.5   22.4      5.2
  SINCE JUL 1     78.3                      54.2   24.1     32.0
  SNOW DEPTH       0

DEGREE DAYS
 HEATING
  YESTERDAY       17                        13      4       10
  MONTH TO DATE  772                       471    301      313
  SINCE MAR 1   1774                      1469    305     1268
  SINCE JUL 1   7465                      7259    206     5969

 COOLING
  YESTERDAY        0                         0      0        0
  MONTH TO DATE    0                         0      0        0
  SINCE MAR 1      0                         0      0        0
  SINCE JAN 1      0                         0      0        0
..................................................................


WIND (MPH)
  HIGHEST WIND SPEED    14   HIGHEST WIND DIRECTION    NE (30)
  HIGHEST GUST SPEED    21   HIGHEST GUST DIRECTION    NE (30)
  AVERAGE WIND SPEED     5.2


SKY COVER
  POSSIBLE SUNSHINE  MM
  AVERAGE SKY COVER 0.3


WEATHER CONDITIONS
 THE FOLLOWING WEATHER WAS RECORDED YESTERDAY.
  NO SIGNIFICANT WEATHER WAS OBSERVED.


RELATIVE HUMIDITY (PERCENT)
 HIGHEST    64           400 AM
 LOWEST     24           300 PM
 AVERAGE    44

..........................................................


THE TWIN CITIES MN CLIMATE NORMALS FOR TODAY
                         NORMAL    RECORD    YEAR
 MAXIMUM TEMPERATURE (F)   63        85      1970
 MINIMUM TEMPERATURE (F)   42        26      1950


SUNRISE AND SUNSET
APRIL 26 2018.........SUNRISE   610 AM CDT   SUNSET   812 PM CDT
APRIL 27 2018.........SUNRISE   608 AM CDT   SUNSET   813 PM CDT


-  INDICATES NEGATIVE NUMBERS.
R  INDICATES RECORD WAS SET OR TIED.
MM INDICATES DATA IS MISSING.
T  INDICATES TRACE AMOUNT.




$$
