000
CDUS41 KBTV 180543
CLIMSS


CLIMATE REPORT
NATIONAL WEATHER SERVICE BURLINGTON VT
1242 AM EST TUE DEC 18 2018


...................................

...THE MASSENA NY CLIMATE SUMMARY FOR DECEMBER 17 2018...

CLIMATE NORMAL PERIOD 1981 TO 2010
CLIMATE RECORD PERIOD 1948 TO 2018


WEATHER ITEM   OBSERVED TIME   RECORD YEAR NORMAL DEPARTURE LAST
                VALUE   (LST)  VALUE       VALUE  FROM      YEAR
                                                  NORMAL
..................................................................
TEMPERATURE (F)
 YESTERDAY
  MAXIMUM         35    115 PM  54    1996  30      5       13
  MINIMUM         21   1159 PM -25    2013  13      8      -11
  AVERAGE         28                        21      7        1

PRECIPITATION (IN)
  YESTERDAY        T             0.75        0.08  -0.08     0.00
  MONTH TO DATE    0.42                      1.42  -1.00     0.30
  SINCE DEC 1      0.42                      1.42  -1.00     0.30
  SINCE JAN 1     27.16                     33.95  -6.79    38.35

DEGREE DAYS
 HEATING
  YESTERDAY       37                        44     -7       64
  MONTH TO DATE  688                       680      8      690
  SINCE DEC 1    688                       680      8      690
  SINCE JUL 1   2455                      2449      6     2089

 COOLING
  YESTERDAY        0                         0      0        0
  MONTH TO DATE    0                         0      0        0
  SINCE DEC 1      0                         0      0        0
  SINCE JAN 1    685                       363    322      399
..................................................................


WIND (MPH)
  HIGHEST WIND SPEED    28   HIGHEST WIND DIRECTION    NW (310)
  HIGHEST GUST SPEED    38   HIGHEST GUST DIRECTION    NW (320)
  AVERAGE WIND SPEED     9.6


SKY COVER
  AVERAGE SKY COVER 1.0


WEATHER CONDITIONS
 THE FOLLOWING WEATHER WAS RECORDED YESTERDAY.
  LIGHT RAIN
  LIGHT SNOW
  FOG


RELATIVE HUMIDITY (PERCENT)
 HIGHEST   100           500 AM
 LOWEST     68          1100 PM
 AVERAGE    84

..........................................................


THE MASSENA NY CLIMATE NORMALS FOR TODAY
                         NORMAL    RECORD    YEAR
 MAXIMUM TEMPERATURE (F)   29        44      1949
 MINIMUM TEMPERATURE (F)   13       -16      1985


SUNRISE AND SUNSET
DECEMBER 18 2018......SUNRISE   733 AM EST   SUNSET   420 PM EST
DECEMBER 19 2018......SUNRISE   733 AM EST   SUNSET   420 PM EST


-  INDICATES NEGATIVE NUMBERS.
R  INDICATES RECORD WAS SET OR TIED.
MM INDICATES DATA IS MISSING.
T  INDICATES TRACE AMOUNT.




$$
