000
CDUS41 KBTV 050522
CLIMSS

CLIMATE REPORT
NATIONAL WEATHER SERVICE BURLINGTON VT
122 AM EDT FRI JUN 05 2020

...................................

...THE MASSENA NY CLIMATE SUMMARY FOR JUNE 4 2020...

CLIMATE NORMAL PERIOD: 1981 TO 2010
CLIMATE RECORD PERIOD: 1948 TO 2020


WEATHER ITEM   OBSERVED TIME   NORMAL DEPARTURE LAST
                VALUE   (LST)  VALUE  FROM      YEAR
                                      NORMAL
.......................................................
TEMPERATURE (F)
 YESTERDAY
  MAXIMUM         78   5:49 PM  72      6       67
  MINIMUM         48   1:13 AM  50     -2       37
  AVERAGE         63            61      2       52

PRECIPITATION (IN)
  YESTERDAY        T             0.11  -0.11     0.06
  MONTH TO DATE    0.01          0.43  -0.42     0.40
  SINCE JUN 1      0.01          0.43  -0.42     0.40
  SINCE JAN 1      9.05         12.36  -3.31    11.29

DEGREE DAYS
 HEATING
  YESTERDAY        2             5     -3       13
  MONTH TO DATE   32            22     10       43
  SINCE JUN 1     32            22     10       43
  SINCE JUL 1   7702          8123   -421     8232

 COOLING
  YESTERDAY        0             1     -1        0
  MONTH TO DATE    0             4     -4        0
  SINCE JUN 1      0             4     -4        0
  SINCE JAN 1     41            18     23        1
.......................................................


WIND (MPH)
  HIGHEST WIND SPEED    15   HIGHEST WIND DIRECTION    SW (230)
  HIGHEST GUST SPEED    18   HIGHEST GUST DIRECTION    SW (230)
  AVERAGE WIND SPEED     6.1


SKY COVER
  AVERAGE SKY COVER 0.5


WEATHER CONDITIONS
THE FOLLOWING WEATHER WAS RECORDED YESTERDAY.
  LIGHT RAIN
  FOG
  FOG W/VISIBILITY <= 1/4 MILE


RELATIVE HUMIDITY (PERCENT)
 HIGHEST    97           5:00 AM
 LOWEST     50           7:00 PM
 AVERAGE    74

..........................................................


THE MASSENA NY CLIMATE NORMALS FOR TODAY
                         NORMAL    RECORD    YEAR
 MAXIMUM TEMPERATURE (F)   73        88      1974
 MINIMUM TEMPERATURE (F)   50        36      1964


SUNRISE AND SUNSET
JUNE  5 2020..........SUNRISE   5:14 AM EDT   SUNSET   8:42 PM EDT
JUNE  6 2020..........SUNRISE   5:14 AM EDT   SUNSET   8:43 PM EDT


-  INDICATES NEGATIVE NUMBERS.
R  INDICATES RECORD WAS SET OR TIED.
MM INDICATES DATA IS MISSING.
T  INDICATES TRACE AMOUNT.




$$
