000
CDUS41 KBTV 200527
CLIMSS


CLIMATE REPORT
NATIONAL WEATHER SERVICE BURLINGTON VT
126 AM EDT WED JUN 20 2018


...................................

...THE MASSENA NY CLIMATE SUMMARY FOR JUNE 19 2018...

CLIMATE NORMAL PERIOD 1981 TO 2010
CLIMATE RECORD PERIOD 1948 TO 2018


WEATHER ITEM   OBSERVED TIME   RECORD YEAR NORMAL DEPARTURE LAST
                VALUE   (LST)  VALUE       VALUE  FROM      YEAR
                                                  NORMAL
..................................................................
TEMPERATURE (F)
 YESTERDAY
  MAXIMUM         75    501 PM  94    1955  77     -2       79
  MINIMUM         55   1151 PM  36    1956  54      1       68
  AVERAGE         65                        65      0       74

PRECIPITATION (IN)
  YESTERDAY        0.00          0.99        0.11  -0.11     0.06
  MONTH TO DATE    4.87                      2.22   2.65     1.30
  SINCE JUN 1      4.87                      2.22   2.65     1.30
  SINCE JAN 1     13.96                     14.15  -0.19    15.95

DEGREE DAYS
 HEATING
  YESTERDAY        0                         2     -2        0
  MONTH TO DATE   70                        77     -7       77
  SINCE JUN 1     70                        77     -7       77
  SINCE JUL 1   7355                      8178   -823     7094

 COOLING
  YESTERDAY        0                         3     -3        9
  MONTH TO DATE   35                        35      0       60
  SINCE JUN 1     35                        35      0       60
  SINCE JAN 1     58                        49      9       76
..................................................................


WIND (MPH)
  HIGHEST WIND SPEED    16   HIGHEST WIND DIRECTION    NW (330)
  HIGHEST GUST SPEED    24   HIGHEST GUST DIRECTION     N (340)
  AVERAGE WIND SPEED     6.8


SKY COVER
  AVERAGE SKY COVER 0.2


WEATHER CONDITIONS
 THE FOLLOWING WEATHER WAS RECORDED YESTERDAY.
  NO SIGNIFICANT WEATHER WAS OBSERVED.


RELATIVE HUMIDITY (PERCENT)
 HIGHEST   100          1000 PM
 LOWEST     41           500 PM
 AVERAGE    71

..........................................................


THE MASSENA NY CLIMATE NORMALS FOR TODAY
                         NORMAL    RECORD    YEAR
 MAXIMUM TEMPERATURE (F)   77        92      2012
 MINIMUM TEMPERATURE (F)   55        40      1967


SUNRISE AND SUNSET
JUNE 20 2018..........SUNRISE   513 AM EDT   SUNSET   849 PM EDT
JUNE 21 2018..........SUNRISE   513 AM EDT   SUNSET   849 PM EDT


-  INDICATES NEGATIVE NUMBERS.
R  INDICATES RECORD WAS SET OR TIED.
MM INDICATES DATA IS MISSING.
T  INDICATES TRACE AMOUNT.




$$
