000
CDUS41 KBTV 240523
CLIMSS


CLIMATE REPORT
NATIONAL WEATHER SERVICE BURLINGTON VT
123 AM EDT MON SEP 24 2018


...................................

...THE MASSENA NY CLIMATE SUMMARY FOR SEPTEMBER 23 2018...

CLIMATE NORMAL PERIOD 1981 TO 2010
CLIMATE RECORD PERIOD 1948 TO 2018


WEATHER ITEM   OBSERVED TIME   RECORD YEAR NORMAL DEPARTURE LAST
                VALUE   (LST)  VALUE       VALUE  FROM      YEAR
                                                  NORMAL
..................................................................
TEMPERATURE (F)
 YESTERDAY
  MAXIMUM         66    302 PM  86    2017  66      0       86
  MINIMUM         38    452 AM  27    1955  45     -7       51
  AVERAGE         52                        56     -4       69

PRECIPITATION (IN)
  YESTERDAY        0.00          1.17        0.14  -0.14     0.00
  MONTH TO DATE    1.84                      2.77  -0.93     0.77
  SINCE SEP 1      1.84                      2.77  -0.93     0.77
  SINCE JAN 1     20.54                     25.31  -4.77    30.14

DEGREE DAYS
 HEATING
  YESTERDAY       13                        10      3        0
  MONTH TO DATE   90                       143    -53       86
  SINCE SEP 1     90                       143    -53       86
  SINCE JUL 1     99                       218   -119      138

 COOLING
  YESTERDAY        0                         0      0        4
  MONTH TO DATE  107                        24     83       28
  SINCE SEP 1    107                        24     83       28
  SINCE JAN 1    682                       360    322      354
..................................................................


WIND (MPH)
  HIGHEST WIND SPEED    16   HIGHEST WIND DIRECTION     N (360)
  HIGHEST GUST SPEED    21   HIGHEST GUST DIRECTION     E (90)
  AVERAGE WIND SPEED     6.7


SKY COVER
  AVERAGE SKY COVER 0.4


WEATHER CONDITIONS
 THE FOLLOWING WEATHER WAS RECORDED YESTERDAY.
  NO SIGNIFICANT WEATHER WAS OBSERVED.


RELATIVE HUMIDITY (PERCENT)
 HIGHEST   100          1200 AM
 LOWEST     48           300 PM
 AVERAGE    74

..........................................................


THE MASSENA NY CLIMATE NORMALS FOR TODAY
                         NORMAL    RECORD    YEAR
 MAXIMUM TEMPERATURE (F)   66        88      2017
 MINIMUM TEMPERATURE (F)   44        27      1953


SUNRISE AND SUNSET
SEPTEMBER 24 2018.....SUNRISE   649 AM EDT   SUNSET   653 PM EDT
SEPTEMBER 25 2018.....SUNRISE   650 AM EDT   SUNSET   651 PM EDT


-  INDICATES NEGATIVE NUMBERS.
R  INDICATES RECORD WAS SET OR TIED.
MM INDICATES DATA IS MISSING.
T  INDICATES TRACE AMOUNT.




$$
