546
CDUS41 KBTV 220536
CLIMSS

CLIMATE REPORT
NATIONAL WEATHER SERVICE BURLINGTON VT
136 AM EDT TUE OCT 22 2019

...................................

...THE MASSENA NY CLIMATE SUMMARY FOR OCTOBER 21 2019...

CLIMATE NORMAL PERIOD: 1981 TO 2010
CLIMATE RECORD PERIOD: 1948 TO 2019


WEATHER ITEM   OBSERVED TIME   NORMAL DEPARTURE LAST
                VALUE   (LST)  VALUE  FROM      YEAR
                                      NORMAL
.......................................................
TEMPERATURE (F)
 YESTERDAY
  MAXIMUM         62   3:41 PM  54      8       39
  MINIMUM         32   6:21 AM  35     -3       33
  AVERAGE         47            44      3       36

PRECIPITATION (IN)
  YESTERDAY        0.00          0.10  -0.10      T
  MONTH TO DATE    3.44          2.27   1.17     1.58
  SINCE SEP 1      7.64          5.92   1.72     4.40
  SINCE JAN 1     27.15         28.46  -1.31    23.10

DEGREE DAYS
 HEATING
  YESTERDAY       18            21     -3       29
  MONTH TO DATE  345           358    -13      331
  SINCE SEP 1    535           583    -48      482
  SINCE JUL 1    560           658    -98      491

 COOLING
  YESTERDAY        0             0      0        0
  MONTH TO DATE    0             0      0        3
  SINCE SEP 1     18            25     -7      110
  SINCE JAN 1    398           361     37      685
.......................................................


WIND (MPH)
  HIGHEST WIND SPEED    14   HIGHEST WIND DIRECTION    NE (60)
  HIGHEST GUST SPEED    18   HIGHEST GUST DIRECTION    NE (40)
  AVERAGE WIND SPEED     5.1


SKY COVER
  AVERAGE SKY COVER 0.3


WEATHER CONDITIONS
THE FOLLOWING WEATHER WAS RECORDED YESTERDAY.
  FOG
  FOG W/VISIBILITY <= 1/4 MILE


RELATIVE HUMIDITY (PERCENT)
 HIGHEST    97           8:00 AM
 LOWEST     48           3:00 PM
 AVERAGE    73

..........................................................


THE MASSENA NY CLIMATE NORMALS FOR TODAY
                         NORMAL    RECORD    YEAR
 MAXIMUM TEMPERATURE (F)   54        82      1979
 MINIMUM TEMPERATURE (F)   34        19      1948


SUNRISE AND SUNSET
OCTOBER 22 2019.......SUNRISE   7:24 AM EDT   SUNSET   6:03 PM EDT
OCTOBER 23 2019.......SUNRISE   7:25 AM EDT   SUNSET   6:02 PM EDT


-  INDICATES NEGATIVE NUMBERS.
R  INDICATES RECORD WAS SET OR TIED.
MM INDICATES DATA IS MISSING.
T  INDICATES TRACE AMOUNT.




$$
