000
CDUS41 KBTV 200538
CLIMSS

CLIMATE REPORT
NATIONAL WEATHER SERVICE BURLINGTON VT
138 AM EDT TUE OCT 20 2020

...................................

...THE MASSENA NY CLIMATE SUMMARY FOR OCTOBER 19 2020...

CLIMATE NORMAL PERIOD: 1981 TO 2010
CLIMATE RECORD PERIOD: 1948 TO 2020


WEATHER ITEM   OBSERVED TIME   RECORD YEAR NORMAL DEPARTURE LAST
                VALUE   (LST)  VALUE       VALUE  FROM      YEAR
                                                  NORMAL
...................................................................
TEMPERATURE (F)
 YESTERDAY
  MAXIMUM         59   3:55 AM  81    2007  55      4       52
  MINIMUM         45   9:52 PM  18    2015  35     10       30
  AVERAGE         52                        45      7       41

PRECIPITATION (IN)
  YESTERDAY        0.33          1.46 2007   0.11   0.22     0.00
  MONTH TO DATE    2.33                      2.07   0.26     3.44
  SINCE SEP 1      4.32                      5.72  -1.40     7.64
  SINCE JAN 1     22.46                     28.26  -5.80    27.15

DEGREE DAYS
 HEATING
  YESTERDAY       13                        20     -7       24
  MONTH TO DATE  298                       317    -19      307
  SINCE SEP 1    545                       542      3      497
  SINCE JUL 1    582                       617    -35      522

 COOLING
  YESTERDAY        0                         0      0        0
  MONTH TO DATE    0                         0      0        0
  SINCE SEP 1     16                        25     -9       18
  SINCE JAN 1    583                       361    222      398
...................................................................


WIND (MPH)
  HIGHEST WIND SPEED    23   HIGHEST WIND DIRECTION    SW (210)
  HIGHEST GUST SPEED    28   HIGHEST GUST DIRECTION    SW (210)
  AVERAGE WIND SPEED     6.5


SKY COVER
  AVERAGE SKY COVER 1.0


WEATHER CONDITIONS
THE FOLLOWING WEATHER WAS RECORDED YESTERDAY.
  HEAVY RAIN
  RAIN
  LIGHT RAIN
  FOG


RELATIVE HUMIDITY (PERCENT)
 HIGHEST    97           9:00 PM
 LOWEST     48          12:00 AM
 AVERAGE    73

..........................................................


THE MASSENA NY CLIMATE NORMALS FOR TODAY
                         NORMAL    RECORD    YEAR
 MAXIMUM TEMPERATURE (F)   55        78      1995
 MINIMUM TEMPERATURE (F)   35        16      1972


SUNRISE AND SUNSET
OCTOBER 20 2020.......SUNRISE   7:22 AM EDT   SUNSET   6:05 PM EDT
OCTOBER 21 2020.......SUNRISE   7:24 AM EDT   SUNSET   6:04 PM EDT


-  INDICATES NEGATIVE NUMBERS.
R  INDICATES RECORD WAS SET OR TIED.
MM INDICATES DATA IS MISSING.
T  INDICATES TRACE AMOUNT.




$$
