000
CDUS42 KKEY 170534
CLIMTH


CLIMATE REPORT
NATIONAL WEATHER SERVICE KEY WEST, FL
132 AM EDT THU OCT 17 2019


...................................

...THE MARATHON CLIMATE SUMMARY FOR OCTOBER 16 2019...

CLIMATE NORMAL PERIOD 1981 TO 2010
CLIMATE RECORD PERIOD 1950 TO 2019


WEATHER ITEM   OBSERVED TIME   RECORD YEAR NORMAL DEPARTURE LAST
                VALUE   (LST)  VALUE       VALUE  FROM      YEAR
                                                  NORMAL
..................................................................
TEMPERATURE (F)
 YESTERDAY
  MAXIMUM         90    115 PM  93    2009  86      4       88
  MINIMUM         81   1159 PM  63    1955  76      5       79
  AVERAGE         86                        81      5       84

PRECIPITATION (IN)
  YESTERDAY        T             2.07 1991   0.12  -0.12     0.01
  MONTH TO DATE    3.88                      2.73   1.15     2.41
  SINCE SEP 1      6.80                     10.46  -3.66     4.12
  SINCE JAN 1     28.75                     39.28 -10.53    28.95

SNOWFALL (IN)
  YESTERDAY        0.0
  MONTH TO DATE    0.0
  SINCE SEP 1      0.0
  SINCE JUL 1      0.0
  SNOW DEPTH       0

DEGREE DAYS
 HEATING
  YESTERDAY        0                         0      0        0
  MONTH TO DATE    0                         0      0        0
  SINCE SEP 1      0                         0      0        0
  SINCE JUL 1      0                         0      0        0

 COOLING
  YESTERDAY       21                        16      5       19
  MONTH TO DATE  295                       272     23      307
  SINCE SEP 1    894                       840     54      910
  SINCE JAN 1   5180                      4226    954     4499
..................................................................


WIND (MPH)
  HIGHEST WIND SPEED    10   HIGHEST WIND DIRECTION     S (200)
  HIGHEST GUST SPEED    15   HIGHEST GUST DIRECTION    SE (130)
  AVERAGE WIND SPEED     4.9


SKY COVER
  POSSIBLE SUNSHINE  MM
  AVERAGE SKY COVER 0.1


WEATHER CONDITIONS
 THE FOLLOWING WEATHER WAS RECORDED YESTERDAY.
  LIGHT RAIN


RELATIVE HUMIDITY (PERCENT)
 HIGHEST    85
 LOWEST     70
 AVERAGE    78

..........................................................


THE MARATHON CLIMATE NORMALS FOR TODAY
                         NORMAL    RECORD    YEAR
 MAXIMUM TEMPERATURE (F)   85        91      1971
 MINIMUM TEMPERATURE (F)   76        63      1954


SUNRISE AND SUNSET
OCTOBER 17 2019.......SUNRISE   723 AM EDT   SUNSET   656 PM EDT
OCTOBER 18 2019.......SUNRISE   724 AM EDT   SUNSET   655 PM EDT


-  INDICATES NEGATIVE NUMBERS.
R  INDICATES RECORD WAS SET OR TIED.
MM INDICATES DATA IS MISSING.
T  INDICATES TRACE AMOUNT.




$$
