000
CDUS42 KKEY 070527
CLIMTH

CLIMATE REPORT
NATIONAL WEATHER SERVICE KEY WEST FL
127 AM EDT FRI MAY 07 2021

...................................

...THE MARATHON CLIMATE SUMMARY FOR MAY 6 2021...

CLIMATE NORMAL PERIOD 1991 TO 2020
CLIMATE RECORD PERIOD 1950 TO 2021


WEATHER ITEM   OBSERVED TIME   RECORD YEAR NORMAL DEPARTURE LAST
                VALUE   (LST)  VALUE       VALUE  FROM      YEAR
                                                  NORMAL
...................................................................
TEMPERATURE (F)
 YESTERDAY
  MAXIMUM         90    142 PM  95    2019  86      4       87
  MINIMUM         79    240 AM  63    1963  75      4       77
  AVERAGE         85                        81      4       82

PRECIPITATION (IN)
  YESTERDAY        0.00          0.40 1994   0.09  -0.09     0.00
  MONTH TO DATE    0.00                      0.50  -0.50     0.00
  SINCE MAR 1      0.94                      3.94  -3.00     1.20
  SINCE JAN 1      2.28                      7.28  -5.00     4.15

DEGREE DAYS
 HEATING
  YESTERDAY        0                         0      0        0
  MONTH TO DATE    0                         0      0        0
  SINCE MAR 1      0                         5     -5        0
  SINCE JUL 1     36                        71    -35       20

 COOLING
  YESTERDAY       20                        16      4       17
  MONTH TO DATE  114                        92     22       91
  SINCE MAR 1    885                       793     92     1049
  SINCE JAN 1   1297                      1199     98     1587
...................................................................


WIND (MPH)
  HIGHEST WIND SPEED     8   HIGHEST WIND DIRECTION     S (200)
  HIGHEST GUST SPEED    14   HIGHEST GUST DIRECTION    SE (130)
  AVERAGE WIND SPEED     4.9


SKY COVER
  POSSIBLE SUNSHINE  MM
  AVERAGE SKY COVER 0.1


WEATHER CONDITIONS
THE FOLLOWING WEATHER WAS RECORDED YESTERDAY.
  NO SIGNIFICANT WEATHER WAS OBSERVED.


RELATIVE HUMIDITY (PERCENT)
 HIGHEST    79
 LOWEST     61
 AVERAGE    70

..........................................................


THE MARATHON CLIMATE NORMALS FOR TODAY
                         NORMAL    RECORD    YEAR
 MAXIMUM TEMPERATURE (F)   86        92      1957
                                             2019
 MINIMUM TEMPERATURE (F)   75        65      1962
                                             1988


SUNRISE AND SUNSET
MAY  7 2021...........SUNRISE   645 AM EDT   SUNSET   757 PM EDT
MAY  8 2021...........SUNRISE   644 AM EDT   SUNSET   758 PM EDT


-  INDICATES NEGATIVE NUMBERS.
R  INDICATES RECORD WAS SET OR TIED.
MM INDICATES DATA IS MISSING.
T  INDICATES TRACE AMOUNT.




$$
