000
CDUS42 KKEY 090545
CLIMTH


CLIMATE REPORT
NATIONAL WEATHER SERVICE KEY WEST, FL
132 AM EDT SUN AUG 9 2020


...................................

...THE MARATHON CLIMATE SUMMARY FOR AUGUST 8 2020...

CLIMATE NORMAL PERIOD 1981 TO 2010
CLIMATE RECORD PERIOD 1950 TO 2020


WEATHER ITEM   OBSERVED TIME   RECORD YEAR NORMAL DEPARTURE LAST
                VALUE   (LST)  VALUE       VALUE  FROM      YEAR
                                                  NORMAL
..................................................................
TEMPERATURE (F)
 YESTERDAY
  MAXIMUM         92    110 PM  95    2015  92      0       94
                                      2010
                                      2003
  MINIMUM         81    524 AM  73    1955  80      1       82
                                      1953
  AVERAGE         87                        86      1       88

PRECIPITATION (IN)
  YESTERDAY        0.05          0.94 1955   0.21  -0.16     0.00
  MONTH TO DATE    0.39                      1.63  -1.24     0.54
  SINCE JUN 1     12.46                     11.52   0.94     8.99
  SINCE JAN 1     32.27                     23.46   8.81    18.29

SNOWFALL (IN)
  YESTERDAY        0.0
  MONTH TO DATE    0.0
  SINCE JUN 1      0.0
  SINCE JUL 1      0.0
  SNOW DEPTH       0

DEGREE DAYS
 HEATING
  YESTERDAY        0                         0      0        0
  MONTH TO DATE    0                         0      0        0
  SINCE JUN 1      0                         0      0        0
  SINCE JUL 1      0                         0      0        0

 COOLING
  YESTERDAY       22                        21      1       23
  MONTH TO DATE  173                       167      6      175
  SINCE JUN 1   1425                      1381     44     1546
  SINCE JAN 1   3417                      2924    493     3791
..................................................................


WIND (MPH)
  HIGHEST WIND SPEED    12   HIGHEST WIND DIRECTION     E (110)
  HIGHEST GUST SPEED    17   HIGHEST GUST DIRECTION     E (110)
  AVERAGE WIND SPEED     8.1


SKY COVER
  POSSIBLE SUNSHINE  MM
  AVERAGE SKY COVER 0.1


WEATHER CONDITIONS
 THE FOLLOWING WEATHER WAS RECORDED YESTERDAY.
  FOG


RELATIVE HUMIDITY (PERCENT)
 HIGHEST    85
 LOWEST     66
 AVERAGE    76

..........................................................


THE MARATHON CLIMATE NORMALS FOR TODAY
                         NORMAL    RECORD    YEAR
 MAXIMUM TEMPERATURE (F)   92        95      2009
 MINIMUM TEMPERATURE (F)   80        69      1967


SUNRISE AND SUNSET
AUGUST  9 2020........SUNRISE   656 AM EDT   SUNSET   803 PM EDT
AUGUST 10 2020........SUNRISE   657 AM EDT   SUNSET   802 PM EDT


-  INDICATES NEGATIVE NUMBERS.
R  INDICATES RECORD WAS SET OR TIED.
MM INDICATES DATA IS MISSING.
T  INDICATES TRACE AMOUNT.




$$
