000
CDUS45 KGJT 280741
CLIMTJ


CLIMATE REPORT
NATIONAL WEATHER SERVICE GRAND JUNCTION CO
138 AM MDT WED OCT 28 2020


...................................

...THE MONTROSE CO CLIMATE SUMMARY FOR OCTOBER 27 2020...

CLIMATE NORMAL PERIOD 1981 TO 2010
CLIMATE RECORD PERIOD 9999 TO 9999


WEATHER ITEM   OBSERVED TIME   RECORD YEAR NORMAL DEPARTURE LAST
                VALUE   (LST)  VALUE       VALUE  FROM      YEAR
                                                  NORMAL
..................................................................
TEMPERATURE (F)
 YESTERDAY
  MAXIMUM         30    346 PM  MM      MM  60    -30       62
  MINIMUM          1    649 AM  MM      MM  31    -30       26
  AVERAGE         16                        46    -30       44

PRECIPITATION (IN)
  YESTERDAY        0.00         MM      MM   0.02  -0.02     0.01
  MONTH TO DATE    0.42                      1.09  -0.67     0.07
  SINCE SEP 1      0.98                      2.41  -1.43     0.23
  SINCE JAN 1      3.94                      9.74  -5.80     7.02

SNOWFALL (IN)
  YESTERDAY       MM            MM      MM  MM     MM       MM
  MONTH TO DATE   MM                        MM     MM       MM
  SINCE SEP 1     MM                        MM     MM       MM
  SINCE JUL 1     MM                        MM     MM       MM
  SNOW DEPTH      MM

DEGREE DAYS
 HEATING
  YESTERDAY       49                        19     30       21
  MONTH TO DATE  327                       383    -56      448
  SINCE SEP 1    442                       505    -63      498
  SINCE JUL 1    442                       510    -68      498

 COOLING
  YESTERDAY        0                         0      0        0
  MONTH TO DATE    0                         0      0        0
  SINCE SEP 1     60                        38     22      108
  SINCE JAN 1    896                       643    253      797
..................................................................


WIND (MPH)
  HIGHEST WIND SPEED     9   HIGHEST WIND DIRECTION    SE (120)
  HIGHEST GUST SPEED    11   HIGHEST GUST DIRECTION    SE (150)
  AVERAGE WIND SPEED     3.3


SKY COVER
  POSSIBLE SUNSHINE  MM
  AVERAGE SKY COVER 0.0


WEATHER CONDITIONS
 THE FOLLOWING WEATHER WAS RECORDED YESTERDAY.
  NO SIGNIFICANT WEATHER WAS OBSERVED.


RELATIVE HUMIDITY (PERCENT)
 HIGHEST    87           200 AM
 LOWEST     57           200 PM
 AVERAGE    72

..........................................................


THE MONTROSE CO CLIMATE NORMALS FOR TODAY
                         NORMAL    RECORD    YEAR
 MAXIMUM TEMPERATURE (F)   60        MM        MM
 MINIMUM TEMPERATURE (F)   31        MM        MM


SUNRISE AND SUNSET
OCTOBER 28 2020.......SUNRISE   734 AM MDT   SUNSET   616 PM MDT
OCTOBER 29 2020.......SUNRISE   735 AM MDT   SUNSET   614 PM MDT


-  INDICATES NEGATIVE NUMBERS.
R  INDICATES RECORD WAS SET OR TIED.
MM INDICATES DATA IS MISSING.
T  INDICATES TRACE AMOUNT.




$$
