000
CDUS45 KGJT 200720
CLIMTJ


CLIMATE REPORT
NATIONAL WEATHER SERVICE GRAND JUNCTION CO
119 AM MDT FRI APR 20 2018


...................................

...THE MONTROSE CO CLIMATE SUMMARY FOR APRIL 19 2018...

CLIMATE NORMAL PERIOD 1981 TO 2010
CLIMATE RECORD PERIOD 9999 TO 9999


WEATHER ITEM   OBSERVED TIME   RECORD YEAR NORMAL DEPARTURE LAST
                VALUE   (LST)  VALUE       VALUE  FROM      YEAR
                                                  NORMAL
..................................................................
TEMPERATURE (F)
 YESTERDAY
  MAXIMUM         71    308 PM  MM      MM  64      7       71
  MINIMUM         30    417 AM  MM      MM  36     -6       41
  AVERAGE         51                        50      1       56

PRECIPITATION (IN)
  YESTERDAY        T            MM      MM   0.04  -0.04      T
  MONTH TO DATE    0.49                      0.62  -0.13     0.01
  SINCE MAR 1      0.68                      1.64  -0.96     0.66
  SINCE JAN 1      1.57                      2.87  -1.30     2.14

SNOWFALL (IN)
  YESTERDAY       MM            MM      MM  MM     MM       MM
  MONTH TO DATE   MM                        MM     MM       MM
  SINCE MAR 1     MM                        MM     MM       MM
  SINCE JUL 1     MM                        MM     MM       MM
  SNOW DEPTH      MM

DEGREE DAYS
 HEATING
  YESTERDAY       14                        15     -1        9
  MONTH TO DATE  309                       334    -25      276
  SINCE MAR 1   1016                      1075    -59      818
  SINCE JUL 1   5152                      5790   -638     4740

 COOLING
  YESTERDAY        0                         0      0        0
  MONTH TO DATE    0                         0      0        0
  SINCE MAR 1      0                         0      0        0
  SINCE JAN 1      0                         0      0        0
..................................................................


WIND (MPH)
  HIGHEST WIND SPEED    37   HIGHEST WIND DIRECTION    SE (130)
  HIGHEST GUST SPEED    47   HIGHEST GUST DIRECTION    SE (120)
  AVERAGE WIND SPEED    13.4


SKY COVER
  POSSIBLE SUNSHINE  MM
  AVERAGE SKY COVER 0.3


WEATHER CONDITIONS
 THE FOLLOWING WEATHER WAS RECORDED YESTERDAY.
  LIGHT RAIN
  HAZE


RELATIVE HUMIDITY (PERCENT)
 HIGHEST    47           400 AM
 LOWEST      5          1100 AM
 AVERAGE    26

..........................................................


THE MONTROSE CO CLIMATE NORMALS FOR TODAY
                         NORMAL    RECORD    YEAR
 MAXIMUM TEMPERATURE (F)   64        MM        MM
 MINIMUM TEMPERATURE (F)   36        MM        MM


SUNRISE AND SUNSET
APRIL 20 2018.........SUNRISE   628 AM MDT   SUNSET   753 PM MDT
APRIL 21 2018.........SUNRISE   627 AM MDT   SUNSET   754 PM MDT


-  INDICATES NEGATIVE NUMBERS.
R  INDICATES RECORD WAS SET OR TIED.
MM INDICATES DATA IS MISSING.
T  INDICATES TRACE AMOUNT.




$$
