000
CDUS43 KILX 040648
CLIMTO


CLIMATE REPORT
NATIONAL WEATHER SERVICE LINCOLN IL
145 AM CDT THU JUN 4 2020


...................................

...THE MATTOON IL AIRPORT CLIMATE SUMMARY FOR JUNE 3 2020...

CLIMATE NORMAL PERIOD 1981 TO 2010
CLIMATE RECORD PERIOD 9999 TO 9999


WEATHER ITEM   OBSERVED TIME   RECORD YEAR NORMAL DEPARTURE LAST
                VALUE   (LST)  VALUE       VALUE  FROM      YEAR
                                                  NORMAL
..................................................................
TEMPERATURE (F)
 YESTERDAY
  MAXIMUM         89        MM  MM      MM  79     10       79
  MINIMUM         68   1100 PM  MM      MM  58     10       54
  AVERAGE         79                        68     11       67

PRECIPITATION (IN)
  YESTERDAY        0.09         MM      MM   0.18  -0.09     0.00
  MONTH TO DATE    0.09                      0.52  -0.43     0.00
  SINCE JUN 1      0.09                      0.52  -0.43     0.00
  SINCE JAN 1     16.22                     14.87   1.35    11.63

DEGREE DAYS
 HEATING
  YESTERDAY        0                         1     -1        0
  MONTH TO DATE    0                         5     -5        0
  SINCE JUN 1      0                         5     -5        0
  SINCE JUL 1   5083                      5395   -312     5517

 COOLING
  YESTERDAY       14                         5      9        2
  MONTH TO DATE   26                        14     12       13
  SINCE JUN 1     26                        14     12       13
  SINCE JAN 1    111                       102      9      138
..................................................................


WIND (MPH)
  HIGHEST WIND SPEED    18   HIGHEST WIND DIRECTION     E (90)
  HIGHEST GUST SPEED    31   HIGHEST GUST DIRECTION     E (90)
  AVERAGE WIND SPEED     8.5


SKY COVER
  POSSIBLE SUNSHINE  MM
  AVERAGE SKY COVER 0.3


WEATHER CONDITIONS
 THE FOLLOWING WEATHER WAS RECORDED YESTERDAY.
  THUNDERSTORM
  HEAVY RAIN
  LIGHT RAIN
  FOG


RELATIVE HUMIDITY (PERCENT)
 HIGHEST    78           500 AM
 LOWEST     44           300 PM
 AVERAGE    61

..........................................................


THE MATTOON IL AIRPORT CLIMATE NORMALS FOR TODAY
                         NORMAL    RECORD    YEAR
 MAXIMUM TEMPERATURE (F)   79        MM        MM
 MINIMUM TEMPERATURE (F)   58        MM        MM


SUNRISE AND SUNSET
JUNE  4 2020..........SUNRISE   527 AM CDT   SUNSET   817 PM CDT
JUNE  5 2020..........SUNRISE   526 AM CDT   SUNSET   817 PM CDT


-  INDICATES NEGATIVE NUMBERS.
R  INDICATES RECORD WAS SET OR TIED.
MM INDICATES DATA IS MISSING.
T  INDICATES TRACE AMOUNT.




$$
