000
CDUS43 KILX 310626
CLIMTO

CLIMATE REPORT
NATIONAL WEATHER SERVICE LINCOLN IL
126 AM CDT SAT OCT 31 2020

...................................

...THE MATTOON IL AIRPORT CLIMATE SUMMARY FOR OCTOBER 30 2020...

CLIMATE NORMAL PERIOD 1981 TO 2010
CLIMATE RECORD PERIOD 9999 TO 9999


WEATHER ITEM   OBSERVED TIME   RECORD YEAR NORMAL DEPARTURE LAST
                VALUE   (LST)  VALUE       VALUE  FROM      YEAR
                                                  NORMAL
...................................................................
TEMPERATURE (F)
 YESTERDAY
  MAXIMUM         51    254 PM  MM      MM  60     -9       46
  MINIMUM         30    646 AM  MM      MM  40    -10       40
  AVERAGE         41                        50     -9       43

PRECIPITATION (IN)
  YESTERDAY        0.00         MM      MM   0.08  -0.08     0.24
  MONTH TO DATE    5.05                      2.75   2.30     5.61
  SINCE SEP 1      5.26                      5.82  -0.56     6.62
  SINCE JAN 1     29.10                     31.72  -2.62    31.75

DEGREE DAYS
 HEATING
  YESTERDAY       24                        15      9       22
  MONTH TO DATE  344                       319     25      303
  SINCE SEP 1    393                       385      8      303
  SINCE JUL 1    393                       390      3      303

 COOLING
  YESTERDAY        0                         0      0        0
  MONTH TO DATE   31                        15     16       34
  SINCE SEP 1    159                       133     26      271
  SINCE JAN 1   1183                      1053    130     1256
...................................................................


WIND (MPH)
  HIGHEST WIND SPEED    12   HIGHEST WIND DIRECTION     N (20)
  HIGHEST GUST SPEED    14   HIGHEST GUST DIRECTION     N (10)
  AVERAGE WIND SPEED     5.2


SKY COVER
  POSSIBLE SUNSHINE  MM
  AVERAGE SKY COVER 0.1


WEATHER CONDITIONS
THE FOLLOWING WEATHER WAS RECORDED YESTERDAY.
  HAZE


RELATIVE HUMIDITY (PERCENT)
 HIGHEST    92           500 AM
 LOWEST     50           400 PM
 AVERAGE    71

..........................................................


THE MATTOON IL AIRPORT CLIMATE NORMALS FOR TODAY
                         NORMAL    RECORD    YEAR
 MAXIMUM TEMPERATURE (F)   59        MM        MM
 MINIMUM TEMPERATURE (F)   40        MM        MM


SUNRISE AND SUNSET
OCTOBER 31 2020.......SUNRISE   721 AM CDT   SUNSET   552 PM CDT
NOVEMBER  1 2020......SUNRISE   622 AM CST   SUNSET   451 PM CST


-  INDICATES NEGATIVE NUMBERS.
R  INDICATES RECORD WAS SET OR TIED.
MM INDICATES DATA IS MISSING.
T  INDICATES TRACE AMOUNT.




$$
