000
CDUS43 KILX 202146
CLIMTO


CLIMATE REPORT
NATIONAL WEATHER SERVICE LINCOLN IL
436 PM CDT SAT OCT 20 2018


...................................

...THE MATTOON IL AIRPORT CLIMATE SUMMARY FOR OCTOBER 20 2018...
VALID TODAY AS OF 0400 PM LOCAL TIME.

CLIMATE NORMAL PERIOD 1981 TO 2010
CLIMATE RECORD PERIOD 9999 TO 9999


WEATHER ITEM   OBSERVED TIME   RECORD YEAR NORMAL DEPARTURE LAST
                VALUE   (LST)  VALUE       VALUE  FROM      YEAR
                                                  NORMAL
..................................................................
TEMPERATURE (F)
 TODAY
  MAXIMUM         62    131 PM  MM      MM  64     -2       76
  MINIMUM         46    652 AM  MM      MM  43      3       54
  AVERAGE         54                        53      1       65

PRECIPITATION (IN)
  TODAY            0.00         MM      MM   0.10  -0.10     0.00
  MONTH TO DATE    0.86                      1.81  -0.95     3.45
  SINCE SEP 1      5.00                      4.88   0.12     3.69
  SINCE JAN 1     41.07                     30.78  10.29    30.84

DEGREE DAYS
 HEATING
  TODAY           11                        12     -1        0
  MONTH TO DATE  191                       183      8       60
  SINCE SEP 1    223                       249    -26      104
  SINCE JUL 1    225                       254    -29      105

 COOLING
  TODAY            0                         0      0        0
  MONTH TO DATE   79                        15     64       55
  SINCE SEP 1    301                       133    168      235
  SINCE JAN 1   1485                      1053    432     1160
..................................................................


WIND (MPH)
  HIGHEST WIND SPEED    44   HIGHEST WIND DIRECTION    NW (300)
  HIGHEST GUST SPEED    58   HIGHEST GUST DIRECTION    NW (310)
  AVERAGE WIND SPEED    16.9


SKY COVER
  POSSIBLE SUNSHINE  MM
  AVERAGE SKY COVER 0.1


WEATHER CONDITIONS
 THE FOLLOWING WEATHER WAS RECORDED TODAY.
  LIGHT RAIN


RELATIVE HUMIDITY (PERCENT)
 HIGHEST    93           100 AM
 LOWEST     23           300 PM
 AVERAGE    58

..........................................................


THE MATTOON IL AIRPORT CLIMATE NORMALS FOR TOMORROW
                         NORMAL    RECORD    YEAR
 MAXIMUM TEMPERATURE (F)   64        MM        MM
 MINIMUM TEMPERATURE (F)   43        MM        MM


SUNRISE AND SUNSET
OCTOBER 20 2018.......SUNRISE   708 AM CDT   SUNSET   607 PM CDT
OCTOBER 21 2018.......SUNRISE   709 AM CDT   SUNSET   606 PM CDT


-  INDICATES NEGATIVE NUMBERS.
R  INDICATES RECORD WAS SET OR TIED.
MM INDICATES DATA IS MISSING.
T  INDICATES TRACE AMOUNT.




$$
