000
CDUS43 KILX 180630
CLIMTO


CLIMATE REPORT
NATIONAL WEATHER SERVICE LINCOLN IL
130 AM CDT FRI OCT 18 2019


...................................

...THE MATTOON IL AIRPORT CLIMATE SUMMARY FOR OCTOBER 17 2019...

CLIMATE NORMAL PERIOD 1981 TO 2010
CLIMATE RECORD PERIOD 9999 TO 9999


WEATHER ITEM   OBSERVED TIME   RECORD YEAR NORMAL DEPARTURE LAST
                VALUE   (LST)  VALUE       VALUE  FROM      YEAR
                                                  NORMAL
..................................................................
TEMPERATURE (F)
 YESTERDAY
  MAXIMUM         58    318 PM  MM      MM  65     -7       59
  MINIMUM         36    431 AM  MM      MM  44     -8       36
  AVERAGE         47                        54     -7       48

PRECIPITATION (IN)
  YESTERDAY        0.00         MM      MM   0.09  -0.09     0.00
  MONTH TO DATE    3.30                      1.51   1.79     0.86
  SINCE SEP 1      4.31                      4.58  -0.27     5.00
  SINCE JAN 1     29.44                     30.48  -1.04    41.07

DEGREE DAYS
 HEATING
  YESTERDAY       18                        11      7       17
  MONTH TO DATE  136                       148    -12      140
  SINCE SEP 1    136                       214    -78      172
  SINCE JUL 1    136                       219    -83      174

 COOLING
  YESTERDAY        0                         0      0        0
  MONTH TO DATE   34                        15     19       79
  SINCE SEP 1    271                       133    138      301
  SINCE JAN 1   1256                      1053    203     1485
..................................................................


WIND (MPH)
  HIGHEST WIND SPEED    13   HIGHEST WIND DIRECTION     W (290)
  HIGHEST GUST SPEED    20   HIGHEST GUST DIRECTION    NW (300)
  AVERAGE WIND SPEED     4.7


SKY COVER
  POSSIBLE SUNSHINE  MM
  AVERAGE SKY COVER 0.0


WEATHER CONDITIONS
 THE FOLLOWING WEATHER WAS RECORDED YESTERDAY.
  NO SIGNIFICANT WEATHER WAS OBSERVED.


RELATIVE HUMIDITY (PERCENT)
 HIGHEST    93           900 PM
 LOWEST     43           200 PM
 AVERAGE    68

..........................................................


THE MATTOON IL AIRPORT CLIMATE NORMALS FOR TODAY
                         NORMAL    RECORD    YEAR
 MAXIMUM TEMPERATURE (F)   65        MM        MM
 MINIMUM TEMPERATURE (F)   43        MM        MM


SUNRISE AND SUNSET
OCTOBER 18 2019.......SUNRISE   706 AM CDT   SUNSET   610 PM CDT
OCTOBER 19 2019.......SUNRISE   707 AM CDT   SUNSET   609 PM CDT


-  INDICATES NEGATIVE NUMBERS.
R  INDICATES RECORD WAS SET OR TIED.
MM INDICATES DATA IS MISSING.
T  INDICATES TRACE AMOUNT.




$$
