000
CDUS43 KILX 230635
CLIMTO


CLIMATE REPORT
NATIONAL WEATHER SERVICE LINCOLN IL
1234 AM CST WED JAN 23 2019


...................................

...THE MATTOON IL AIRPORT CLIMATE SUMMARY FOR JANUARY 22 2019...

CLIMATE NORMAL PERIOD 1981 TO 2010
CLIMATE RECORD PERIOD 9999 TO 9999


WEATHER ITEM   OBSERVED TIME   RECORD YEAR NORMAL DEPARTURE LAST
                VALUE   (LST)  VALUE       VALUE  FROM      YEAR
                                                  NORMAL
..................................................................
TEMPERATURE (F)
 YESTERDAY
  MAXIMUM         41   1159 PM  MM      MM  35      6       55
  MINIMUM         19    131 AM  MM      MM  19      0       39
  AVERAGE         30                        27      3       47

PRECIPITATION (IN)
  YESTERDAY        0.27         MM      MM   0.05   0.22     0.42
  MONTH TO DATE    0.66                      1.71  -1.05     0.60
  SINCE DEC 1      2.94                      4.48  -1.54     0.89
  SINCE JAN 1      0.66                      1.71  -1.05     0.60

DEGREE DAYS
 HEATING
  YESTERDAY       35                        38     -3       18
  MONTH TO DATE  752                       833    -81      979
  SINCE DEC 1   1655                      1877   -222     2042
  SINCE JUL 1   2907                      2936    -29     2972

 COOLING
  YESTERDAY        0                         0      0        0
  MONTH TO DATE    0                         0      0        0
  SINCE DEC 1      0                         0      0        0
  SINCE JAN 1      0                         0      0        0
..................................................................


WIND (MPH)
  HIGHEST WIND SPEED    23   HIGHEST WIND DIRECTION     S (160)
  HIGHEST GUST SPEED    35   HIGHEST GUST DIRECTION     S (160)
  AVERAGE WIND SPEED    16.9


SKY COVER
  POSSIBLE SUNSHINE  MM
  AVERAGE SKY COVER 0.7


WEATHER CONDITIONS
 THE FOLLOWING WEATHER WAS RECORDED YESTERDAY.
  HEAVY RAIN
  RAIN
  LIGHT RAIN
  FOG


RELATIVE HUMIDITY (PERCENT)
 HIGHEST   100          1100 PM
 LOWEST     62           700 AM
 AVERAGE    81

..........................................................


THE MATTOON IL AIRPORT CLIMATE NORMALS FOR TODAY
                         NORMAL    RECORD    YEAR
 MAXIMUM TEMPERATURE (F)   35        MM        MM
 MINIMUM TEMPERATURE (F)   19        MM        MM


SUNRISE AND SUNSET
JANUARY 23 2019.......SUNRISE   708 AM CST   SUNSET   503 PM CST
JANUARY 24 2019.......SUNRISE   707 AM CST   SUNSET   504 PM CST


-  INDICATES NEGATIVE NUMBERS.
R  INDICATES RECORD WAS SET OR TIED.
MM INDICATES DATA IS MISSING.
T  INDICATES TRACE AMOUNT.




$$
