000
CDUS43 KILX 230708
CLIMTO


CLIMATE REPORT
NATIONAL WEATHER SERVICE LINCOLN IL
107 AM CST FRI FEB 23 2018


...................................

...THE MATTOON IL AIRPORT CLIMATE SUMMARY FOR FEBRUARY 22 2018...

CLIMATE NORMAL PERIOD 1981 TO 2010
CLIMATE RECORD PERIOD 9999 TO 9999


WEATHER ITEM   OBSERVED TIME   RECORD YEAR NORMAL DEPARTURE LAST
                VALUE   (LST)  VALUE       VALUE  FROM      YEAR
                                                  NORMAL
..................................................................
TEMPERATURE (F)
 YESTERDAY
  MAXIMUM         45    351 PM  MM      MM  42      3       69
  MINIMUM         34   1217 AM  MM      MM  26      8       48
  AVERAGE         40                        34      6       59

PRECIPITATION (IN)
  YESTERDAY        T            MM      MM   0.06  -0.06     0.00
  MONTH TO DATE    1.97                      1.44   0.53     0.04
  SINCE DEC 1      2.86                      6.42  -3.56     2.29
  SINCE JAN 1      2.57                      3.65  -1.08     1.76

DEGREE DAYS
 HEATING
  YESTERDAY       25                        31     -6        6
  MONTH TO DATE  737                       752    -15      515
  SINCE DEC 1   3046                      2969     77     2563
  SINCE JUL 1   3976                      4028    -52     3274

 COOLING
  YESTERDAY        0                         0      0        0
  MONTH TO DATE    0                         0      0        0
  SINCE DEC 1      0                         0      0        0
  SINCE JAN 1      0                         0      0        0
..................................................................


WIND (MPH)
  HIGHEST WIND SPEED    23   HIGHEST WIND DIRECTION    NE (60)
  HIGHEST GUST SPEED    26   HIGHEST GUST DIRECTION    NE (60)
  AVERAGE WIND SPEED    12.0


SKY COVER
  POSSIBLE SUNSHINE  MM
  AVERAGE SKY COVER 1.0


WEATHER CONDITIONS
 THE FOLLOWING WEATHER WAS RECORDED YESTERDAY.
  LIGHT RAIN
  LIGHT SNOW
  FOG


RELATIVE HUMIDITY (PERCENT)
 HIGHEST   100           600 AM
 LOWEST     83           100 PM
 AVERAGE    92

..........................................................


THE MATTOON IL AIRPORT CLIMATE NORMALS FOR TODAY
                         NORMAL    RECORD    YEAR
 MAXIMUM TEMPERATURE (F)   43        MM        MM
 MINIMUM TEMPERATURE (F)   27        MM        MM


SUNRISE AND SUNSET
FEBRUARY 23 2018......SUNRISE   635 AM CST   SUNSET   539 PM CST
FEBRUARY 24 2018......SUNRISE   633 AM CST   SUNSET   540 PM CST


-  INDICATES NEGATIVE NUMBERS.
R  INDICATES RECORD WAS SET OR TIED.
MM INDICATES DATA IS MISSING.
T  INDICATES TRACE AMOUNT.




$$
