000
CDUS43 KILX 152203
CLIMTO


CLIMATE REPORT
NATIONAL WEATHER SERVICE LINCOLN IL
502 PM CDT WED AUG 15 2018


...................................

...THE MATTOON IL AIRPORT CLIMATE SUMMARY FOR AUGUST 15 2018...
VALID TODAY AS OF 0500 PM LOCAL TIME.

CLIMATE NORMAL PERIOD 1981 TO 2010
CLIMATE RECORD PERIOD 9999 TO 9999


WEATHER ITEM   OBSERVED TIME   RECORD YEAR NORMAL DEPARTURE LAST
                VALUE   (LST)  VALUE       VALUE  FROM      YEAR
                                                  NORMAL
..................................................................
TEMPERATURE (F)
 TODAY
  MAXIMUM         75    259 PM  MM      MM  85    -10       88
  MINIMUM         70    646 AM  MM      MM  63      7       67
  AVERAGE         73                        74     -1       78

PRECIPITATION (IN)
  TODAY            0.14         MM      MM   0.10   0.04     0.00
  MONTH TO DATE    0.29                      1.43  -1.14     1.35
  SINCE JUN 1     17.40                      9.92   7.48     8.96
  SINCE JAN 1     33.24                     24.27   8.97    25.34

DEGREE DAYS
 HEATING
  TODAY            0                         0      0        0
  MONTH TO DATE    0                         0      0        1
  SINCE JUN 1      0                        18    -18        2
  SINCE JUL 1      0                         1     -1        1

 COOLING
  TODAY            8                         9     -1       13
  MONTH TO DATE  162                       147     15       81
  SINCE JUN 1    790                       700     90      715
  SINCE JAN 1   1029                       788    241      821
..................................................................


WIND (MPH)
  HIGHEST WIND SPEED    13   HIGHEST WIND DIRECTION     S (170)
  HIGHEST GUST SPEED    22   HIGHEST GUST DIRECTION     S (170)
  AVERAGE WIND SPEED     7.2


SKY COVER
  POSSIBLE SUNSHINE  MM
  AVERAGE SKY COVER 0.8


WEATHER CONDITIONS
 THE FOLLOWING WEATHER WAS RECORDED TODAY.
  RAIN
  LIGHT RAIN
  FOG


RELATIVE HUMIDITY (PERCENT)
 HIGHEST    93           300 AM
 LOWEST     79           900 AM
 AVERAGE    86

..........................................................


THE MATTOON IL AIRPORT CLIMATE NORMALS FOR TOMORROW
                         NORMAL    RECORD    YEAR
 MAXIMUM TEMPERATURE (F)   85        MM        MM
 MINIMUM TEMPERATURE (F)   63        MM        MM


SUNRISE AND SUNSET
AUGUST 15 2018........SUNRISE   606 AM CDT   SUNSET   749 PM CDT
AUGUST 16 2018........SUNRISE   607 AM CDT   SUNSET   747 PM CDT


-  INDICATES NEGATIVE NUMBERS.
R  INDICATES RECORD WAS SET OR TIED.
MM INDICATES DATA IS MISSING.
T  INDICATES TRACE AMOUNT.




$$
