000
CDUS45 KBOI 110125
CLIMUO

CLIMATE REPORT
NATIONAL WEATHER SERVICE BOISE ID
725 PM MDT MON MAY 10 2021

...................................

...THE MOUNTAIN HOME AFB CLIMATE SUMMARY FOR MAY 10 2021...
VALID TODAY AS OF 0600 PM LOCAL TIME.

CLIMATE NORMAL PERIOD 1981 TO 2010
CLIMATE RECORD PERIOD 1906 TO 2021


WEATHER ITEM   OBSERVED TIME   RECORD YEAR NORMAL DEPARTURE LAST
                VALUE   (LST)  VALUE       VALUE  FROM      YEAR
                                                  NORMAL
...................................................................
TEMPERATURE (F)
 TODAY
  MAXIMUM         66        MM  94    1940  70     -4       85
  MINIMUM         37        MM  15    1916  42     -5       42
  AVERAGE         52                        57     -5       64

PRECIPITATION (IN)
  TODAY            0.00          0.96 2005   0.04  -0.04     0.00
  MONTH TO DATE    T                         0.44  -0.44      T
  SINCE OCT 1      2.06                      8.30  -6.24     3.16
  SINCE JAN 1      1.10                      4.67  -3.57     2.15

DEGREE DAYS
 HEATING
  TODAY           13                        10      3        1
  MONTH TO DATE   95                       110    -15       84
  SINCE MAR 1   1235                      1284    -49     1208
  SINCE JUL 1   5274                      5620   -346     5547

 COOLING
  TODAY            0                         1     -1        0
  MONTH TO DATE    1                         7     -6        0
  SINCE MAR 1      4                         7     -3        2
  SINCE JAN 1      4                         7     -3        2
...................................................................


WIND (MPH)
  HIGHEST WIND SPEED    23   HIGHEST WIND DIRECTION    NW (330)
  HIGHEST GUST SPEED    36   HIGHEST GUST DIRECTION     N (340)
  AVERAGE WIND SPEED    13.9


RELATIVE HUMIDITY (PERCENT)
 HIGHEST    83           600 AM
 LOWEST     15           500 PM
 AVERAGE    49

..........................................................


THE MOUNTAIN HOME AFB CLIMATE NORMALS FOR TOMORROW
                         NORMAL    RECORD    YEAR
 MAXIMUM TEMPERATURE (F)   71        92      1960
 MINIMUM TEMPERATURE (F)   42        21      1942


SUNRISE AND SUNSET
MAY 10 2021...........SUNRISE   625 AM MDT   SUNSET   855 PM MDT
MAY 11 2021...........SUNRISE   624 AM MDT   SUNSET   856 PM MDT


-  INDICATES NEGATIVE NUMBERS.
R  INDICATES RECORD WAS SET OR TIED.
MM INDICATES DATA IS MISSING.
T  INDICATES TRACE AMOUNT.




$$
