000
CDUS45 KBOI 170932
CLIMUO


CLIMATE REPORT
NATIONAL WEATHER SERVICE BOISE ID
332 AM MDT THU OCT 17 2019

...................................

...THE MOUNTAIN HOME AFB CLIMATE SUMMARY FOR OCTOBER 16 2019...

CLIMATE NORMAL PERIOD 1981 TO 2010
CLIMATE RECORD PERIOD 1906 TO 2019


WEATHER ITEM   OBSERVED RECORD YEAR NORMAL DEPARTURE LAST
                VALUE   VALUE       VALUE  FROM      YEAR
                                           NORMAL
............................................................
TEMPERATURE (F)
 YESTERDAY
  MAXIMUM         78     86    1991  66     12       61
  MINIMUM         42     16    1966  36      6       29
  AVERAGE         60                 51      9       45

PRECIPITATION (IN)
  YESTERDAY        0.00   0.45 1910   0.02  -0.02     0.00
  MONTH TO DATE    0.01               0.33  -0.32     0.53
  SINCE OCT 1      0.01               0.33  -0.32     0.53
  SINCE JAN 1      4.05               0.33   3.72     4.23

DEGREE DAYS
 HEATING
  YESTERDAY        5                 13     -8       20
  MONTH TO DATE  297                169    128      248
  SINCE SEP 1    433                288    145      283
  SINCE JUL 1    433                302    131      291

 COOLING
  YESTERDAY        0                  0      0        0
  MONTH TO DATE    0                  2     -2        2
  SINCE SEP 1     86                 92     -6       65
  SINCE JAN 1    786                913   -127      952
............................................................


THE MOUNTAIN HOME AFB CLIMATE NORMALS FOR TODAY
                         NORMAL    RECORD    YEAR
 MAXIMUM TEMPERATURE (F)   66        84      1991
 MINIMUM TEMPERATURE (F)   35        15      1996


SUNRISE AND SUNSET
OCTOBER 17 2019.......SUNRISE   759 AM MDT   SUNSET   658 PM MDT
OCTOBER 18 2019.......SUNRISE   800 AM MDT   SUNSET   656 PM MDT


-  INDICATES NEGATIVE NUMBERS.
R  INDICATES RECORD WAS SET OR TIED.
MM INDICATES DATA IS MISSING.
T  INDICATES TRACE AMOUNT.




$$
