000
CDUS41 KBTV 260520
CLIMVL

CLIMATE REPORT
NATIONAL WEATHER SERVICE BURLINGTON VT
120 AM EDT MON OCT 26 2020

...................................

...THE MORRISVILLE VT CLIMATE SUMMARY FOR OCTOBER 25 2020...

CLIMATE NORMAL PERIOD: 1981 TO 2010
CLIMATE RECORD PERIOD: 9999 TO 9999


WEATHER ITEM   OBSERVED TIME   NORMAL DEPARTURE LAST
                VALUE   (LST)  VALUE  FROM      YEAR
                                      NORMAL
.......................................................
TEMPERATURE (F)
 YESTERDAY
  MAXIMUM         45   2:10 PM  53     -8       50
  MINIMUM         29  10:33 PM  33     -4       41
  AVERAGE         37            43     -6       46

PRECIPITATION (IN)
  YESTERDAY        0.00          0.10  -0.10     0.02
  MONTH TO DATE    3.07          2.52   0.55     5.59
  SINCE SEP 1      5.95          5.89   0.06     8.92
  SINCE JAN 1     30.37         29.65   0.72    36.15

DEGREE DAYS
 HEATING
  YESTERDAY       28            22      6       19
  MONTH TO DATE  394           457    -63      433
  SINCE SEP 1    632           694    -62      658
  SINCE JUL 1    680           789   -109      723

 COOLING
  YESTERDAY        0             0      0        0
  MONTH TO DATE    0             0      0        0
  SINCE SEP 1     23            18      5       11
  SINCE JAN 1    455           265    190      254
.......................................................


WIND (MPH)
  HIGHEST WIND SPEED    16   HIGHEST WIND DIRECTION     N (10)
  HIGHEST GUST SPEED    19   HIGHEST GUST DIRECTION     N (340)
  AVERAGE WIND SPEED     4.7


SKY COVER
  AVERAGE SKY COVER 0.6


WEATHER CONDITIONS
THE FOLLOWING WEATHER WAS RECORDED YESTERDAY.
  NO SIGNIFICANT WEATHER WAS OBSERVED.


RELATIVE HUMIDITY (PERCENT)
 HIGHEST    85          11:00 PM
 LOWEST     41           3:00 PM
 AVERAGE    63

..........................................................


THE MORRISVILLE VT CLIMATE NORMALS FOR TODAY
                         NORMAL    RECORD    YEAR
 MAXIMUM TEMPERATURE (F)   52        72      2010
 MINIMUM TEMPERATURE (F)   32        18      1997


SUNRISE AND SUNSET
OCTOBER 26 2020.......SUNRISE   7:21 AM EDT   SUNSET   5:48 PM EDT
OCTOBER 27 2020.......SUNRISE   7:22 AM EDT   SUNSET   5:46 PM EDT


-  INDICATES NEGATIVE NUMBERS.
R  INDICATES RECORD WAS SET OR TIED.
MM INDICATES DATA IS MISSING.
T  INDICATES TRACE AMOUNT.




$$
