000
CDUS41 KBTV 230538
CLIMVL

CLIMATE REPORT
NATIONAL WEATHER SERVICE BURLINGTON VT
1236 AM EST FRI FEB 23 2018

...................................

...THE MORRISVILLE VT CLIMATE SUMMARY FOR FEBRUARY 22 2018...

CLIMATE NORMAL PERIOD 1981 TO 2010
CLIMATE RECORD PERIOD 9999 TO 9999


WEATHER ITEM   OBSERVED TIME   NORMAL DEPARTURE LAST
                VALUE   (LST)  VALUE  FROM      YEAR
                                      NORMAL
......................................................
TEMPERATURE (F)
 YESTERDAY
  MAXIMUM         31   1232 AM  32     -1       53
  MINIMUM         16   1149 PM   9      7       28
  AVERAGE         24            21      3       41

PRECIPITATION (IN)
  YESTERDAY        0.00          0.06  -0.06     0.00
  MONTH TO DATE    1.51          1.36   0.15     0.46
  SINCE DEC 1      5.63          6.54  -0.91     5.60
  SINCE JAN 1      4.78          3.90   0.88     2.39

DEGREE DAYS
 HEATING
  YESTERDAY       41            44     -3       24
  MONTH TO DATE  937          1038   -101      956
  SINCE DEC 1   3774          3872    -98     3468
  SINCE JUL 1   5415          5700   -285     5059

 COOLING
  YESTERDAY        0             0      0        0
  MONTH TO DATE    0             0      0        0
  SINCE DEC 1      0             0      0        0
  SINCE JAN 1      0             0      0        0
......................................................


WIND (MPH)
  HIGHEST WIND SPEED    10   HIGHEST WIND DIRECTION     N (20)
  HIGHEST GUST SPEED    13   HIGHEST GUST DIRECTION     N (360)
  AVERAGE WIND SPEED     4.0


SKY COVER
  AVERAGE SKY COVER 0.2


WEATHER CONDITIONS
 THE FOLLOWING WEATHER WAS RECORDED YESTERDAY.
  NO SIGNIFICANT WEATHER WAS OBSERVED.


RELATIVE HUMIDITY (PERCENT)
 HIGHEST    92          1100 PM
 LOWEST     57          1100 AM
 AVERAGE    75

..........................................................


THE MORRISVILLE VT CLIMATE NORMALS FOR TODAY
                         NORMAL    RECORD    YEAR
 MAXIMUM TEMPERATURE (F)   33        62      2017
 MINIMUM TEMPERATURE (F)    9       -25      2015


SUNRISE AND SUNSET
FEBRUARY 23 2018......SUNRISE   638 AM EST   SUNSET   530 PM EST
FEBRUARY 24 2018......SUNRISE   636 AM EST   SUNSET   532 PM EST


-  INDICATES NEGATIVE NUMBERS.
R  INDICATES RECORD WAS SET OR TIED.
MM INDICATES DATA IS MISSING.
T  INDICATES TRACE AMOUNT.

$$
