000
CDUS41 KBTV 220534
CLIMVL


CLIMATE REPORT
NATIONAL WEATHER SERVICE BURLINGTON VT
132 AM EDT MON OCT 22 2018


...................................

...THE MORRISVILLE VT CLIMATE SUMMARY FOR OCTOBER 21 2018...

CLIMATE NORMAL PERIOD 1981 TO 2010
CLIMATE RECORD PERIOD 9999 TO 9999


WEATHER ITEM   OBSERVED TIME   NORMAL DEPARTURE LAST
                VALUE   (LST)  VALUE  FROM      YEAR
                                      NORMAL
......................................................
TEMPERATURE (F)
 YESTERDAY
  MAXIMUM         42   1227 AM  54    -12       73
  MINIMUM         32    610 PM  33     -1       33
  AVERAGE         37            44     -7       53

PRECIPITATION (IN)
  YESTERDAY        T             0.08  -0.08     0.00
  MONTH TO DATE    3.30          2.13   1.17     1.01
  SINCE SEP 1      7.17          5.50   1.67     3.75
  SINCE JAN 1     29.44         29.26   0.18    30.71

DEGREE DAYS
 HEATING
  YESTERDAY       28            21      7       12
  MONTH TO DATE  334           370    -36      244
  SINCE SEP 1    512           607    -95      417
  SINCE JUL 1    565           702   -137      579

 COOLING
  YESTERDAY        0             0      0        0
  MONTH TO DATE    7             0      7        0
  SINCE SEP 1     67            18     49       47
  SINCE JAN 1    426           265    161      191
......................................................


WIND (MPH)
  HIGHEST WIND SPEED    17   HIGHEST WIND DIRECTION    NW (320)
  HIGHEST GUST SPEED    29   HIGHEST GUST DIRECTION    NW (300)
  AVERAGE WIND SPEED     8.4


SKY COVER
  AVERAGE SKY COVER 1.0


WEATHER CONDITIONS
 THE FOLLOWING WEATHER WAS RECORDED YESTERDAY.
  LIGHT SNOW


RELATIVE HUMIDITY (PERCENT)
 HIGHEST    75           400 AM
 LOWEST     56           200 PM
 AVERAGE    66

..........................................................


THE MORRISVILLE VT CLIMATE NORMALS FOR TODAY
                         NORMAL    RECORD    YEAR
 MAXIMUM TEMPERATURE (F)   54        79      2007
 MINIMUM TEMPERATURE (F)   33        23      2002


SUNRISE AND SUNSET
OCTOBER 22 2018.......SUNRISE   715 AM EDT   SUNSET   555 PM EDT
OCTOBER 23 2018.......SUNRISE   716 AM EDT   SUNSET   553 PM EDT


-  INDICATES NEGATIVE NUMBERS.
R  INDICATES RECORD WAS SET OR TIED.
MM INDICATES DATA IS MISSING.
T  INDICATES TRACE AMOUNT.




$$
