000
CDUS41 KBTV 180533
CLIMVL

CLIMATE REPORT
NATIONAL WEATHER SERVICE BURLINGTON VT
133 AM EDT FRI OCT 18 2019

...................................

...THE MORRISVILLE VT CLIMATE SUMMARY FOR OCTOBER 17 2019...

CLIMATE NORMAL PERIOD: 1981 TO 2010
CLIMATE RECORD PERIOD: 9999 TO 9999


WEATHER ITEM   OBSERVED TIME   NORMAL DEPARTURE LAST
                VALUE   (LST)  VALUE  FROM      YEAR
                                      NORMAL
.......................................................
TEMPERATURE (F)
 YESTERDAY
  MAXIMUM         48  11:46 AM  56     -8       49
  MINIMUM         41   8:20 PM  34      7       30
  AVERAGE         45            45      0       40

PRECIPITATION (IN)
  YESTERDAY        0.93          0.09   0.84     0.13
  MONTH TO DATE    4.94          1.78   3.16     3.26
  SINCE SEP 1      8.27          5.15   3.12     7.13
  SINCE JAN 1     35.50         28.91   6.59    29.40

DEGREE DAYS
 HEATING
  YESTERDAY       20            20      0       25
  MONTH TO DATE  280           288     -8      245
  SINCE SEP 1    505           525    -20      423
  SINCE JUL 1    570           620    -50      476

 COOLING
  YESTERDAY        0             0      0        0
  MONTH TO DATE    0             0      0        7
  SINCE SEP 1     11            18     -7       67
  SINCE JAN 1    254           265    -11      426
.......................................................


WIND (MPH)
  HIGHEST WIND SPEED    28   HIGHEST WIND DIRECTION     N (10)
  HIGHEST GUST SPEED    37   HIGHEST GUST DIRECTION     N (10)
  AVERAGE WIND SPEED    12.3


SKY COVER
  AVERAGE SKY COVER 1.0


WEATHER CONDITIONS
THE FOLLOWING WEATHER WAS RECORDED YESTERDAY.
  HEAVY RAIN
  RAIN
  LIGHT RAIN
  FOG


RELATIVE HUMIDITY (PERCENT)
 HIGHEST    93           3:00 AM
 LOWEST     79           6:00 PM
 AVERAGE    86

..........................................................


THE MORRISVILLE VT CLIMATE NORMALS FOR TODAY
                         NORMAL    RECORD    YEAR
 MAXIMUM TEMPERATURE (F)   56        77      1998
 MINIMUM TEMPERATURE (F)   34        22      2009
                                             2015


SUNRISE AND SUNSET
OCTOBER 18 2019.......SUNRISE   7:09 AM EDT   SUNSET   6:01 PM EDT
OCTOBER 19 2019.......SUNRISE   7:10 AM EDT   SUNSET   6:00 PM EDT


-  INDICATES NEGATIVE NUMBERS.
R  INDICATES RECORD WAS SET OR TIED.
MM INDICATES DATA IS MISSING.
T  INDICATES TRACE AMOUNT.




$$
