003
CDUS41 KBTV 160532
CLIMVL


CLIMATE REPORT
NATIONAL WEATHER SERVICE BURLINGTON VT
1231 AM EST SAT FEB 16 2019


...................................

...THE MORRISVILLE VT CLIMATE SUMMARY FOR FEBRUARY 15 2019...

CLIMATE NORMAL PERIOD 1981 TO 2010
CLIMATE RECORD PERIOD 9999 TO 9999


WEATHER ITEM   OBSERVED TIME   NORMAL DEPARTURE LAST
                VALUE   (LST)  VALUE  FROM      YEAR
                                      NORMAL
......................................................
TEMPERATURE (F)
 YESTERDAY
  MAXIMUM         37    616 PM  31      6       52
  MINIMUM         10   1237 AM   7      3       14
  AVERAGE         24            18      6       33

PRECIPITATION (IN)
  YESTERDAY        0.40          0.06   0.34     0.00
  MONTH TO DATE    1.33          0.93   0.40     1.07
  SINCE DEC 1      7.40          6.11   1.29     5.19
  SINCE JAN 1      3.83          3.47   0.36     4.34

DEGREE DAYS
 HEATING
  YESTERDAY       41            46     -5       32
  MONTH TO DATE  682           721    -39      689
  SINCE DEC 1   3642          3555     87     3526
  SINCE JUL 1   5504          5383    121     5167

 COOLING
  YESTERDAY        0             0      0        0
  MONTH TO DATE    0             0      0        0
  SINCE DEC 1      0             0      0        0
  SINCE JAN 1      0             0      0        0
......................................................


WIND (MPH)
  HIGHEST WIND SPEED    28   HIGHEST WIND DIRECTION     S (190)
  HIGHEST GUST SPEED    38   HIGHEST GUST DIRECTION     S (170)
  AVERAGE WIND SPEED     6.7


SKY COVER
  AVERAGE SKY COVER 0.9


WEATHER CONDITIONS
 THE FOLLOWING WEATHER WAS RECORDED YESTERDAY.
  RAIN
  LIGHT RAIN
  LIGHT SNOW
  FOG


RELATIVE HUMIDITY (PERCENT)
 HIGHEST    96           200 PM
 LOWEST     59           800 AM
 AVERAGE    78

..........................................................


THE MORRISVILLE VT CLIMATE NORMALS FOR TODAY
                         NORMAL    RECORD    YEAR
 MAXIMUM TEMPERATURE (F)   31        52      2016
 MINIMUM TEMPERATURE (F)    7       -24      2004


SUNRISE AND SUNSET
FEBRUARY 16 2019......SUNRISE   649 AM EST   SUNSET   520 PM EST
FEBRUARY 17 2019......SUNRISE   648 AM EST   SUNSET   522 PM EST


-  INDICATES NEGATIVE NUMBERS.
R  INDICATES RECORD WAS SET OR TIED.
MM INDICATES DATA IS MISSING.
T  INDICATES TRACE AMOUNT.




$$
