000
CDUS41 KBTV 160540
CLIMVL

CLIMATE REPORT
NATIONAL WEATHER SERVICE BURLINGTON VT
1240 AM EST MON DEC 16 2019

...................................

...THE MORRISVILLE VT CLIMATE SUMMARY FOR DECEMBER 15 2019...

CLIMATE NORMAL PERIOD: 1981 TO 2010
CLIMATE RECORD PERIOD: 9999 TO 9999


WEATHER ITEM   OBSERVED TIME   NORMAL DEPARTURE LAST
                VALUE   (LST)  VALUE  FROM      YEAR
                                      NORMAL
.......................................................
TEMPERATURE (F)
 YESTERDAY
  MAXIMUM         43  12:12 AM  32     11       40
  MINIMUM         19  11:59 PM  14      5       22
  AVERAGE         31            23      8       31

PRECIPITATION (IN)
  YESTERDAY        0.09          0.08   0.01     0.00
  MONTH TO DATE    0.94          1.41  -0.47     0.60
  SINCE DEC 1      0.94          1.41  -0.47     0.60
  SINCE JAN 1     41.83         34.77   7.06    36.95

DEGREE DAYS
 HEATING
  YESTERDAY       34            42     -8       34
  MONTH TO DATE  583           590     -7      670
  SINCE DEC 1    583           590     -7      670
  SINCE JUL 1   2475          2418     57     2532

 COOLING
  YESTERDAY        0             0      0        0
  MONTH TO DATE    0             0      0        0
  SINCE DEC 1      0             0      0        0
  SINCE JAN 1    254           265    -11      426
.......................................................


WIND (MPH)
  HIGHEST WIND SPEED    21   HIGHEST WIND DIRECTION    SW (220)
  HIGHEST GUST SPEED    32   HIGHEST GUST DIRECTION    SW (230)
  AVERAGE WIND SPEED     9.0


SKY COVER
  AVERAGE SKY COVER 1.0


WEATHER CONDITIONS
THE FOLLOWING WEATHER WAS RECORDED YESTERDAY.
  LIGHT RAIN
  LIGHT SNOW
  FOG


RELATIVE HUMIDITY (PERCENT)
 HIGHEST    88           4:00 PM
 LOWEST     59          11:00 AM
 AVERAGE    74

..........................................................


THE MORRISVILLE VT CLIMATE NORMALS FOR TODAY
                         NORMAL    RECORD    YEAR
 MAXIMUM TEMPERATURE (F)   32        49      2011
 MINIMUM TEMPERATURE (F)   13       -13      2013


SUNRISE AND SUNSET
DECEMBER 16 2019......SUNRISE   7:21 AM EST   SUNSET   4:11 PM EST
DECEMBER 17 2019......SUNRISE   7:21 AM EST   SUNSET   4:12 PM EST


-  INDICATES NEGATIVE NUMBERS.
R  INDICATES RECORD WAS SET OR TIED.
MM INDICATES DATA IS MISSING.
T  INDICATES TRACE AMOUNT.




$$
