000
CDUS41 KBTV 210530
CLIMVL


CLIMATE REPORT
NATIONAL WEATHER SERVICE BURLINGTON VT
129 AM EDT SAT APR 21 2018


...................................

...THE MORRISVILLE VT CLIMATE SUMMARY FOR APRIL 20 2018...

CLIMATE NORMAL PERIOD 1981 TO 2010
CLIMATE RECORD PERIOD 9999 TO 9999


WEATHER ITEM   OBSERVED TIME   NORMAL DEPARTURE LAST
                VALUE   (LST)  VALUE  FROM      YEAR
                                      NORMAL
......................................................
TEMPERATURE (F)
 YESTERDAY
  MAXIMUM         38   1155 PM  56    -18       48
  MINIMUM         30    538 AM  32     -2       40
  AVERAGE         34            44    -10       44

PRECIPITATION (IN)
  YESTERDAY        T             0.08  -0.08     0.02
  MONTH TO DATE    2.56          1.65   0.91     2.81
  SINCE MAR 1      5.05          3.32   1.73     3.81
  SINCE JAN 1     10.14          7.60   2.54     6.88

DEGREE DAYS
 HEATING
  YESTERDAY       31            21     10       21
  MONTH TO DATE  616           508    108      422
  SINCE MAR 1   1790          1635    155     1730
  SINCE JUL 1   7395          7595   -200     6953

 COOLING
  YESTERDAY        0             0      0        0
  MONTH TO DATE    0             0      0        0
  SINCE MAR 1      0             0      0        0
  SINCE JAN 1      0             0      0        0
......................................................


WIND (MPH)
  HIGHEST WIND SPEED    16   HIGHEST WIND DIRECTION     W (290)
  HIGHEST GUST SPEED    23   HIGHEST GUST DIRECTION     W (280)
  AVERAGE WIND SPEED     4.6


SKY COVER
  AVERAGE SKY COVER 1.0


WEATHER CONDITIONS
 THE FOLLOWING WEATHER WAS RECORDED YESTERDAY.
  LIGHT SNOW


RELATIVE HUMIDITY (PERCENT)
 HIGHEST    82          1100 PM
 LOWEST     64           400 PM
 AVERAGE    73

..........................................................


THE MORRISVILLE VT CLIMATE NORMALS FOR TODAY
                         NORMAL    RECORD    YEAR
 MAXIMUM TEMPERATURE (F)   57        84      1987
 MINIMUM TEMPERATURE (F)   32        22      1989


SUNRISE AND SUNSET
APRIL 21 2018.........SUNRISE   556 AM EDT   SUNSET   743 PM EDT
APRIL 22 2018.........SUNRISE   555 AM EDT   SUNSET   744 PM EDT


-  INDICATES NEGATIVE NUMBERS.
R  INDICATES RECORD WAS SET OR TIED.
MM INDICATES DATA IS MISSING.
T  INDICATES TRACE AMOUNT.




$$
