000
CDUS41 KBTV 170537
CLIMVL


CLIMATE REPORT
NATIONAL WEATHER SERVICE BURLINGTON VT
136 AM EDT TUE JUL 17 2018


...................................

...THE MORRISVILLE VT CLIMATE SUMMARY FOR JULY 16 2018...

CLIMATE NORMAL PERIOD 1981 TO 2010
CLIMATE RECORD PERIOD 9999 TO 9999


WEATHER ITEM   OBSERVED TIME   NORMAL DEPARTURE LAST
                VALUE   (LST)  VALUE  FROM      YEAR
                                      NORMAL
......................................................
TEMPERATURE (F)
 YESTERDAY
  MAXIMUM         91    435 PM  80     11       81
  MINIMUM         51    509 AM  56     -5       54
  AVERAGE         71            68      3       68

PRECIPITATION (IN)
  YESTERDAY        0.00          0.13  -0.13     0.00
  MONTH TO DATE    0.69          2.26  -1.57     2.08
  SINCE JUN 1      3.55          6.24  -2.69     9.40
  SINCE JAN 1     17.71         17.86  -0.15    22.15

DEGREE DAYS
 HEATING
  YESTERDAY        0             1     -1        0
  MONTH TO DATE   14            17     -3       21
  SINCE JUN 1    202           140     62      172
  SINCE JUL 1     14            17     -3       21

 COOLING
  YESTERDAY        6             4      2        3
  MONTH TO DATE   89            57     32       27
  SINCE JUN 1    128           105     23       74
  SINCE JAN 1    131           113     18       83
......................................................


WIND (MPH)
  HIGHEST WIND SPEED    12   HIGHEST WIND DIRECTION    SE (150)
  HIGHEST GUST SPEED    14   HIGHEST GUST DIRECTION    SE (150)
  AVERAGE WIND SPEED     2.0


SKY COVER
  AVERAGE SKY COVER 0.1


WEATHER CONDITIONS
 THE FOLLOWING WEATHER WAS RECORDED YESTERDAY.
  FOG
  FOG W/VISIBILITY <= 1/4 MILE


RELATIVE HUMIDITY (PERCENT)
 HIGHEST   100          1200 AM
 LOWEST     29           200 PM
 AVERAGE    65

..........................................................


THE MORRISVILLE VT CLIMATE NORMALS FOR TODAY
                         NORMAL    RECORD    YEAR
 MAXIMUM TEMPERATURE (F)   80        92      1999
 MINIMUM TEMPERATURE (F)   56        45      2015


SUNRISE AND SUNSET
JULY 17 2018..........SUNRISE   522 AM EDT   SUNSET   831 PM EDT
JULY 18 2018..........SUNRISE   523 AM EDT   SUNSET   830 PM EDT


-  INDICATES NEGATIVE NUMBERS.
R  INDICATES RECORD WAS SET OR TIED.
MM INDICATES DATA IS MISSING.
T  INDICATES TRACE AMOUNT.




$$
