000
CDUS46 KOTX 260910
CLIMWH


CLIMATE REPORT
NATIONAL WEATHER SERVICE SPOKANE, WA
210 AM PDT TUE MAY 26 2020


...................................

...THE MOSES LAKE WA AIRPORT CLIMATE SUMMARY FOR MAY 25 2020...

CLIMATE NORMAL PERIOD 1981 TO 2010
CLIMATE RECORD PERIOD 9999 TO 9999


WEATHER ITEM   OBSERVED TIME   RECORD YEAR NORMAL DEPARTURE LAST
                VALUE   (LST)  VALUE       VALUE  FROM      YEAR
                                                  NORMAL
..................................................................
TEMPERATURE (F)
 YESTERDAY
  MAXIMUM         75    416 PM  MM      MM  76     -1       72
  MINIMUM         52    159 AM  MM      MM  47      5       53
  AVERAGE         64                        62      2       63

PRECIPITATION (IN)
  YESTERDAY        0.00         MM      MM   0.02  -0.02     0.01
  MONTH TO DATE    0.85                      0.48   0.37     0.33
  SINCE OCT 1      4.30                      7.19  -2.89     5.96
  SINCE JAN 1      2.96                      3.90  -0.94     3.46

SNOWFALL (IN)
  YESTERDAY       MM

DEGREE DAYS
 HEATING
  YESTERDAY        1                         5     -4        2
  MONTH TO DATE  118                       187    -69       76
  SINCE MAR 1   1118                      1299   -181     1287
  SINCE JUL 1   5164                      5804   -640     5722

 COOLING
  YESTERDAY        0                         1     -1        0
  MONTH TO DATE   10                        15     -5       19
  SINCE MAR 1     10                        16     -6       19
  SINCE JAN 1     10                        16     -6       19
..................................................................


WIND (MPH)
  HIGHEST WIND SPEED    20   HIGHEST WIND DIRECTION     S (170)
  HIGHEST GUST SPEED    25   HIGHEST GUST DIRECTION     S (200)
  AVERAGE WIND SPEED     6.6


SKY COVER
  POSSIBLE SUNSHINE  MM
  AVERAGE SKY COVER 0.5


WEATHER CONDITIONS
 THE FOLLOWING WEATHER WAS RECORDED YESTERDAY.
  NO SIGNIFICANT WEATHER WAS OBSERVED.


RELATIVE HUMIDITY (PERCENT)
 HIGHEST    72          1000 PM
 LOWEST     44           200 PM
 AVERAGE    58

..........................................................


THE MOSES LAKE WA AIRPORT CLIMATE NORMALS FOR TODAY
                         NORMAL    RECORD    YEAR
 MAXIMUM TEMPERATURE (F)   76        MM        MM
 MINIMUM TEMPERATURE (F)   48        MM        MM


SUNRISE AND SUNSET
MAY 26 2020...........SUNRISE   509 AM PDT   SUNSET   840 PM PDT
MAY 27 2020...........SUNRISE   508 AM PDT   SUNSET   841 PM PDT


-  INDICATES NEGATIVE NUMBERS.
R  INDICATES RECORD WAS SET OR TIED.
MM INDICATES DATA IS MISSING.
T  INDICATES TRACE AMOUNT.




$$
