000
CDUS46 KOTX 220850
CLIMWH

CLIMATE REPORT
NATIONAL WEATHER SERVICE SPOKANE WA
150 AM PDT THU OCT 22 2020

...................................

...THE MOSES LAKE WA AIRPORT CLIMATE SUMMARY FOR OCTOBER 21 2020...

CLIMATE NORMAL PERIOD 1981 TO 2010
CLIMATE RECORD PERIOD 9999 TO 9999


WEATHER ITEM   OBSERVED TIME   RECORD YEAR NORMAL DEPARTURE LAST
                VALUE   (LST)  VALUE       VALUE  FROM      YEAR
                                                  NORMAL
...................................................................
TEMPERATURE (F)
 YESTERDAY
  MAXIMUM         59   1244 PM  MM      MM  60     -1       54
  MINIMUM         33   1159 PM  MM      MM  34     -1       37
  AVERAGE         46                        47     -1       46

PRECIPITATION (IN)
  YESTERDAY        T            MM      MM   0.03  -0.03     0.02
  MONTH TO DATE    0.20                      0.41  -0.21     0.50
  SINCE OCT 1      0.20                      0.41  -0.21     0.50
  SINCE JAN 1      5.19                      6.23  -1.04     5.92

SNOWFALL (IN)
  YESTERDAY       MM

DEGREE DAYS
 HEATING
  YESTERDAY       19                        18      1       19
  MONTH TO DATE  119                       287   -168      352
  SINCE SEP 1    169                       417   -248      466
  SINCE JUL 1    169                       437   -268      466

 COOLING
  YESTERDAY        0                         0      0        0
  MONTH TO DATE    6                         0      6        0
  SINCE SEP 1    109                        44     65       82
  SINCE JAN 1    917                       614    303      874
...................................................................


WIND (MPH)
  HIGHEST WIND SPEED    24   HIGHEST WIND DIRECTION    NW (330)
  HIGHEST GUST SPEED    29   HIGHEST GUST DIRECTION     N (340)
  AVERAGE WIND SPEED     9.4


SKY COVER
  POSSIBLE SUNSHINE  MM
  AVERAGE SKY COVER 0.1


WEATHER CONDITIONS
THE FOLLOWING WEATHER WAS RECORDED YESTERDAY.
  LIGHT RAIN


RELATIVE HUMIDITY (PERCENT)
 HIGHEST    76           600 AM
 LOWEST     31           300 PM
 AVERAGE    54

..........................................................


THE MOSES LAKE WA AIRPORT CLIMATE NORMALS FOR TODAY
                         NORMAL    RECORD    YEAR
 MAXIMUM TEMPERATURE (F)   60        MM        MM
 MINIMUM TEMPERATURE (F)   34        MM        MM


SUNRISE AND SUNSET
OCTOBER 22 2020.......SUNRISE   727 AM PDT   SUNSET   556 PM PDT
OCTOBER 23 2020.......SUNRISE   728 AM PDT   SUNSET   554 PM PDT


-  INDICATES NEGATIVE NUMBERS.
R  INDICATES RECORD WAS SET OR TIED.
MM INDICATES DATA IS MISSING.
T  INDICATES TRACE AMOUNT.




$$
