000
CDUS46 KSGX 231124
CLIMYF


CLIMATE REPORT
NATIONAL WEATHER SERVICE SAN DIEGO, CA
424 AM PDT WED MAY 23 2018


...................................

...THE SAN DIEGO/MONTGOMERY FLD CA CLIMATE SUMMARY FOR MAY 22 2018...

CLIMATE NORMAL PERIOD 1981 TO 2010
CLIMATE RECORD PERIOD 1998 TO 2018


WEATHER ITEM   OBSERVED TIME   RECORD YEAR NORMAL DEPARTURE LAST
                VALUE   (LST)  VALUE       VALUE  FROM      YEAR
                                                  NORMAL
..................................................................
TEMPERATURE (F)
 YESTERDAY
  MAXIMUM         67    328 PM  80    2017  71     -4       80
  MINIMUM         58   1118 PM  49    2002  57      1       59
  AVERAGE         63                        64     -1       70

PRECIPITATION (IN)
  YESTERDAY        0.00          0.64 2006   0.00   0.00     0.00
  MONTH TO DATE    0.04                      0.18  -0.14     0.59
  SINCE OCT 1      3.66                     12.08  -8.42    15.93
  SINCE JAN 1      3.57                      8.24  -4.67    10.04

DEGREE DAYS
 HEATING
  YESTERDAY        2                         2      0        0
  MONTH TO DATE   58                        55      3       63
  SINCE MAR 1    307                       437   -130      235
  SINCE JUL 1    703                      1506   -803     1056

 COOLING
  YESTERDAY        0                         1     -1        5
  MONTH TO DATE   18                        22     -4       32
  SINCE MAR 1     48                        42      6       82
  SINCE JAN 1     96                        46     50       83
..................................................................


WIND (MPH)
  RESULTANT WIND SPEED   5   RESULTANT WIND DIRECTION  SW (230)
  HIGHEST WIND SPEED    14   HIGHEST WIND DIRECTION     W (270)
  HIGHEST GUST SPEED    19   HIGHEST GUST DIRECTION     W (260)
  AVERAGE WIND SPEED     5.8


SKY COVER
  POSSIBLE SUNSHINE  MM
  AVERAGE SKY COVER 0.6


WEATHER CONDITIONS
 THE FOLLOWING WEATHER WAS RECORDED YESTERDAY.
  NO SIGNIFICANT WEATHER WAS OBSERVED.


RELATIVE HUMIDITY (PERCENT)
 HIGHEST    75          1100 PM
 LOWEST     52          1000 AM
 AVERAGE    64

..........................................................


THE SAN DIEGO/MONTGOMERY FLD CA CLIMATE NORMALS FOR TODAY
                         NORMAL    RECORD    YEAR
 MAXIMUM TEMPERATURE (F)   71        78      2017
 MINIMUM TEMPERATURE (F)   57        50      2010


SUNRISE AND SUNSET
MAY 23 2018...........SUNRISE   545 AM PDT   SUNSET   746 PM PDT
MAY 24 2018...........SUNRISE   544 AM PDT   SUNSET   747 PM PDT


-  INDICATES NEGATIVE NUMBERS.
R  INDICATES RECORD WAS SET OR TIED.
MM INDICATES DATA IS MISSING.
T  INDICATES TRACE AMOUNT.




$$
