006
CDUS46 KSGX 140930
CLIMYF


CLIMATE REPORT
NATIONAL WEATHER SERVICE SAN DIEGO, CA
230 AM PDT MON OCT 14 2019


...................................

...THE SAN DIEGO/MONTGOMERY FLD CA CLIMATE SUMMARY FOR OCTOBER 13 2019...

CLIMATE NORMAL PERIOD 1981 TO 2010
CLIMATE RECORD PERIOD 1998 TO 2019


WEATHER ITEM   OBSERVED TIME   RECORD YEAR NORMAL DEPARTURE LAST
                VALUE   (LST)  VALUE       VALUE  FROM      YEAR
                                                  NORMAL
..................................................................
TEMPERATURE (F)
 YESTERDAY
  MAXIMUM         75   1039 AM  95    2011  76     -1       70
  MINIMUM         61    659 AM  47    2008  58      3       60
  AVERAGE         68                        67      1       65

PRECIPITATION (IN)
  YESTERDAY        0.00          0.18 2007   0.03  -0.03     0.02
  MONTH TO DATE    0.00                      0.18  -0.18     0.50
  SINCE OCT 1      0.00                      0.18  -0.18     0.50
  SINCE JAN 1      9.23                      8.85   0.38     4.07

DEGREE DAYS
 HEATING
  YESTERDAY        0                         1     -1        0
  MONTH TO DATE    2                         8     -6        1
  SINCE SEP 1      4                        11     -7        1
  SINCE JUL 1      4                        12     -8        1

 COOLING
  YESTERDAY        3                         3      0        0
  MONTH TO DATE   38                        44     -6       48
  SINCE SEP 1    277                       234     43      258
  SINCE JAN 1    766                       792    -26     1200
..................................................................


WIND (MPH)
  RESULTANT WIND SPEED   3   RESULTANT WIND DIRECTION  SW (240)
  HIGHEST WIND SPEED    14   HIGHEST WIND DIRECTION    SW (240)
  HIGHEST GUST SPEED    18   HIGHEST GUST DIRECTION    SW (230)
  AVERAGE WIND SPEED     5.1


SKY COVER
  POSSIBLE SUNSHINE  MM
  AVERAGE SKY COVER 0.6


WEATHER CONDITIONS
 THE FOLLOWING WEATHER WAS RECORDED YESTERDAY.
  FOG
  FOG W/VISIBILITY <= 1/4 MILE


RELATIVE HUMIDITY (PERCENT)
 HIGHEST   100           200 AM
 LOWEST     57          1000 AM
 AVERAGE    79

..........................................................


THE SAN DIEGO/MONTGOMERY FLD CA CLIMATE NORMALS FOR TODAY
                         NORMAL    RECORD    YEAR
 MAXIMUM TEMPERATURE (F)   76        94      2005
 MINIMUM TEMPERATURE (F)   57        50      2013


SUNRISE AND SUNSET
OCTOBER 14 2019.......SUNRISE   652 AM PDT   SUNSET   617 PM PDT
OCTOBER 15 2019.......SUNRISE   653 AM PDT   SUNSET   616 PM PDT


-  INDICATES NEGATIVE NUMBERS.
R  INDICATES RECORD WAS SET OR TIED.
MM INDICATES DATA IS MISSING.
T  INDICATES TRACE AMOUNT.




$$
