000
CDUS46 KSGX 221239
CLIMYF


CLIMATE REPORT
NATIONAL WEATHER SERVICE SAN DIEGO, CA
438 AM PST THU FEB 22 2018


...................................

...THE SAN DIEGO/MONTGOMERY FLD CA CLIMATE SUMMARY FOR FEBRUARY 21 2018...

CLIMATE NORMAL PERIOD 1981 TO 2010
CLIMATE RECORD PERIOD 1998 TO 2018


WEATHER ITEM   OBSERVED TIME   RECORD YEAR NORMAL DEPARTURE LAST
                VALUE   (LST)  VALUE       VALUE  FROM      YEAR
                                                  NORMAL
..................................................................
TEMPERATURE (F)
 YESTERDAY
  MAXIMUM         59    303 PM  88    2002  65     -6       75
  MINIMUM         39R   321 AM  41    2011  48     -9       52
                                      2006
  AVERAGE         49                        56     -7       64

PRECIPITATION (IN)
  YESTERDAY        0.06          1.78 2005   0.11  -0.05      T
  MONTH TO DATE    0.08                      1.64  -1.56     1.79
  SINCE OCT 1      2.11                      8.16  -6.05    12.00
  SINCE JAN 1      2.02                      4.32  -2.30     6.11

DEGREE DAYS
 HEATING
  YESTERDAY       16                         9      7        1
  MONTH TO DATE  106                       196    -90      123
  SINCE DEC 1    284                       800   -516      650
  SINCE JUL 1    298                      1012   -714      736

 COOLING
  YESTERDAY        0                         0      0        0
  MONTH TO DATE    5                         0      5        1
  SINCE DEC 1     72                         3     69        2
  SINCE JAN 1     48                         2     46        1
..................................................................


WIND (MPH)
  RESULTANT WIND SPEED   2   RESULTANT WIND DIRECTION   S (180)
  HIGHEST WIND SPEED    15   HIGHEST WIND DIRECTION    SW (240)
  HIGHEST GUST SPEED    18   HIGHEST GUST DIRECTION     W (250)
  AVERAGE WIND SPEED     6.7


SKY COVER
  POSSIBLE SUNSHINE  MM
  AVERAGE SKY COVER 0.3


WEATHER CONDITIONS
 THE FOLLOWING WEATHER WAS RECORDED YESTERDAY.
  HAZE


RELATIVE HUMIDITY (PERCENT)
 HIGHEST    77          1200 PM
 LOWEST     36           200 PM
 AVERAGE    57

..........................................................


THE SAN DIEGO/MONTGOMERY FLD CA CLIMATE NORMALS FOR TODAY
                         NORMAL    RECORD    YEAR
 MAXIMUM TEMPERATURE (F)   65        91      2002
 MINIMUM TEMPERATURE (F)   48        38      2006


SUNRISE AND SUNSET
FEBRUARY 22 2018......SUNRISE   624 AM PST   SUNSET   540 PM PST
FEBRUARY 23 2018......SUNRISE   623 AM PST   SUNSET   541 PM PST


-  INDICATES NEGATIVE NUMBERS.
R  INDICATES RECORD WAS SET OR TIED.
MM INDICATES DATA IS MISSING.
T  INDICATES TRACE AMOUNT.




$$
