952
CDUS46 KSGX 151121
CLIMYF


CLIMATE REPORT
NATIONAL WEATHER SERVICE SAN DIEGO, CA
421 AM PDT WED AUG 15 2018


...................................

...THE SAN DIEGO/MONTGOMERY FLD CA CLIMATE SUMMARY FOR AUGUST 14 2018...

CLIMATE NORMAL PERIOD 1981 TO 2010
CLIMATE RECORD PERIOD 1998 TO 2018


WEATHER ITEM   OBSERVED TIME   RECORD YEAR NORMAL DEPARTURE LAST
                VALUE   (LST)  VALUE       VALUE  FROM      YEAR
                                                  NORMAL
..................................................................
TEMPERATURE (F)
 YESTERDAY
  MAXIMUM         82   1128 AM  92    2015  81      1       79
  MINIMUM         69    549 AM  59    2010  65      4       66
  AVERAGE         76                        73      3       73

PRECIPITATION (IN)
  YESTERDAY        0.00          0.00 2006   0.00   0.00     0.00
  MONTH TO DATE    0.00                      0.00   0.00      T
  SINCE OCT 1      3.66                     12.25  -8.59    15.96
  SINCE JAN 1      3.57                      8.41  -4.84    10.07

DEGREE DAYS
 HEATING
  YESTERDAY        0                         0      0        0
  MONTH TO DATE    0                         0      0        0
  SINCE JUN 1      3                        20    -17       10
  SINCE JUL 1      0                         1     -1        0

 COOLING
  YESTERDAY       11                         8      3        8
  MONTH TO DATE  210                       110    100      162
  SINCE JUN 1    662                       370    292      634
  SINCE JAN 1    759                       421    338      723
..................................................................


WIND (MPH)
  RESULTANT WIND SPEED   5   RESULTANT WIND DIRECTION   W (280)
  HIGHEST WIND SPEED    15   HIGHEST WIND DIRECTION    NW (310)
  HIGHEST GUST SPEED    21   HIGHEST GUST DIRECTION     W (270)
  AVERAGE WIND SPEED     5.6


SKY COVER
  POSSIBLE SUNSHINE  MM
  AVERAGE SKY COVER 0.2


WEATHER CONDITIONS
 THE FOLLOWING WEATHER WAS RECORDED YESTERDAY.
  NO SIGNIFICANT WEATHER WAS OBSERVED.


RELATIVE HUMIDITY (PERCENT)
 HIGHEST    84           100 AM
 LOWEST     54          1000 AM
 AVERAGE    69

..........................................................


THE SAN DIEGO/MONTGOMERY FLD CA CLIMATE NORMALS FOR TODAY
                         NORMAL    RECORD    YEAR
 MAXIMUM TEMPERATURE (F)   81        97      2015
 MINIMUM TEMPERATURE (F)   65        57      2010


SUNRISE AND SUNSET
AUGUST 15 2018........SUNRISE   612 AM PDT   SUNSET   734 PM PDT
AUGUST 16 2018........SUNRISE   613 AM PDT   SUNSET   732 PM PDT


-  INDICATES NEGATIVE NUMBERS.
R  INDICATES RECORD WAS SET OR TIED.
MM INDICATES DATA IS MISSING.
T  INDICATES TRACE AMOUNT.




$$
