000
CDUS46 KSGX 211122
CLIMYF


CLIMATE REPORT
NATIONAL WEATHER SERVICE SAN DIEGO, CA
422 AM PDT SUN OCT 21 2018


...................................

...THE SAN DIEGO/MONTGOMERY FLD CA CLIMATE SUMMARY FOR OCTOBER 20 2018...

CLIMATE NORMAL PERIOD 1981 TO 2010
CLIMATE RECORD PERIOD 1998 TO 2018


WEATHER ITEM   OBSERVED TIME   RECORD YEAR NORMAL DEPARTURE LAST
                VALUE   (LST)  VALUE       VALUE  FROM      YEAR
                                                  NORMAL
..................................................................
TEMPERATURE (F)
 YESTERDAY
  MAXIMUM         86    140 PM  94    2016  75     11       73
                                      1999
  MINIMUM         58    557 AM  50    2013  56      2       65
  AVERAGE         72                        66      6       69

PRECIPITATION (IN)
  YESTERDAY        0.00          0.97 2004   0.03  -0.03      T
  MONTH TO DATE    0.50                      0.39   0.11      T
  SINCE OCT 1      0.50                      0.39   0.11      T
  SINCE JAN 1      4.07                      9.06  -4.99    10.18

DEGREE DAYS
 HEATING
  YESTERDAY        0                         2     -2        0
  MONTH TO DATE    1                        16    -15        0
  SINCE SEP 1      1                        19    -18        0
  SINCE JUL 1      1                        20    -19        0

 COOLING
  YESTERDAY        7                         2      5        4
  MONTH TO DATE   81                        58     23      172
  SINCE SEP 1    291                       248     43      482
  SINCE JAN 1   1233                       806    427     1376
..................................................................


WIND (MPH)
  RESULTANT WIND SPEED   2   RESULTANT WIND DIRECTION   W (250)
  HIGHEST WIND SPEED    15   HIGHEST WIND DIRECTION    NW (310)
  HIGHEST GUST SPEED    18   HIGHEST GUST DIRECTION    NW (300)
  AVERAGE WIND SPEED     3.6


SKY COVER
  POSSIBLE SUNSHINE  MM
  AVERAGE SKY COVER 0.0


WEATHER CONDITIONS
 THE FOLLOWING WEATHER WAS RECORDED YESTERDAY.
  NO SIGNIFICANT WEATHER WAS OBSERVED.


RELATIVE HUMIDITY (PERCENT)
 HIGHEST    56           900 PM
 LOWEST     14           300 PM
 AVERAGE    35

..........................................................


THE SAN DIEGO/MONTGOMERY FLD CA CLIMATE NORMALS FOR TODAY
                         NORMAL    RECORD    YEAR
 MAXIMUM TEMPERATURE (F)   75        95      2003
 MINIMUM TEMPERATURE (F)   56        51      2013


SUNRISE AND SUNSET
OCTOBER 21 2018.......SUNRISE   657 AM PDT   SUNSET   609 PM PDT
OCTOBER 22 2018.......SUNRISE   658 AM PDT   SUNSET   607 PM PDT


-  INDICATES NEGATIVE NUMBERS.
R  INDICATES RECORD WAS SET OR TIED.
MM INDICATES DATA IS MISSING.
T  INDICATES TRACE AMOUNT.




$$
