000
CDUS46 KSGX 261013
CLIMYF


CLIMATE REPORT
NATIONAL WEATHER SERVICE SAN DIEGO, CA
312 AM PDT MON OCT 26 2020


...................................

...THE SAN DIEGO/MONTGOMERY FLD CA CLIMATE SUMMARY FOR OCTOBER 25 2020...

CLIMATE NORMAL PERIOD 1981 TO 2010
CLIMATE RECORD PERIOD 1998 TO 2020


WEATHER ITEM   OBSERVED TIME   RECORD YEAR NORMAL DEPARTURE LAST
                VALUE   (LST)  VALUE       VALUE  FROM      YEAR
                                                  NORMAL
..................................................................
TEMPERATURE (F)
 YESTERDAY
  MAXIMUM         70    206 PM 104    2017  75     -5       91
  MINIMUM         62   1159 PM  51    2012  55      7       61
  AVERAGE         66                        65      1       76

PRECIPITATION (IN)
  YESTERDAY        T             0.10 2010   0.03  -0.03     0.00
  MONTH TO DATE    T                         0.54  -0.54     0.00
  SINCE OCT 1      T                         0.54  -0.54     0.00
  SINCE JAN 1      7.59                      9.21  -1.62     9.23

DEGREE DAYS
 HEATING
  YESTERDAY        0                         2     -2        0
  MONTH TO DATE    0                        26    -26        2
  SINCE SEP 1      0                        29    -29        4
  SINCE JUL 1      0                        30    -30        4

 COOLING
  YESTERDAY        1                         2     -1       11
  MONTH TO DATE  255                        68    187      120
  SINCE SEP 1    627                       258    369      359
  SINCE JAN 1   1593                       816    777      848
..................................................................


WIND (MPH)
  RESULTANT WIND SPEED   6   RESULTANT WIND DIRECTION   W (260)
  HIGHEST WIND SPEED    17   HIGHEST WIND DIRECTION    SW (230)
  HIGHEST GUST SPEED    23   HIGHEST GUST DIRECTION    SW (220)
  AVERAGE WIND SPEED     7.2


SKY COVER
  POSSIBLE SUNSHINE  MM
  AVERAGE SKY COVER 1.0


WEATHER CONDITIONS
 THE FOLLOWING WEATHER WAS RECORDED YESTERDAY.
  NO SIGNIFICANT WEATHER WAS OBSERVED.


RELATIVE HUMIDITY (PERCENT)
 HIGHEST    73           100 AM
 LOWEST     53          1200 PM
 AVERAGE    63

..........................................................


THE SAN DIEGO/MONTGOMERY FLD CA CLIMATE NORMALS FOR TODAY
                         NORMAL    RECORD    YEAR
 MAXIMUM TEMPERATURE (F)   75        94      2017
 MINIMUM TEMPERATURE (F)   54        50      2012


SUNRISE AND SUNSET
OCTOBER 26 2020.......SUNRISE   702 AM PDT   SUNSET   603 PM PDT
OCTOBER 27 2020.......SUNRISE   703 AM PDT   SUNSET   602 PM PDT


-  INDICATES NEGATIVE NUMBERS.
R  INDICATES RECORD WAS SET OR TIED.
MM INDICATES DATA IS MISSING.
T  INDICATES TRACE AMOUNT.




$$
