000
CDUS46 KSGX 180934
CLIMYF


CLIMATE REPORT
NATIONAL WEATHER SERVICE SAN DIEGO, CA
133 AM PST TUE FEB 18 2020


...................................

...THE SAN DIEGO/MONTGOMERY FLD CA CLIMATE SUMMARY FOR FEBRUARY 17 2020...

CLIMATE NORMAL PERIOD 1981 TO 2010
CLIMATE RECORD PERIOD 1998 TO 2020


WEATHER ITEM   OBSERVED TIME   RECORD YEAR NORMAL DEPARTURE LAST
                VALUE   (LST)  VALUE       VALUE  FROM      YEAR
                                                  NORMAL
..................................................................
TEMPERATURE (F)
 YESTERDAY
  MAXIMUM         68    331 PM  84    2007  65      3       58
  MINIMUM         49    748 AM  41    2012  47      2       48
  AVERAGE         59                        56      3       53

PRECIPITATION (IN)
  YESTERDAY        0.00          1.09 2017   0.09  -0.09     0.11
  MONTH TO DATE    0.21                      1.23  -1.02     4.05
  SINCE OCT 1      6.33                      7.75  -1.42    10.37
  SINCE JAN 1      0.55                      3.91  -3.36     6.14

DEGREE DAYS
 HEATING
  YESTERDAY        6                         9     -3       12
  MONTH TO DATE  156                       160     -4      188
  SINCE DEC 1    647                       764   -117      663
  SINCE JUL 1    749                       976   -227      733

 COOLING
  YESTERDAY        0                         0      0        0
  MONTH TO DATE    1                         0      1        0
  SINCE DEC 1      1                         3     -2        1
  SINCE JAN 1      1                         2     -1        1
..................................................................


WIND (MPH)
  RESULTANT WIND SPEED   2   RESULTANT WIND DIRECTION   W (260)
  HIGHEST WIND SPEED    10   HIGHEST WIND DIRECTION     W (290)
  HIGHEST GUST SPEED    13   HIGHEST GUST DIRECTION    SW (220)
  AVERAGE WIND SPEED     2.8


SKY COVER
  POSSIBLE SUNSHINE  MM
  AVERAGE SKY COVER 0.4


WEATHER CONDITIONS
 THE FOLLOWING WEATHER WAS RECORDED YESTERDAY.
  FOG
  FOG W/VISIBILITY <= 1/4 MILE
  HAZE


RELATIVE HUMIDITY (PERCENT)
 HIGHEST   100           800 AM
 LOWEST     52           400 PM
 AVERAGE    76

..........................................................


THE SAN DIEGO/MONTGOMERY FLD CA CLIMATE NORMALS FOR TODAY
                         NORMAL    RECORD    YEAR
 MAXIMUM TEMPERATURE (F)   65        72      2015
 MINIMUM TEMPERATURE (F)   48        41      2000


SUNRISE AND SUNSET
FEBRUARY 18 2020......SUNRISE   629 AM PST   SUNSET   536 PM PST
FEBRUARY 19 2020......SUNRISE   628 AM PST   SUNSET   537 PM PST


-  INDICATES NEGATIVE NUMBERS.
R  INDICATES RECORD WAS SET OR TIED.
MM INDICATES DATA IS MISSING.
T  INDICATES TRACE AMOUNT.




$$
