000
CDUS45 KBOI 250931
CLIMYL


CLIMATE REPORT
NATIONAL WEATHER SERVICE BOISE ID
331 AM MDT WED APR 25 2018


...................................

...THE MCCALL ID CLIMATE SUMMARY FOR APRIL 24 2018...

CLIMATE NORMAL PERIOD 1981 TO 2010
CLIMATE RECORD PERIOD 1930 TO 2018


WEATHER ITEM   OBSERVED TIME   RECORD YEAR NORMAL DEPARTURE LAST
                VALUE   (LST)  VALUE       VALUE  FROM      YEAR
                                                  NORMAL
..................................................................
TEMPERATURE (F)
 YESTERDAY
  MAXIMUM         65    456 PM  80    1977  52     13       45
                                      1910
  MINIMUM         28    617 AM  12    1950  27      1       33
  AVERAGE         47                        39      8       39

PRECIPITATION (IN)
  YESTERDAY        0.00          1.00 1930   0.06  -0.06     0.44
  MONTH TO DATE    2.55                      1.55   1.00     3.31
  SINCE OCT 1     18.13                     13.40   4.73    25.98
  SINCE JAN 1     11.28                      7.22   4.06    17.49

DEGREE DAYS
 HEATING
  YESTERDAY       18                        26     -8       26
  MONTH TO DATE  639                       699    -60      651
  SINCE MAR 1   1732                      1813    -81     1607
  SINCE JUL 1   7575                      8488   -913     7810

 COOLING
  YESTERDAY        0                         0      0        0
  MONTH TO DATE    0                         0      0        0
  SINCE MAR 1      0                         0      0        0
  SINCE JAN 1      0                         0      0        0
..................................................................


WIND (MPH)
  HIGHEST WIND SPEED    12   HIGHEST WIND DIRECTION     W (270)
  HIGHEST GUST SPEED    16   HIGHEST GUST DIRECTION     S (170)
  AVERAGE WIND SPEED     3.6


SKY COVER
  AVERAGE SKY COVER 0.0


WEATHER CONDITIONS
 THE FOLLOWING WEATHER WAS RECORDED YESTERDAY.
  HAZE


RELATIVE HUMIDITY (PERCENT)
 HIGHEST    78           500 AM
 LOWEST     13           500 PM
 AVERAGE    46

..........................................................


THE MCCALL ID CLIMATE NORMALS FOR TODAY
                         NORMAL    RECORD    YEAR
 MAXIMUM TEMPERATURE (F)   52        84      1910
 MINIMUM TEMPERATURE (F)   27        17      1907


SUNRISE AND SUNSET
APRIL 25 2018.........SUNRISE   643 AM MDT   SUNSET   842 PM MDT
APRIL 26 2018.........SUNRISE   641 AM MDT   SUNSET   844 PM MDT


-  INDICATES NEGATIVE NUMBERS.
R  INDICATES RECORD WAS SET OR TIED.
MM INDICATES DATA IS MISSING.
T  INDICATES TRACE AMOUNT.




$$
