000
CDUS45 KBOI 150932
CLIMYL


CLIMATE REPORT
NATIONAL WEATHER SERVICE BOISE ID
332 AM MDT TUE OCT 15 2019

...................................

...THE MCCALL ID CLIMATE SUMMARY FOR OCTOBER 14 2019...

CLIMATE NORMAL PERIOD 1981 TO 2010
CLIMATE RECORD PERIOD 1930 TO 2019


WEATHER ITEM   OBSERVED TIME   RECORD YEAR NORMAL DEPARTURE LAST
                VALUE   (LST)  VALUE       VALUE  FROM      YEAR
                                                  NORMAL
...................................................................
TEMPERATURE (F)
 YESTERDAY
  MAXIMUM         55    315 PM  77    1991  56     -1       47
  MINIMUM         28    728 AM  13    1986  25      3       20
  AVERAGE         42                        40      2       34

PRECIPITATION (IN)
  YESTERDAY        0.00          1.25 1962   0.04  -0.04     0.00
  MONTH TO DATE    0.70                      0.48   0.22     1.30
  SINCE OCT 1      0.70                      0.48   0.22     1.30
  SINCE JAN 1     24.42                     14.40  10.02    16.83

DEGREE DAYS
 HEATING
  YESTERDAY       23                        25     -2       31
  MONTH TO DATE  377                       315     62      329
  SINCE SEP 1    741                       752    -11      671
  SINCE JUL 1    856                      1080   -224      804

 COOLING
  YESTERDAY        0                         0      0        0
  MONTH TO DATE    0                         0      0        0
  SINCE SEP 1      9                         0      9        6
  SINCE JAN 1    122                        25     97      158
...................................................................


WIND (MPH)
  HIGHEST WIND SPEED    12   HIGHEST WIND DIRECTION    NW (310)
  HIGHEST GUST SPEED    14   HIGHEST GUST DIRECTION     W (290)
  AVERAGE WIND SPEED     2.9


SKY COVER
  AVERAGE SKY COVER 0.2


WEATHER CONDITIONS
THE FOLLOWING WEATHER WAS RECORDED YESTERDAY.
  HAZE


RELATIVE HUMIDITY (PERCENT)
 HIGHEST    77           700 AM
 LOWEST     37           300 PM
 AVERAGE    57

..........................................................


THE MCCALL ID CLIMATE NORMALS FOR TODAY
                         NORMAL    RECORD    YEAR
 MAXIMUM TEMPERATURE (F)   56        78      1927
                                             1991
 MINIMUM TEMPERATURE (F)   25        14      1930
                                             1992


SUNRISE AND SUNSET
OCTOBER 15 2019.......SUNRISE   800 AM MDT   SUNSET   700 PM MDT
OCTOBER 16 2019.......SUNRISE   801 AM MDT   SUNSET   658 PM MDT


-  INDICATES NEGATIVE NUMBERS.
R  INDICATES RECORD WAS SET OR TIED.
MM INDICATES DATA IS MISSING.
T  INDICATES TRACE AMOUNT.




$$
