000
CDUS45 KBOI 150931
CLIMYL


CLIMATE REPORT
NATIONAL WEATHER SERVICE BOISE ID
330 AM MDT SUN JUL 15 2018


...................................

...THE MCCALL ID CLIMATE SUMMARY FOR JULY 14 2018...

CLIMATE NORMAL PERIOD 1981 TO 2010
CLIMATE RECORD PERIOD 1930 TO 2018


WEATHER ITEM   OBSERVED TIME   RECORD YEAR NORMAL DEPARTURE LAST
                VALUE   (LST)  VALUE       VALUE  FROM      YEAR
                                                  NORMAL
..................................................................
TEMPERATURE (F)
 YESTERDAY
  MAXIMUM         88    416 PM  95    1930  78     10       93
  MINIMUM         50    541 AM  34    1993  43      7       51
                                      1981
                                      1907
  AVERAGE         69                        61      8       72

PRECIPITATION (IN)
  YESTERDAY        0.00          0.55 1932   0.02  -0.02     0.00
  MONTH TO DATE    T                         0.43  -0.43     0.00
  SINCE OCT 1     21.90                     18.25   3.65    29.77
  SINCE JAN 1     15.05                     12.07   2.98    21.28

DEGREE DAYS
 HEATING
  YESTERDAY        0                         5     -5        0
  MONTH TO DATE   29                        87    -58        0
  SINCE JUN 1    293                       454   -161      236
  SINCE JUL 1     29                        87    -58        0

 COOLING
  YESTERDAY        4                         0      4        7
  MONTH TO DATE   25                         0     25       64
  SINCE JUN 1     25                         1     24       70
  SINCE JAN 1     25                         1     24       70
..................................................................


WIND (MPH)
  HIGHEST WIND SPEED    14   HIGHEST WIND DIRECTION     W (270)
  HIGHEST GUST SPEED    19   HIGHEST GUST DIRECTION    NW (300)
  AVERAGE WIND SPEED     4.1


SKY COVER
  AVERAGE SKY COVER 0.0


WEATHER CONDITIONS
 THE FOLLOWING WEATHER WAS RECORDED YESTERDAY.
  NO SIGNIFICANT WEATHER WAS OBSERVED.


RELATIVE HUMIDITY (PERCENT)
 HIGHEST    71           400 AM
 LOWEST     12           500 PM
 AVERAGE    42

..........................................................


THE MCCALL ID CLIMATE NORMALS FOR TODAY
                         NORMAL    RECORD    YEAR
 MAXIMUM TEMPERATURE (F)   79        95      1925
 MINIMUM TEMPERATURE (F)   44        32      1999


SUNRISE AND SUNSET
JULY 15 2018..........SUNRISE   613 AM MDT   SUNSET   928 PM MDT
JULY 16 2018..........SUNRISE   613 AM MDT   SUNSET   927 PM MDT


-  INDICATES NEGATIVE NUMBERS.
R  INDICATES RECORD WAS SET OR TIED.
MM INDICATES DATA IS MISSING.
T  INDICATES TRACE AMOUNT.




$$
