000
CDUS45 KBOI 220122
CLIMYL

CLIMATE REPORT
NATIONAL WEATHER SERVICE BOISE ID
722 PM MDT WED OCT 21 2020

...................................

...THE MCCALL ID CLIMATE SUMMARY FOR OCTOBER 21 2020...
VALID TODAY AS OF 0600 PM LOCAL TIME.

CLIMATE NORMAL PERIOD 1981 TO 2010
CLIMATE RECORD PERIOD 1930 TO 2020


WEATHER ITEM   OBSERVED TIME   RECORD YEAR NORMAL DEPARTURE LAST
                VALUE   (LST)  VALUE       VALUE  FROM      YEAR
                                                  NORMAL
...................................................................
TEMPERATURE (F)
 TODAY
  MAXIMUM         48    149 PM  74    1927  53     -5       42
  MINIMUM         32    730 AM   7    1996  24      8       32
  AVERAGE         40                        38      2       37

PRECIPITATION (IN)
  TODAY            T             1.29 1946   0.05  -0.05     0.11
  MONTH TO DATE    1.11                      0.80   0.31     1.42
  SINCE OCT 1      1.11                      0.80   0.31     1.42
  SINCE JAN 1     19.74                     14.72   5.02    25.14

DEGREE DAYS
 HEATING
  TODAY           25                        27     -2       28
  MONTH TO DATE  343                       495   -152      552
  SINCE SEP 1    601                       932   -331      916
  SINCE JUL 1    753                      1260   -507     1031

 COOLING
  TODAY            0                         0      0        0
  MONTH TO DATE    0                         0      0        0
  SINCE SEP 1      6                         0      6        9
  SINCE JAN 1    135                        25    110      122
...................................................................


WIND (MPH)
  HIGHEST WIND SPEED    24   HIGHEST WIND DIRECTION     W (260)
  HIGHEST GUST SPEED    36   HIGHEST GUST DIRECTION     W (250)
  AVERAGE WIND SPEED     6.5


RELATIVE HUMIDITY (PERCENT)
 HIGHEST    88           700 AM
 LOWEST     33           200 PM
 AVERAGE    61

..........................................................


THE MCCALL ID CLIMATE NORMALS FOR TOMORROW
                         NORMAL    RECORD    YEAR
 MAXIMUM TEMPERATURE (F)   52        77      1907
 MINIMUM TEMPERATURE (F)   24         5      1908


SUNRISE AND SUNSET
OCTOBER 21 2020.......SUNRISE   809 AM MDT   SUNSET   649 PM MDT
OCTOBER 22 2020.......SUNRISE   810 AM MDT   SUNSET   647 PM MDT


-  INDICATES NEGATIVE NUMBERS.
R  INDICATES RECORD WAS SET OR TIED.
MM INDICATES DATA IS MISSING.
T  INDICATES TRACE AMOUNT.




$$
