000
CDUS45 KBOI 150931
CLIMYL


CLIMATE REPORT
NATIONAL WEATHER SERVICE BOISE ID
331 AM MDT MON OCT 15 2018


...................................

...THE MCCALL ID CLIMATE SUMMARY FOR OCTOBER 14 2018...

CLIMATE NORMAL PERIOD 1981 TO 2010
CLIMATE RECORD PERIOD 1930 TO 2018


WEATHER ITEM   OBSERVED TIME   RECORD YEAR NORMAL DEPARTURE LAST
                VALUE   (LST)  VALUE       VALUE  FROM      YEAR
                                                  NORMAL
..................................................................
TEMPERATURE (F)
 YESTERDAY
  MAXIMUM         47    353 PM  77    1991  56     -9       41
  MINIMUM         20    440 AM  13    1986  25     -5       18
  AVERAGE         34                        40     -6       30

PRECIPITATION (IN)
  YESTERDAY        0.00          1.25 1962   0.04  -0.04     0.00
  MONTH TO DATE    1.30                      0.48   0.82     0.53
  SINCE OCT 1      1.30                      0.48   0.82     0.53
  SINCE JAN 1     16.83                     14.40   2.43    23.32

DEGREE DAYS
 HEATING
  YESTERDAY       31                        25      6       35
  MONTH TO DATE  329                       315     14      371
  SINCE SEP 1    671                       752    -81      691
  SINCE JUL 1    804                      1080   -276      721

 COOLING
  YESTERDAY        0                         0      0        0
  MONTH TO DATE    0                         0      0        0
  SINCE SEP 1      6                         0      6       31
  SINCE JAN 1    158                        25    133      229
..................................................................


WIND (MPH)
  HIGHEST WIND SPEED    14   HIGHEST WIND DIRECTION     W (260)
  HIGHEST GUST SPEED    20   HIGHEST GUST DIRECTION     W (250)
  AVERAGE WIND SPEED     5.2


SKY COVER
  AVERAGE SKY COVER 0.0


WEATHER CONDITIONS
 THE FOLLOWING WEATHER WAS RECORDED YESTERDAY.
  NO SIGNIFICANT WEATHER WAS OBSERVED.


RELATIVE HUMIDITY (PERCENT)
 HIGHEST    77           500 AM
 LOWEST     18           200 PM
 AVERAGE    48

..........................................................


THE MCCALL ID CLIMATE NORMALS FOR TODAY
                         NORMAL    RECORD    YEAR
 MAXIMUM TEMPERATURE (F)   56        78      1991
                                             1927
 MINIMUM TEMPERATURE (F)   25        14      1992
                                             1930


SUNRISE AND SUNSET
OCTOBER 15 2018.......SUNRISE   800 AM MDT   SUNSET   659 PM MDT
OCTOBER 16 2018.......SUNRISE   801 AM MDT   SUNSET   658 PM MDT


-  INDICATES NEGATIVE NUMBERS.
R  INDICATES RECORD WAS SET OR TIED.
MM INDICATES DATA IS MISSING.
T  INDICATES TRACE AMOUNT.




$$
