702
CDUS45 KBOI 230947
CLIMYL


CLIMATE REPORT
NATIONAL WEATHER SERVICE BOISE ID
247 AM MST WED JAN 23 2019


...................................

...THE MCCALL ID CLIMATE SUMMARY FOR JANUARY 22 2019...

CLIMATE NORMAL PERIOD 1981 TO 2010
CLIMATE RECORD PERIOD 1930 TO 2019


WEATHER ITEM   OBSERVED TIME   RECORD YEAR NORMAL DEPARTURE LAST
                VALUE   (LST)  VALUE       VALUE  FROM      YEAR
                                                  NORMAL
..................................................................
TEMPERATURE (F)
 YESTERDAY
  MAXIMUM         24    855 PM  47    1981  29     -5       34
  MINIMUM          5    547 AM -34    1927  11     -6       25
  AVERAGE         15                        20     -5       30

PRECIPITATION (IN)
  YESTERDAY        0.11          1.09 1943   0.05   0.06     0.34
  MONTH TO DATE    3.05                      1.26   1.79     2.68
  SINCE OCT 1      9.29                      7.44   1.85     9.53
  SINCE JAN 1      3.05                      1.26   1.79     2.68

DEGREE DAYS
 HEATING
  YESTERDAY       50                        45      5       35
  MONTH TO DATE  964                       999    -35      804
  SINCE DEC 1   2341                      2435    -94     2195
  SINCE JUL 1   4539                      5073   -534     4321

 COOLING
  YESTERDAY        0                         0      0        0
  MONTH TO DATE    0                         0      0        0
  SINCE DEC 1      0                         0      0        0
  SINCE JAN 1      0                         0      0        0
..................................................................


WIND (MPH)
  HIGHEST WIND SPEED     8   HIGHEST WIND DIRECTION     N (10)
  HIGHEST GUST SPEED    10   HIGHEST GUST DIRECTION     N (360)
  AVERAGE WIND SPEED     0.8


SKY COVER
  AVERAGE SKY COVER 0.6


WEATHER CONDITIONS
 THE FOLLOWING WEATHER WAS RECORDED YESTERDAY.
  LIGHT SNOW
  FOG
  HAZE


RELATIVE HUMIDITY (PERCENT)
 HIGHEST    92           300 AM
 LOWEST     65           500 PM
 AVERAGE    79

..........................................................


THE MCCALL ID CLIMATE NORMALS FOR TODAY
                         NORMAL    RECORD    YEAR
 MAXIMUM TEMPERATURE (F)   29        45      1994
                                             1981
 MINIMUM TEMPERATURE (F)   11       -29      1930


SUNRISE AND SUNSET
JANUARY 23 2019.......SUNRISE   813 AM MST   SUNSET   540 PM MST
JANUARY 24 2019.......SUNRISE   812 AM MST   SUNSET   541 PM MST


-  INDICATES NEGATIVE NUMBERS.
R  INDICATES RECORD WAS SET OR TIED.
MM INDICATES DATA IS MISSING.
T  INDICATES TRACE AMOUNT.




$$
