000
CDUS45 KBOI 010934
CLIMYL

CLIMATE REPORT
NATIONAL WEATHER SERVICE BOISE ID
334 AM MDT MON JUN 01 2020

...................................

...THE MCCALL ID CLIMATE SUMMARY FOR MAY 31 2020...

CLIMATE NORMAL PERIOD 1981 TO 2010
CLIMATE RECORD PERIOD 1930 TO 2020


WEATHER ITEM   OBSERVED TIME   RECORD YEAR NORMAL DEPARTURE LAST
                VALUE   (LST)  VALUE       VALUE  FROM      YEAR
                                                  NORMAL
...................................................................
TEMPERATURE (F)
 YESTERDAY
  MAXIMUM         64    610 PM  90    1910  63      1       72
  MINIMUM         49    613 AM  23    1920  36     13       43
  AVERAGE         57                        49      8       58

PRECIPITATION (IN)
  YESTERDAY        0.15          0.60 1981   0.06   0.09     0.00
  MONTH TO DATE    2.14                      2.19  -0.05     2.56
  SINCE OCT 1     18.65                     15.96   2.69    26.73
  SINCE JAN 1     14.12                      9.78   4.34    20.49

DEGREE DAYS
 HEATING
  YESTERDAY        8                        16     -8        7
  MONTH TO DATE  504                       594    -90      459
  SINCE MAR 1   2369                      2554   -185     2385
  SINCE JUL 1   8386                      9229   -843     8525

 COOLING
  YESTERDAY        0                         0      0        0
  MONTH TO DATE    8                         0      8        0
  SINCE MAR 1      8                         0      8        0
  SINCE JAN 1      8                         0      8        0
...................................................................


WIND (MPH)
  HIGHEST WIND SPEED    23   HIGHEST WIND DIRECTION     S (190)
  HIGHEST GUST SPEED    30   HIGHEST GUST DIRECTION    SW (220)
  AVERAGE WIND SPEED     8.7


SKY COVER
  AVERAGE SKY COVER 0.5


WEATHER CONDITIONS
THE FOLLOWING WEATHER WAS RECORDED YESTERDAY.
  THUNDERSTORM
  RAIN
  LIGHT RAIN


RELATIVE HUMIDITY (PERCENT)
 HIGHEST    86           600 AM
 LOWEST     39           500 PM
 AVERAGE    63

..........................................................


THE MCCALL ID CLIMATE NORMALS FOR TODAY
                         NORMAL    RECORD    YEAR
 MAXIMUM TEMPERATURE (F)   63        86      1986
 MINIMUM TEMPERATURE (F)   36        23      1920


SUNRISE AND SUNSET
JUNE  1 2020..........SUNRISE   601 AM MDT   SUNSET   924 PM MDT
JUNE  2 2020..........SUNRISE   601 AM MDT   SUNSET   925 PM MDT


-  INDICATES NEGATIVE NUMBERS.
R  INDICATES RECORD WAS SET OR TIED.
MM INDICATES DATA IS MISSING.
T  INDICATES TRACE AMOUNT.




$$
