820
CDUS41 KLWX 200525
CLINAK

CLIMATE REPORT
NATIONAL WEATHER SERVICE BALTIMORE MD/WASHINGTON DC
125 AM EDT MON MAY 20 2024

...................................

...THE ANNAPOLIS MD CLIMATE SUMMARY FOR MAY 19 2024...

CLIMATE NORMAL PERIOD: 1991 TO 2020
CLIMATE RECORD PERIOD: 2003 TO 2024


WEATHER ITEM   OBSERVED TIME   NORMAL DEPARTURE LAST
                VALUE   (LST)  VALUE  FROM      YEAR
                                      NORMAL
.......................................................
TEMPERATURE (F)
 YESTERDAY
  MAXIMUM         75   5:30 PM  74      1       72
  MINIMUM         61   5:55 AM  58      3       59
  AVERAGE         68            66      2       66

PRECIPITATION (IN)
  YESTERDAY        0.03          0.09  -0.06     0.00
  MONTH TO DATE    3.43          1.95   1.48     0.61
  SINCE MAR 1     11.45          9.13   2.32     5.75
  SINCE JAN 1     18.81         14.35   4.46     6.90

DEGREE DAYS
 HEATING
  YESTERDAY        0             2     -2        0
  MONTH TO DATE   45            69    -24       85
  SINCE MAR 1    693           969   -276      801
  SINCE JUL 1   3389          4042   -653     3207

 COOLING
  YESTERDAY        3             3      0        1
  MONTH TO DATE   48            37     11       16
  SINCE MAR 1     77            52     25       40
  SINCE JAN 1     77            52     25       40
.......................................................


WIND (MPH)
  HIGHEST WIND SPEED    17   HIGHEST WIND DIRECTION    SE (130)
  HIGHEST GUST SPEED    19   HIGHEST GUST DIRECTION    SE (130)
  AVERAGE WIND SPEED     3.1


SKY COVER
  AVERAGE SKY COVER 0.8


WEATHER CONDITIONS
THE FOLLOWING WEATHER WAS RECORDED YESTERDAY.
  LIGHT RAIN
  FOG


RELATIVE HUMIDITY (PERCENT)
 HIGHEST   100           4:00 AM
 LOWEST     64           6:00 PM
 AVERAGE    82

..........................................................




SUNRISE AND SUNSET
MAY 20 2024...........SUNRISE   5:49 AM EDT   SUNSET   8:17 PM EDT
MAY 21 2024...........SUNRISE   5:48 AM EDT   SUNSET   8:18 PM EDT


-  INDICATES NEGATIVE NUMBERS.
R  INDICATES RECORD WAS SET OR TIED.
MM INDICATES DATA IS MISSING.
T  INDICATES TRACE AMOUNT.




$$