000
CDUS44 KLIX 292139
CLINEW

CLIMATE REPORT
NATIONAL WEATHER SERVICE NEW ORLEANS
439 PM CDT FRI MAY 29 2020

...................................

...THE NEW ORLEANS CLIMATE SUMMARY FOR MAY 29 2020...
VALID TODAY AS OF 0400 PM LOCAL TIME.

CLIMATE NORMAL PERIOD: 1981 TO 2010
CLIMATE RECORD PERIOD: 1946 TO 2020


WEATHER ITEM   OBSERVED TIME   RECORD YEAR NORMAL DEPARTURE LAST
                VALUE   (LST)  VALUE       VALUE  FROM      YEAR
                                                  NORMAL
...................................................................
TEMPERATURE (F)
 TODAY
  MAXIMUM         90   2:55 PM  94    1953  88      2       91
                                      2000
  MINIMUM         75   4:48 AM  55    1961  71      4       76
  AVERAGE         83                        79      4       84

PRECIPITATION (IN)
  TODAY            T             2.88 2013   0.18  M0.18     0.00
  MONTH TO DATE    7.47                      4.25   3.22     8.04
  SINCE MAR 1     13.94                     13.41   0.53    16.52
  SINCE JAN 1     22.29                     23.86  M1.57    27.03

SNOWFALL (IN)
  TODAY           MM
  MONTH TO DATE    0.0
  SINCE MAR 1      0.0
  SINCE JUL 1      0.0
  SNOW DEPTH      MM

DEGREE DAYS
 HEATING
  TODAY            0                         0      0        0
  MONTH TO DATE    0                         0      0        0
  SINCE MAR 1     19                       170   M151      151
  SINCE JUL 1    756                      1279   M523      983

 COOLING
  TODAY           18                        14      4       19
  MONTH TO DATE  373                       331     42      423
  SINCE MAR 1    889                       551    338      682
  SINCE JAN 1    994                       588    406      776
...................................................................


WIND (MPH)
  HIGHEST WIND SPEED    10   HIGHEST WIND DIRECTION    NE (50)
  HIGHEST GUST SPEED    15   HIGHEST GUST DIRECTION    NE (30)
  AVERAGE WIND SPEED     5.0


SKY COVER
  POSSIBLE SUNSHINE  MM
  AVERAGE SKY COVER 0.9


WEATHER CONDITIONS
THE FOLLOWING WEATHER WAS RECORDED TODAY.
  NO SIGNIFICANT WEATHER WAS OBSERVED.


RELATIVE HUMIDITY (PERCENT)
 HIGHEST    88           5:00 AM
 LOWEST     50           1:00 PM
 AVERAGE    69

..........................................................


THE NEW ORLEANS CLIMATE NORMALS FOR TOMORROW
                         NORMAL    RECORD    YEAR
 MAXIMUM TEMPERATURE (F)   88        95      1977
 MINIMUM TEMPERATURE (F)   71        55      1960


SUNRISE AND SUNSET
MAY 29 2020...........SUNRISE   6:01 AM CDT   SUNSET   7:56 PM CDT
MAY 30 2020...........SUNRISE   6:01 AM CDT   SUNSET   7:57 PM CDT


M  INDICATES NEGATIVE NUMBERS.
R  INDICATES RECORD WAS SET OR TIED.
MM INDICATES DATA IS MISSING.
T  INDICATES TRACE AMOUNT.




$$
