000
CDUS44 KLIX 220750
CLINEW

CLIMATE REPORT
NATIONAL WEATHER SERVICE NEW ORLEANS
250 AM CDT THU OCT 22 2020

...................................

...THE NEW ORLEANS CLIMATE SUMMARY FOR OCTOBER 21 2020...

CLIMATE NORMAL PERIOD: 1981 TO 2010
CLIMATE RECORD PERIOD: 1946 TO 2020


WEATHER ITEM   OBSERVED TIME   RECORD YEAR NORMAL DEPARTURE LAST
                VALUE   (LST)  VALUE       VALUE  FROM      YEAR
                                                  NORMAL
...................................................................
TEMPERATURE (F)
 YESTERDAY
  MAXIMUM         86   2:38 PM  90    1979  79      7       79
  MINIMUM         74   6:35 AM  36    1964  61     13       72
  AVERAGE         80                        70     10       76

PRECIPITATION (IN)
  YESTERDAY        0.00          1.41 1990   0.12  M0.12     0.81
  MONTH TO DATE    0.62                      2.34  M1.72     3.22
  SINCE SEP 1      2.40                      7.31  M4.91     3.41
  SINCE JAN 1     57.24                     51.52   5.72    50.17

SNOWFALL (IN)
  YESTERDAY        0.0
  MONTH TO DATE    0.0
  SINCE SEP 1      0.0
  SINCE JUL 1      0.0
  SNOW DEPTH      MM

DEGREE DAYS
 HEATING
  YESTERDAY        0                         1     M1        0
  MONTH TO DATE    0                         8     M8        0
  SINCE SEP 1      0                         8     M8        0
  SINCE JUL 1      0                         8     M8        0

 COOLING
  YESTERDAY       15                         6      9       11
  MONTH TO DATE  226                       173     53      300
  SINCE SEP 1    674                       616     58      916
  SINCE JAN 1   3526                      2862    664     3557
...................................................................


WIND (MPH)
  HIGHEST WIND SPEED    16   HIGHEST WIND DIRECTION     E (100)
  HIGHEST GUST SPEED    21   HIGHEST GUST DIRECTION    NE (50)
  AVERAGE WIND SPEED     8.1


SKY COVER
  POSSIBLE SUNSHINE  MM
  AVERAGE SKY COVER 0.2


WEATHER CONDITIONS
THE FOLLOWING WEATHER WAS RECORDED YESTERDAY.
  NO SIGNIFICANT WEATHER WAS OBSERVED.


RELATIVE HUMIDITY (PERCENT)
 HIGHEST    88           7:00 AM
 LOWEST     56           5:00 PM
 AVERAGE    72

..........................................................


THE NEW ORLEANS CLIMATE NORMALS FOR TODAY
                         NORMAL    RECORD    YEAR
 MAXIMUM TEMPERATURE (F)   78        88      1991
 MINIMUM TEMPERATURE (F)   61        39      1976


SUNRISE AND SUNSET
OCTOBER 22 2020.......SUNRISE   7:08 AM CDT   SUNSET   6:22 PM CDT
OCTOBER 23 2020.......SUNRISE   7:09 AM CDT   SUNSET   6:21 PM CDT


M  INDICATES NEGATIVE NUMBERS.
R  INDICATES RECORD WAS SET OR TIED.
MM INDICATES DATA IS MISSING.
T  INDICATES TRACE AMOUNT.




$$
