000
CDUS44 KLIX 232128
CLINEW


CLIMATE REPORT
NATIONAL WEATHER SERVICE NEW ORLEANS
426 PM CDT WED OCT 23 2019


...................................

...THE NEW ORLEANS CLIMATE SUMMARY FOR OCTOBER 23 2019...
VALID TODAY AS OF 0400 PM LOCAL TIME.

CLIMATE NORMAL PERIOD 1981 TO 2010
CLIMATE RECORD PERIOD 1946 TO 2019


WEATHER ITEM   OBSERVED TIME   RECORD YEAR NORMAL DEPARTURE LAST
                VALUE   (LST)  VALUE       VALUE  FROM      YEAR
                                                  NORMAL
..................................................................
TEMPERATURE (F)
 TODAY
  MAXIMUM         74    259 PM  87    1995  78     -4       71
                                      1949
  MINIMUM         53    307 AM  44    1964  60     -7       67
                                      1960
  AVERAGE         64                        69     -5       69

PRECIPITATION (IN)
  TODAY            0.00          1.44 1980   0.12  -0.12     0.43
  MONTH TO DATE    3.22                      2.58   0.64     2.72
  SINCE SEP 1      3.41                      7.55  -4.14     6.26
  SINCE JAN 1     50.17                     51.76  -1.59    46.27

SNOWFALL (IN)
  TODAY            0.0
  MONTH TO DATE    0.0
  SINCE SEP 1      0.0
  SINCE JUL 1      0.0
  SNOW DEPTH       0

DEGREE DAYS
 HEATING
  TODAY            1                         1      0        0
  MONTH TO DATE    1                        10     -9        0
  SINCE SEP 1      1                        10     -9        0
  SINCE JUL 1      1                        10     -9        0

 COOLING
  TODAY            0                         5     -5        4
  MONTH TO DATE  303                       184    119      317
  SINCE SEP 1    919                       627    292      873
  SINCE JAN 1   3560                      2873    687     3490
..................................................................


WIND (MPH)
  HIGHEST WIND SPEED    18   HIGHEST WIND DIRECTION     E (110)
  HIGHEST GUST SPEED    23   HIGHEST GUST DIRECTION    NE (60)
  AVERAGE WIND SPEED     6.0


SKY COVER
  POSSIBLE SUNSHINE  MM
  AVERAGE SKY COVER 0.2


WEATHER CONDITIONS
 THE FOLLOWING WEATHER WAS RECORDED TODAY.
  NO SIGNIFICANT WEATHER WAS OBSERVED.


RELATIVE HUMIDITY (PERCENT)
 HIGHEST    72           100 AM
 LOWEST     29          1200 PM
 AVERAGE    51

..........................................................


THE NEW ORLEANS CLIMATE NORMALS FOR TOMORROW
                         NORMAL    RECORD    YEAR
 MAXIMUM TEMPERATURE (F)   78        88      2004
                                             2001
 MINIMUM TEMPERATURE (F)   60        46      2006


SUNRISE AND SUNSET
OCTOBER 23 2019.......SUNRISE   708 AM CDT   SUNSET   622 PM CDT
OCTOBER 24 2019.......SUNRISE   709 AM CDT   SUNSET   621 PM CDT


-  INDICATES NEGATIVE NUMBERS.
R  INDICATES RECORD WAS SET OR TIED.
MM INDICATES DATA IS MISSING.
T  INDICATES TRACE AMOUNT.




$$
