000
CDUS44 KLIX 172122
CLINEW


CLIMATE REPORT
NATIONAL WEATHER SERVICE NEW ORLEANS
421 PM CDT WED OCT 17 2018


...................................

...THE NEW ORLEANS CLIMATE SUMMARY FOR OCTOBER 17 2018...
VALID TODAY AS OF 0400 PM LOCAL TIME.

CLIMATE NORMAL PERIOD 1981 TO 2010
CLIMATE RECORD PERIOD 1946 TO 2018


WEATHER ITEM   OBSERVED TIME   RECORD YEAR NORMAL DEPARTURE LAST
                VALUE   (LST)  VALUE       VALUE  FROM      YEAR
                                                  NORMAL
..................................................................
TEMPERATURE (F)
 TODAY
  MAXIMUM         76    259 PM  91    2016  80     -4       75
                                      1980
  MINIMUM         73   1116 AM  43    1977  62     11       60
  AVERAGE         75                        71      4       68

PRECIPITATION (IN)
  TODAY            0.00          1.10 1950   0.11  -0.11     0.00
  MONTH TO DATE    2.10                      1.88   0.22     1.82
  SINCE SEP 1      5.64                      6.85  -1.21     2.24
  SINCE JAN 1     45.65                     51.06  -5.41    65.89

SNOWFALL (IN)
  TODAY            0.0
  MONTH TO DATE    0.0
  SINCE SEP 1      0.0
  SINCE JUL 1      0.0
  SNOW DEPTH       0

DEGREE DAYS
 HEATING
  TODAY            0                         1     -1        0
  MONTH TO DATE    0                         4     -4        0
  SINCE SEP 1      0                         4     -4        0
  SINCE JUL 1      0                         4     -4        0

 COOLING
  TODAY           10                         7      3        3
  MONTH TO DATE  269                       149    120      241
  SINCE SEP 1    825                       592    233      700
  SINCE JAN 1   3442                      2838    604     3053
..................................................................


WIND (MPH)
  HIGHEST WIND SPEED    13   HIGHEST WIND DIRECTION    NE (30)
  HIGHEST GUST SPEED    16   HIGHEST GUST DIRECTION     N (20)
  AVERAGE WIND SPEED     8.3


SKY COVER
  POSSIBLE SUNSHINE  MM
  AVERAGE SKY COVER 1.0


WEATHER CONDITIONS
 THE FOLLOWING WEATHER WAS RECORDED TODAY.
  FOG


RELATIVE HUMIDITY (PERCENT)
 HIGHEST   100          1200 AM
 LOWEST     87           100 PM
 AVERAGE    94

..........................................................


THE NEW ORLEANS CLIMATE NORMALS FOR TOMORROW
                         NORMAL    RECORD    YEAR
 MAXIMUM TEMPERATURE (F)   80        89      2016
 MINIMUM TEMPERATURE (F)   62        44      1991
                                             1977


SUNRISE AND SUNSET
OCTOBER 17 2018.......SUNRISE   704 AM CDT   SUNSET   628 PM CDT
OCTOBER 18 2018.......SUNRISE   705 AM CDT   SUNSET   627 PM CDT


-  INDICATES NEGATIVE NUMBERS.
R  INDICATES RECORD WAS SET OR TIED.
MM INDICATES DATA IS MISSING.
T  INDICATES TRACE AMOUNT.




$$
