000
CDUS44 KLIX 212227
CLINEW


CLIMATE REPORT
NATIONAL WEATHER SERVICE NEW ORLEANS
426 PM CST MON JAN 21 2019


...................................

...THE NEW ORLEANS CLIMATE SUMMARY FOR JANUARY 21 2019...
VALID TODAY AS OF 0400 PM LOCAL TIME.

CLIMATE NORMAL PERIOD 1981 TO 2010
CLIMATE RECORD PERIOD 1946 TO 2019


WEATHER ITEM   OBSERVED TIME   RECORD YEAR NORMAL DEPARTURE LAST
                VALUE   (LST)  VALUE       VALUE  FROM      YEAR
                                                  NORMAL
..................................................................
TEMPERATURE (F)
 TODAY
  MAXIMUM         56    201 PM  82    1982  62     -6       74
  MINIMUM         36    339 AM  14    1985  45     -9       50
  AVERAGE         46                        53     -7       62

PRECIPITATION (IN)
  TODAY            0.00          1.85 1987   0.17  -0.17     0.00
  MONTH TO DATE    1.93                      3.45  -1.52     2.33
  SINCE DEC 1      7.26                      8.69  -1.43     7.49
  SINCE JAN 1      1.93                      3.45  -1.52     2.33

SNOWFALL (IN)
  TODAY            0.0
  MONTH TO DATE    0.0
  SINCE DEC 1      0.0
  SINCE JUL 1      0.0
  SNOW DEPTH       0

DEGREE DAYS
 HEATING
  TODAY           19                        12      7        3
  MONTH TO DATE  192                       252    -60      406
  SINCE DEC 1    424                       569   -145      722
  SINCE JUL 1    622                       733   -111      854

 COOLING
  TODAY            0                         0      0        0
  MONTH TO DATE    6                        12     -6        4
  SINCE DEC 1     42                        39      3       34
  SINCE JAN 1      6                        12     -6        4
..................................................................


WIND (MPH)
  HIGHEST WIND SPEED    15   HIGHEST WIND DIRECTION    SE (120)
  HIGHEST GUST SPEED    20   HIGHEST GUST DIRECTION     E (80)
  AVERAGE WIND SPEED     8.5


SKY COVER
  POSSIBLE SUNSHINE  MM
  AVERAGE SKY COVER 0.4


WEATHER CONDITIONS
 THE FOLLOWING WEATHER WAS RECORDED TODAY.
  NO SIGNIFICANT WEATHER WAS OBSERVED.


RELATIVE HUMIDITY (PERCENT)
 HIGHEST    76           400 AM
 LOWEST     54          1200 PM
 AVERAGE    65

..........................................................


THE NEW ORLEANS CLIMATE NORMALS FOR TOMORROW
                         NORMAL    RECORD    YEAR
 MAXIMUM TEMPERATURE (F)   62        81      2012
                                             1957
                                             1949
 MINIMUM TEMPERATURE (F)   45        22      1985
                                             1961


SUNRISE AND SUNSET
JANUARY 21 2019.......SUNRISE   656 AM CST   SUNSET   529 PM CST
JANUARY 22 2019.......SUNRISE   656 AM CST   SUNSET   529 PM CST


-  INDICATES NEGATIVE NUMBERS.
R  INDICATES RECORD WAS SET OR TIED.
MM INDICATES DATA IS MISSING.
T  INDICATES TRACE AMOUNT.




$$
