000
CDUS46 KMTR 160826
CLINUQ


CLIMATE REPORT
NATIONAL WEATHER SERVICE SAN FRANCISCO BAY AREA
125 AM PDT TUE OCT 16 2018


...................................

...THE MOFFETT FIELD CLIMATE SUMMARY FOR OCTOBER 15 2018...

CLIMATE NORMAL PERIOD 1981 TO 2010
CLIMATE RECORD PERIOD 1945 TO 2018


WEATHER ITEM   OBSERVED TIME   RECORD YEAR NORMAL DEPARTURE LAST
                VALUE   (LST)  VALUE       VALUE  FROM      YEAR
                                                  NORMAL
..................................................................
TEMPERATURE (F)
 YESTERDAY
  MAXIMUM         82    327 PM  90    1961  74      8       84
  MINIMUM         55   1159 PM  40    1966  54      1       49
  AVERAGE         69                        64      5       67

PRECIPITATION (IN)
  YESTERDAY        0.00          0.33 1969   0.02  -0.02     0.00
  MONTH TO DATE    T                         0.20  -0.20     0.00
  SINCE OCT 1      T                         0.20  -0.20     0.00
  SINCE JAN 1      6.26                     10.04  -3.78    13.64

DEGREE DAYS
 HEATING
  YESTERDAY        0                                         0
  MONTH TO DATE    8                                        17
  SINCE SEP 1     22                                        25
  SINCE JUL 1     22                                        27

 COOLING
  YESTERDAY        4                                         2
  MONTH TO DATE   41                                        21
  SINCE SEP 1     79                                       236
  SINCE JAN 1    283                                       647
..................................................................


WIND (MPH)
  RESULTANT WIND SPEED   4   RESULTANT WIND DIRECTION  NW (330)
  HIGHEST WIND SPEED    12   HIGHEST WIND DIRECTION     N (350)
  HIGHEST GUST SPEED    15   HIGHEST GUST DIRECTION    NW (320)
  AVERAGE WIND SPEED     4.8


SKY COVER
  POSSIBLE SUNSHINE  MM
  AVERAGE SKY COVER 0.0


WEATHER CONDITIONS
 THE FOLLOWING WEATHER WAS RECORDED YESTERDAY.
  NO SIGNIFICANT WEATHER WAS OBSERVED.


RELATIVE HUMIDITY (PERCENT)
 HIGHEST    63           700 PM
 LOWEST      9           200 PM
 AVERAGE    36

..........................................................


THE MOFFETT FIELD CLIMATE NORMALS FOR TODAY
                         NORMAL    RECORD    YEAR
 MAXIMUM TEMPERATURE (F)   74        92      1988
 MINIMUM TEMPERATURE (F)   54        44      1946


SUNRISE AND SUNSET
OCTOBER 16 2018.......SUNRISE   717 AM PDT   SUNSET   630 PM PDT
OCTOBER 17 2018.......SUNRISE   718 AM PDT   SUNSET   628 PM PDT


-  INDICATES NEGATIVE NUMBERS.
R  INDICATES RECORD WAS SET OR TIED.
MM INDICATES DATA IS MISSING.
T  INDICATES TRACE AMOUNT.




$$
