753
CDUS46 KMTR 220832
CLINUQ


CLIMATE REPORT
NATIONAL WEATHER SERVICE SAN FRANCISCO BAY AREA
132 AM PDT TUE MAY 22 2018


...................................

...THE MOFFETT FIELD CLIMATE SUMMARY FOR MAY 21 2018...

CLIMATE NORMAL PERIOD 1981 TO 2010
CLIMATE RECORD PERIOD 1945 TO 2018


WEATHER ITEM   OBSERVED TIME   RECORD YEAR NORMAL DEPARTURE LAST
                VALUE   (LST)  VALUE       VALUE  FROM      YEAR
                                                  NORMAL
..................................................................
TEMPERATURE (F)
 YESTERDAY
  MAXIMUM         71    301 PM  96    2000  73     -2       83
  MINIMUM         53    539 AM  44    1974  54     -1       58
  AVERAGE         62                        63     -1       71

PRECIPITATION (IN)
  YESTERDAY        0.00          0.14 1946   0.01  -0.01     0.00
  MONTH TO DATE    0.00                      0.38  -0.38     0.00
  SINCE OCT 1      8.20                     14.28  -6.08    18.13
  SINCE JAN 1      6.25                      9.44  -3.19    13.56

DEGREE DAYS
 HEATING
  YESTERDAY        3                                         0
  MONTH TO DATE   80                                        57
  SINCE MAR 1    568                                       454
  SINCE JUL 1   1979                                      1982

 COOLING
  YESTERDAY        0                                         6
  MONTH TO DATE    3                                        48
  SINCE MAR 1      8                                        50
  SINCE JAN 1      8                                        50
..................................................................


WIND (MPH)
  RESULTANT WIND SPEED   5   RESULTANT WIND DIRECTION   N (350)
  HIGHEST WIND SPEED    22   HIGHEST WIND DIRECTION     N (350)
  HIGHEST GUST SPEED    27   HIGHEST GUST DIRECTION     N (350)
  AVERAGE WIND SPEED     8.2


SKY COVER
  POSSIBLE SUNSHINE  MM
  AVERAGE SKY COVER 0.2


WEATHER CONDITIONS
 THE FOLLOWING WEATHER WAS RECORDED YESTERDAY.
  NO SIGNIFICANT WEATHER WAS OBSERVED.


RELATIVE HUMIDITY (PERCENT)
 HIGHEST    83           100 AM
 LOWEST     51          1100 AM
 AVERAGE    67

..........................................................


THE MOFFETT FIELD CLIMATE NORMALS FOR TODAY
                         NORMAL    RECORD    YEAR
 MAXIMUM TEMPERATURE (F)   73        87      2000
 MINIMUM TEMPERATURE (F)   54        44      2002


SUNRISE AND SUNSET
MAY 22 2018...........SUNRISE   554 AM PDT   SUNSET   816 PM PDT
MAY 23 2018...........SUNRISE   553 AM PDT   SUNSET   817 PM PDT


-  INDICATES NEGATIVE NUMBERS.
R  INDICATES RECORD WAS SET OR TIED.
MM INDICATES DATA IS MISSING.
T  INDICATES TRACE AMOUNT.




$$
