000
CDUS46 KMTR 230836
CLINUQ


CLIMATE REPORT
NATIONAL WEATHER SERVICE SAN FRANCISCO BAY AREA
1236 AM PST WED JAN 23 2019


...................................

...THE MOFFETT FIELD CLIMATE SUMMARY FOR JANUARY 22 2019...

CLIMATE NORMAL PERIOD 1981 TO 2010
CLIMATE RECORD PERIOD 1945 TO 2019


WEATHER ITEM   OBSERVED TIME   RECORD YEAR NORMAL DEPARTURE LAST
                VALUE   (LST)  VALUE       VALUE  FROM      YEAR
                                                  NORMAL
..................................................................
TEMPERATURE (F)
 YESTERDAY
  MAXIMUM         61    342 PM  74    2014  59      2       58
  MINIMUM         41    713 AM  30    1962  43     -2       49
  AVERAGE         51                        51      0       54

PRECIPITATION (IN)
  YESTERDAY        0.00          0.62 1981   0.07  -0.07     0.05
  MONTH TO DATE    2.42                      2.01   0.41     2.49
  SINCE OCT 1      4.64                      6.85  -2.21     4.44
  SINCE JAN 1      2.42                      2.01   0.41     2.49

DEGREE DAYS
 HEATING
  YESTERDAY       14                                        11
  MONTH TO DATE  261                                       268
  SINCE DEC 1    657                                       706
  SINCE JUL 1    951                                       988

 COOLING
  YESTERDAY        0                                         0
  MONTH TO DATE    0                                         0
  SINCE DEC 1      0                                         0
  SINCE JAN 1      0                                         0
..................................................................


WIND (MPH)
  RESULTANT WIND SPEED   1   RESULTANT WIND DIRECTION  NW (320)
  HIGHEST WIND SPEED     9   HIGHEST WIND DIRECTION     N (350)
  HIGHEST GUST SPEED    11   HIGHEST GUST DIRECTION     N (350)
  AVERAGE WIND SPEED     2.1


SKY COVER
  POSSIBLE SUNSHINE  MM
  AVERAGE SKY COVER 0.0


WEATHER CONDITIONS
 THE FOLLOWING WEATHER WAS RECORDED YESTERDAY.
  NO SIGNIFICANT WEATHER WAS OBSERVED.


RELATIVE HUMIDITY (PERCENT)
 HIGHEST    86          1200 AM
 LOWEST     33           200 PM
 AVERAGE    60

..........................................................


THE MOFFETT FIELD CLIMATE NORMALS FOR TODAY
                         NORMAL    RECORD    YEAR
 MAXIMUM TEMPERATURE (F)   59        76      1948
 MINIMUM TEMPERATURE (F)   43        33      2007


SUNRISE AND SUNSET
JANUARY 23 2019.......SUNRISE   718 AM PST   SUNSET   523 PM PST
JANUARY 24 2019.......SUNRISE   717 AM PST   SUNSET   524 PM PST


-  INDICATES NEGATIVE NUMBERS.
R  INDICATES RECORD WAS SET OR TIED.
MM INDICATES DATA IS MISSING.
T  INDICATES TRACE AMOUNT.




$$
